{"id":13,"date":"2024-05-01T19:21:28","date_gmt":"2024-05-02T00:21:28","guid":{"rendered":"https:\/\/carreras.uleam.edu.ec\/chone-technology-week\/?page_id=13"},"modified":"2024-05-22T17:54:39","modified_gmt":"2024-05-22T22:54:39","slug":"iii-congreso-internacional-tecnologias-de-la-informacion","status":"publish","type":"page","link":"https:\/\/carreras.uleam.edu.ec\/chone-technology-week\/iii-congreso-internacional-tecnologias-de-la-informacion\/","title":{"rendered":"III Congreso Internancional &#8211; Tecnolog\u00edas de la Informaci\u00f3n"},"content":{"rendered":"\n<div class=\"wp-block-group\"><div class=\"wp-block-group__inner-container is-layout-constrained wp-block-group-is-layout-constrained\">\n<div class=\"wp-block-columns is-layout-flex wp-container-core-columns-is-layout-9d6595d7 wp-block-columns-is-layout-flex\">\n<div class=\"wp-block-column is-layout-flow wp-block-column-is-layout-flow\">\n<figure class=\"wp-block-image size-large\"><img loading=\"lazy\" decoding=\"async\" width=\"1024\" height=\"836\" src=\"http:\/\/carreras.uleam.edu.ec\/chone-technology-week\/wp-content\/uploads\/sites\/92\/2024\/05\/congresoooo-1-1024x836.png\" alt=\"\" class=\"wp-image-38\" srcset=\"https:\/\/carreras.uleam.edu.ec\/chone-technology-week\/wp-content\/uploads\/sites\/92\/2024\/05\/congresoooo-1-1024x836.png 1024w, https:\/\/carreras.uleam.edu.ec\/chone-technology-week\/wp-content\/uploads\/sites\/92\/2024\/05\/congresoooo-1-300x245.png 300w, https:\/\/carreras.uleam.edu.ec\/chone-technology-week\/wp-content\/uploads\/sites\/92\/2024\/05\/congresoooo-1-768x627.png 768w, https:\/\/carreras.uleam.edu.ec\/chone-technology-week\/wp-content\/uploads\/sites\/92\/2024\/05\/congresoooo-1-1536x1254.png 1536w, https:\/\/carreras.uleam.edu.ec\/chone-technology-week\/wp-content\/uploads\/sites\/92\/2024\/05\/congresoooo-1-2048x1672.png 2048w\" sizes=\"auto, (max-width: 1024px) 100vw, 1024px\" \/><\/figure>\n<\/div>\n\n\n\n<div class=\"wp-block-column is-layout-flow wp-block-column-is-layout-flow\">\n<p>\u00a1Bienvenidos al III Congreso Internacional de Tecnolog\u00edas de la Informaci\u00f3n (CITI)! Este evento de vanguardia re\u00fane a l\u00edderes, innovadores y expertos de todo el mundo en el fascinante campo de las tecnolog\u00edas de la informaci\u00f3n. Desde inteligencia artificial hasta ciberseguridad, pasando por el Internet de las cosas y la computaci\u00f3n en la nube, el CITI ofrece una plataforma \u00fanica para explorar los avances m\u00e1s recientes, compartir conocimientos y establecer conexiones significativas. \u00danase a nosotros para descubrir las tendencias m\u00e1s candentes, participar en debates estimulantes y colaborar en la creaci\u00f3n del futuro digital.<\/p>\n<\/div>\n<\/div>\n<\/div><\/div>\n\n\n\n<div class=\"wp-block-columns is-layout-flex wp-container-core-columns-is-layout-9d6595d7 wp-block-columns-is-layout-flex\">\n<div class=\"wp-block-column is-vertically-aligned-stretch is-layout-flow wp-block-column-is-layout-flow\" style=\"flex-basis:100%\">\n<div class=\"wp-block-group is-nowrap is-layout-flex wp-container-core-group-is-layout-d653275e wp-block-group-is-layout-flex\">\n<figure class=\"wp-block-table is-style-stripes\"><table><tbody><tr><td><strong>Tem\u00e1ticas<\/strong><\/td><\/tr><tr><td>Gobierno y Gesti\u00f3n en TIC<\/td><\/tr><tr><td>Seguridad Inform\u00e1tica<\/td><\/tr><tr><td>TIC en educaci\u00f3n<\/td><\/tr><tr><td>Emprendimiento en TIC<\/td><\/tr><tr><td>Industria 4.0<\/td><\/tr><tr><td>Inteligencia Artificial<\/td><\/tr><\/tbody><\/table><\/figure>\n\n\n\n<hr class=\"wp-block-separator has-alpha-channel-opacity\" \/>\n\n\n\n<hr class=\"wp-block-separator has-alpha-channel-opacity\" \/>\n\n\n\n<figure class=\"wp-block-table is-style-stripes\"><table><tbody><tr><td><strong>Inversi\u00f3n<\/strong><\/td><td><strong>Precio<\/strong><\/td><\/tr><tr><td>Poncencias Profesionales <br>(M\u00e1ximo 5 personas)<\/td><td><strong>$150<\/strong><\/td><\/tr><tr><td>Poncencias Uleam Postgrado<br>(M\u00e1ximo 5 estudiantes)<\/td><td><strong>$100<\/strong><\/td><\/tr><tr><td>Ponencias Estudiantes Uleam<br>(M\u00e1ximo 5 estudiantes)<\/td><td><strong>$75<\/strong><\/td><\/tr><tr><td>Asistentes docentes Uleam<\/td><td><strong>$25<\/strong><\/td><\/tr><tr><td>Administrativos y Empleados<\/td><td><strong>$15<\/strong><\/td><\/tr><tr><td>Estudiantes Uleam<br>(Otras Carreras)<\/td><td><strong>$10<\/strong><\/td><\/tr><tr><td>Profesionales y otros.<\/td><td><strong>$30<\/strong><\/td><\/tr><\/tbody><\/table><\/figure>\n\n\n\n<div class=\"wp-block-columns is-layout-flex wp-container-core-columns-is-layout-9d6595d7 wp-block-columns-is-layout-flex\">\n<div class=\"wp-block-column is-vertically-aligned-stretch is-layout-flow wp-block-column-is-layout-flow\">\n<figure class=\"wp-block-table is-style-stripes\"><table><tbody><tr><td><strong>Fechas importantes<\/strong><\/td><\/tr><tr><td>21 de Junio &#8211; Presentaci\u00f3n del resumenm para ponencia.<\/td><\/tr><tr><td>28 de Junio &#8211; Notificaci\u00f3n de aceptaci\u00f3n del resumen.<\/td><\/tr><tr><td>5 de Julio &#8211; Presentaci\u00f3n del Art\u00edculo.<\/td><\/tr><tr><td>12 de Julio &#8211; Notificaci\u00f3n de aceptaci\u00f3n de ponencias y art\u00edculos.<\/td><\/tr><\/tbody><\/table><\/figure>\n<\/div>\n<\/div>\n<\/div>\n<\/div>\n<\/div>\n\n\n\n<div class=\"wp-block-buttons is-content-justification-center is-layout-flex wp-container-core-buttons-is-layout-16018d1d wp-block-buttons-is-layout-flex\">\n<div class=\"wp-block-button\"><a class=\"wp-block-button__link wp-element-button\" href=\"https:\/\/forms.gle\/miUPGbH3poLhBr8p6\">Inscr\u00edbete Aqu\u00ed<\/a><\/div>\n<\/div>\n\n\n\n<div style=\"height:100px\" aria-hidden=\"true\" class=\"wp-block-spacer\"><\/div>\n\n\n\n<div class=\"wp-block-group\"><div class=\"wp-block-group__inner-container is-layout-constrained wp-block-group-is-layout-constrained\">\n<div class=\"wp-block-group is-nowrap is-layout-flex wp-container-core-group-is-layout-ad2f72ca wp-block-group-is-layout-flex\">\n<p class=\"has-large-font-size\"><strong><em>Archivos para descargar<\/em><\/strong><\/p>\n<\/div>\n\n\n\n<div class=\"wp-block-file\"><a id=\"wp-block-file--media-966b8d35-ad93-43fe-a139-53a1ca8b6b0e\" href=\"https:\/\/carreras.uleam.edu.ec\/chone-technology-week\/wp-content\/uploads\/sites\/92\/2024\/05\/FORMATO-DE-RESUMEN.docx\">Formato-de-Presentacion-de-Resumen-competencias<\/a><a href=\"https:\/\/carreras.uleam.edu.ec\/chone-technology-week\/wp-content\/uploads\/sites\/92\/2024\/05\/FORMATO-DE-RESUMEN.docx\" class=\"wp-block-file__button wp-element-button\" download aria-describedby=\"wp-block-file--media-966b8d35-ad93-43fe-a139-53a1ca8b6b0e\">Descarga<\/a><\/div>\n\n\n\n<div class=\"wp-block-file\"><a id=\"wp-block-file--media-73fcfd25-e8b7-463f-8d9f-3a5aa3935e77\" href=\"https:\/\/carreras.uleam.edu.ec\/chone-technology-week\/wp-content\/uploads\/sites\/92\/2024\/05\/Normas_articulo_completo.docx\">Normas_articulo_completo___________________________<\/a><a href=\"https:\/\/carreras.uleam.edu.ec\/chone-technology-week\/wp-content\/uploads\/sites\/92\/2024\/05\/Normas_articulo_completo.docx\" class=\"wp-block-file__button wp-element-button\" download aria-describedby=\"wp-block-file--media-73fcfd25-e8b7-463f-8d9f-3a5aa3935e77\">Descarga<\/a><\/div>\n<\/div><\/div>\n\n\n\n<div class=\"wp-block-file\"><a id=\"wp-block-file--media-abcaae6b-be37-4543-9f1b-7fda7dae3bb7\" href=\"https:\/\/carreras.uleam.edu.ec\/chone-technology-week\/wp-content\/uploads\/sites\/92\/2024\/05\/Formato_Presentacion_Ponencias.pptx\">Formato_Presentacion_Ponencias____________________<\/a><a href=\"https:\/\/carreras.uleam.edu.ec\/chone-technology-week\/wp-content\/uploads\/sites\/92\/2024\/05\/Formato_Presentacion_Ponencias.pptx\" class=\"wp-block-file__button wp-element-button\" download aria-describedby=\"wp-block-file--media-abcaae6b-be37-4543-9f1b-7fda7dae3bb7\">Descarga<\/a><\/div>\n","protected":false},"excerpt":{"rendered":"<p>\u00a1Bienvenidos al III Congreso Internacional de Tecnolog\u00edas de la Informaci\u00f3n (CITI)! Este evento de vanguardia re\u00fane a l\u00edderes, innovadores y expertos de todo el mundo en el fascinante campo de las tecnolog\u00edas de la informaci\u00f3n. Desde inteligencia artificial hasta ciberseguridad, [&hellip;]<\/p>\n","protected":false},"author":1022,"featured_media":0,"parent":0,"menu_order":0,"comment_status":"closed","ping_status":"closed","template":"","meta":{"_acf_changed":false,"footnotes":""},"class_list":["post-13","page","type-page","status-publish","hentry"],"acf":[],"_links":{"self":[{"href":"https:\/\/carreras.uleam.edu.ec\/chone-technology-week\/wp-json\/wp\/v2\/pages\/13","targetHints":{"allow":["GET"]}}],"collection":[{"href":"https:\/\/carreras.uleam.edu.ec\/chone-technology-week\/wp-json\/wp\/v2\/pages"}],"about":[{"href":"https:\/\/carreras.uleam.edu.ec\/chone-technology-week\/wp-json\/wp\/v2\/types\/page"}],"author":[{"embeddable":true,"href":"https:\/\/carreras.uleam.edu.ec\/chone-technology-week\/wp-json\/wp\/v2\/users\/1022"}],"replies":[{"embeddable":true,"href":"https:\/\/carreras.uleam.edu.ec\/chone-technology-week\/wp-json\/wp\/v2\/comments?post=13"}],"version-history":[{"count":49,"href":"https:\/\/carreras.uleam.edu.ec\/chone-technology-week\/wp-json\/wp\/v2\/pages\/13\/revisions"}],"predecessor-version":[{"id":254,"href":"https:\/\/carreras.uleam.edu.ec\/chone-technology-week\/wp-json\/wp\/v2\/pages\/13\/revisions\/254"}],"wp:attachment":[{"href":"https:\/\/carreras.uleam.edu.ec\/chone-technology-week\/wp-json\/wp\/v2\/media?parent=13"}],"curies":[{"name":"wp","href":"https:\/\/api.w.org\/{rel}","templated":true}]}}