{"id":174,"date":"2017-06-05T12:52:50","date_gmt":"2017-06-05T12:52:50","guid":{"rendered":"http:\/\/comisionacademicamedicinauleam.com\/?page_id=2"},"modified":"2017-06-05T12:52:50","modified_gmt":"2017-06-05T12:52:50","slug":"sample-page","status":"publish","type":"page","link":"https:\/\/carreras.uleam.edu.ec\/cimedicina\/sample-page\/","title":{"rendered":"Rese\u00f1a Historica"},"content":{"rendered":"<h5 style=\"text-align: justify\"><strong>Rese\u00f1a Hist\u00f3rica<\/strong><\/h5>\n<h6 style=\"text-align: justify\"><strong>Facultad de Ciencias M\u00e9dicas<\/strong><\/h6>\n<p style=\"text-align: justify\">La Facultad de Ciencias M\u00e9dicas se crea frente a la necesidad de formar talento humano en salud, \u00e9ticos, creativos, cualificados y con sentido de pertinencia, por lo que se inicia un proceso de estructuraci\u00f3n de la Escuela de Enfermer\u00eda en el a\u00f1o de 1979, y posteriormente se cre\u00f3 la Escuela de Tecnolog\u00eda M\u00e9dica con 5 especialidades: Laboratorio Cl\u00ednico, Fisioterapia, Terapia Ocupacional, Nutrici\u00f3n y Diet\u00e9tica, Terapia de Lenguaje.<\/p>\n<p style=\"text-align: justify\">El 19 junio de 1986 los Miembros del Honorable Consejo Universitario de la Universidad Laica Eloy Alfaro de Manab\u00ed,resuelven crear la Escuela de Medicina cuyo primer decano fue el Dr. Roddy Mata Moreira<\/p>\n<p style=\"text-align: justify\">Desde esa fecha a la presente se han graduado profesionales en todas las \u00e1reas, en los actuales momentos nuestros ex alumnos desarrollan sus actividades en el Ministerios de Salud P\u00fablica, Instituto Ecuatoriano de Seguridad y cl\u00ednicas privadas muchos de ellos con t\u00edtulo de cuarto nivel o especialidades, como as\u00ed tambi\u00e9n un gran contingente de ex alumnos se desempe\u00f1an en el exterior en pa\u00edses como Espa\u00f1a, Chile, Argentina, Estados Unidos, M\u00e9xico, Colombia y Per\u00fa<\/p>\n<p style=\"text-align: justify\">hoy la facultad cuenta con una estructura moderna con tres cuerpos acad\u00e9micos de aulas, Instituto de Ciencias Morfol\u00f3gicas el cual est\u00e1 equipado con tecnolog\u00eda de punta en el proceso de aprendizaje de las ciencias morfol\u00f3gicas, contamos con laboratorios de pr\u00e1cticas de bioqu\u00edmica, fisiolog\u00eda, microbiolog\u00eda, parasitolog\u00eda, biolog\u00eda molecular, investigaci\u00f3n en biolog\u00eda molecular , laboratorios de simulaci\u00f3n, un auditorio que presta servicio a la comunidad universitaria y a nivel de provincia, contamos con una red de hospitales docentes a nivel nacional donde nuestros estudiantes realizan sus pr\u00e1cticas pre profesionales y profesionales y un edificio administrativo donde laboran las dependencias de Decanato, Coordinaci\u00f3n de Carrera de Medicina, Comisiones Permanentes y Secretaria de Facultad.<\/p>\n","protected":false},"excerpt":{"rendered":"<p>Rese\u00f1a Hist\u00f3rica Facultad de Ciencias M\u00e9dicas La Facultad de Ciencias M\u00e9dicas se crea frente a la necesidad de formar talento humano en salud, \u00e9ticos, creativos, cualificados y con sentido de pertinencia, por lo que se inicia un proceso de estructuraci\u00f3n de la Escuela de Enfermer\u00eda en el a\u00f1o de 1979, y posteriormente se cre\u00f3 la &hellip;<\/p>\n","protected":false},"author":1012,"featured_media":0,"parent":0,"menu_order":0,"comment_status":"closed","ping_status":"open","template":"","meta":{"_acf_changed":false,"footnotes":""},"class_list":["post-174","page","type-page","status-publish",""],"acf":[],"_links":{"self":[{"href":"https:\/\/carreras.uleam.edu.ec\/cimedicina\/wp-json\/wp\/v2\/pages\/174","targetHints":{"allow":["GET"]}}],"collection":[{"href":"https:\/\/carreras.uleam.edu.ec\/cimedicina\/wp-json\/wp\/v2\/pages"}],"about":[{"href":"https:\/\/carreras.uleam.edu.ec\/cimedicina\/wp-json\/wp\/v2\/types\/page"}],"author":[{"embeddable":true,"href":"https:\/\/carreras.uleam.edu.ec\/cimedicina\/wp-json\/wp\/v2\/users\/1012"}],"replies":[{"embeddable":true,"href":"https:\/\/carreras.uleam.edu.ec\/cimedicina\/wp-json\/wp\/v2\/comments?post=174"}],"version-history":[{"count":0,"href":"https:\/\/carreras.uleam.edu.ec\/cimedicina\/wp-json\/wp\/v2\/pages\/174\/revisions"}],"wp:attachment":[{"href":"https:\/\/carreras.uleam.edu.ec\/cimedicina\/wp-json\/wp\/v2\/media?parent=174"}],"curies":[{"name":"wp","href":"https:\/\/api.w.org\/{rel}","templated":true}]}}