{"id":187,"date":"2017-07-21T15:51:12","date_gmt":"2017-07-21T15:51:12","guid":{"rendered":"http:\/\/comisionacademicamedicinauleam.com\/?page_id=187"},"modified":"2017-07-21T15:51:12","modified_gmt":"2017-07-21T15:51:12","slug":"solicitudes","status":"publish","type":"page","link":"https:\/\/carreras.uleam.edu.ec\/cimedicina\/solicitudes\/","title":{"rendered":"FORMATOS"},"content":{"rendered":"<p><a href=\"https:\/\/carreras.uleam.edu.ec\/cimedicina\/wp-content\/uploads\/sites\/63\/2017\/07\/Formato-I-1.pdf\">Formato I<\/a><\/p>\n<p>CAR\u00c1TULA PARA REGISTRO DE PROYECTOS DE INVESTIGACI\u00d3N<\/p>\n<p><a href=\"https:\/\/carreras.uleam.edu.ec\/cimedicina\/wp-content\/uploads\/sites\/63\/2017\/07\/Formato-I-1.pdf\"><u><span style=\"color: #000120\"><img loading=\"lazy\" decoding=\"async\" class=\"alignnone size-full wp-image-260\" src=\"https:\/\/carreras.uleam.edu.ec\/cimedicina\/wp-content\/uploads\/sites\/63\/2017\/07\/ABRIR2-1.jpg\" alt=\"\" width=\"225\" height=\"225\" srcset=\"https:\/\/carreras.uleam.edu.ec\/cimedicina\/wp-content\/uploads\/sites\/63\/2017\/07\/ABRIR2-1.jpg 225w, https:\/\/carreras.uleam.edu.ec\/cimedicina\/wp-content\/uploads\/sites\/63\/2017\/07\/ABRIR2-1-150x150.jpg 150w\" sizes=\"auto, (max-width: 225px) 100vw, 225px\" \/><\/span><\/u><\/a><\/p>\n<p><a href=\"https:\/\/carreras.uleam.edu.ec\/cimedicina\/wp-content\/uploads\/sites\/63\/2017\/07\/Formato-II-1.pdf\">Formato II<\/a><\/p>\n<p>PARTICIPANTES POR LA FACULTAD DE CIENCIAS M\u00c9DICAS y\u00a0 POR OTRAS INSTITUCIONES<\/p>\n<p><a href=\"https:\/\/carreras.uleam.edu.ec\/cimedicina\/wp-content\/uploads\/sites\/63\/2017\/07\/Formato-II-1.pdf\"><img loading=\"lazy\" decoding=\"async\" class=\"alignnone size-full wp-image-263\" src=\"https:\/\/carreras.uleam.edu.ec\/cimedicina\/wp-content\/uploads\/sites\/63\/2017\/07\/ABRIR1-1.jpg\" alt=\"\" width=\"300\" height=\"168\" \/><\/a><\/p>\n<p><a href=\"https:\/\/carreras.uleam.edu.ec\/cimedicina\/wp-content\/uploads\/sites\/63\/2017\/07\/Formato-III-1.pdf\">Formato III<\/a><\/p>\n<p>PROYECTOS DE INVESTIGACI\u00d3N<\/p>\n<p><a href=\"https:\/\/carreras.uleam.edu.ec\/cimedicina\/wp-content\/uploads\/sites\/63\/2017\/07\/Formato-III-1.pdf\"><img loading=\"lazy\" decoding=\"async\" class=\"alignnone size-full wp-image-266\" src=\"https:\/\/carreras.uleam.edu.ec\/cimedicina\/wp-content\/uploads\/sites\/63\/2017\/07\/Abrir4-1.png\" alt=\"\" width=\"225\" height=\"225\" srcset=\"https:\/\/carreras.uleam.edu.ec\/cimedicina\/wp-content\/uploads\/sites\/63\/2017\/07\/Abrir4-1.png 225w, https:\/\/carreras.uleam.edu.ec\/cimedicina\/wp-content\/uploads\/sites\/63\/2017\/07\/Abrir4-1-150x150.png 150w\" sizes=\"auto, (max-width: 225px) 100vw, 225px\" \/><\/a><\/p>\n<p><a href=\"https:\/\/carreras.uleam.edu.ec\/cimedicina\/wp-content\/uploads\/sites\/63\/2017\/07\/Formato-IV-1.pdf\">Formato IV<\/a><\/p>\n<p>CAR\u00c1TULA PARA REGISTRO DE PROYECTOS DE INVESTIGACI\u00d3N QUE YA CUENTAN CON APROBACI\u00d3N DE OTRAS COMISIONES DE INVESTIGACI\u00d3N Y \u00c9TICA EN INVESTIGACI\u00d3N<\/p>\n<p><a href=\"https:\/\/carreras.uleam.edu.ec\/cimedicina\/wp-content\/uploads\/sites\/63\/2017\/07\/Formato-IV-1.pdf\"><img loading=\"lazy\" decoding=\"async\" class=\"alignnone size-full wp-image-268\" src=\"https:\/\/carreras.uleam.edu.ec\/cimedicina\/wp-content\/uploads\/sites\/63\/2017\/07\/Abrir5-1.jpg\" alt=\"\" width=\"225\" height=\"225\" srcset=\"https:\/\/carreras.uleam.edu.ec\/cimedicina\/wp-content\/uploads\/sites\/63\/2017\/07\/Abrir5-1.jpg 225w, https:\/\/carreras.uleam.edu.ec\/cimedicina\/wp-content\/uploads\/sites\/63\/2017\/07\/Abrir5-1-150x150.jpg 150w\" sizes=\"auto, (max-width: 225px) 100vw, 225px\" \/><\/a><\/p>\n","protected":false},"excerpt":{"rendered":"<p>Formato I CAR\u00c1TULA PARA REGISTRO DE PROYECTOS DE INVESTIGACI\u00d3N Formato II PARTICIPANTES POR LA FACULTAD DE CIENCIAS M\u00c9DICAS y\u00a0 POR OTRAS INSTITUCIONES Formato III PROYECTOS DE INVESTIGACI\u00d3N Formato IV CAR\u00c1TULA PARA REGISTRO DE PROYECTOS DE INVESTIGACI\u00d3N QUE YA CUENTAN CON APROBACI\u00d3N DE OTRAS COMISIONES DE INVESTIGACI\u00d3N Y \u00c9TICA EN INVESTIGACI\u00d3N<\/p>\n","protected":false},"author":1012,"featured_media":0,"parent":0,"menu_order":0,"comment_status":"closed","ping_status":"closed","template":"","meta":{"_acf_changed":false,"footnotes":""},"class_list":["post-187","page","type-page","status-publish",""],"acf":[],"_links":{"self":[{"href":"https:\/\/carreras.uleam.edu.ec\/cimedicina\/wp-json\/wp\/v2\/pages\/187","targetHints":{"allow":["GET"]}}],"collection":[{"href":"https:\/\/carreras.uleam.edu.ec\/cimedicina\/wp-json\/wp\/v2\/pages"}],"about":[{"href":"https:\/\/carreras.uleam.edu.ec\/cimedicina\/wp-json\/wp\/v2\/types\/page"}],"author":[{"embeddable":true,"href":"https:\/\/carreras.uleam.edu.ec\/cimedicina\/wp-json\/wp\/v2\/users\/1012"}],"replies":[{"embeddable":true,"href":"https:\/\/carreras.uleam.edu.ec\/cimedicina\/wp-json\/wp\/v2\/comments?post=187"}],"version-history":[{"count":0,"href":"https:\/\/carreras.uleam.edu.ec\/cimedicina\/wp-json\/wp\/v2\/pages\/187\/revisions"}],"wp:attachment":[{"href":"https:\/\/carreras.uleam.edu.ec\/cimedicina\/wp-json\/wp\/v2\/media?parent=187"}],"curies":[{"name":"wp","href":"https:\/\/api.w.org\/{rel}","templated":true}]}}