{"id":534,"date":"2020-04-30T18:55:39","date_gmt":"2020-04-30T23:55:39","guid":{"rendered":"https:\/\/carreras.uleam.edu.ec\/cimedicina\/?page_id=534"},"modified":"2020-04-30T20:31:51","modified_gmt":"2020-05-01T01:31:51","slug":"covid-19","status":"publish","type":"page","link":"https:\/\/carreras.uleam.edu.ec\/cimedicina\/covid-19\/","title":{"rendered":"Covid-19"},"content":{"rendered":"\n<div class=\"wp-block-columns is-layout-flex wp-container-core-columns-is-layout-9d6595d7 wp-block-columns-is-layout-flex\">\n<div class=\"wp-block-column is-layout-flow wp-block-column-is-layout-flow\">\n<p><strong><a href=\"https:\/\/youtu.be\/BYuDMRprkYA\" target=\"_blank\" rel=\"noreferrer noopener\">El contagio comunitario<\/a><\/strong><\/p>\n\n\n\n<div class=\"wp-block-image\"><figure class=\"aligncenter\"><a href=\"https:\/\/youtu.be\/BYuDMRprkYA\"><img loading=\"lazy\" decoding=\"async\" width=\"300\" height=\"100\" src=\"https:\/\/carreras.uleam.edu.ec\/cimedicina\/wp-content\/uploads\/sites\/63\/2020\/03\/Covid19-CC-300x100.png\" alt=\"\" class=\"wp-image-508\" srcset=\"https:\/\/carreras.uleam.edu.ec\/cimedicina\/wp-content\/uploads\/sites\/63\/2020\/03\/Covid19-CC-300x100.png 300w, https:\/\/carreras.uleam.edu.ec\/cimedicina\/wp-content\/uploads\/sites\/63\/2020\/03\/Covid19-CC-768x257.png 768w, https:\/\/carreras.uleam.edu.ec\/cimedicina\/wp-content\/uploads\/sites\/63\/2020\/03\/Covid19-CC-1024x343.png 1024w, https:\/\/carreras.uleam.edu.ec\/cimedicina\/wp-content\/uploads\/sites\/63\/2020\/03\/Covid19-CC.png 1326w\" sizes=\"auto, (max-width: 300px) 100vw, 300px\" \/><\/a><\/figure><\/div>\n\n\n\n<p><a href=\"https:\/\/carreras.uleam.edu.ec\/cimedicina\/wp-content\/uploads\/sites\/63\/2020\/03\/Cuando-voy-a-un-Centro-de-Salud-o-a-un-m%C3%A9dico.pdf\"><strong>Cuando voy a un Centro de Salud o a un m\u00e9dico<\/strong><\/a><\/p>\n\n\n\n<div class=\"wp-block-image\"><figure class=\"aligncenter\"><a href=\"https:\/\/carreras.uleam.edu.ec\/cimedicina\/wp-content\/uploads\/sites\/63\/2020\/03\/Cuando-voy-a-un-Centro-de-Salud-o-a-un-m%C3%A9dico.pdf\"><img loading=\"lazy\" decoding=\"async\" width=\"300\" height=\"100\" src=\"https:\/\/carreras.uleam.edu.ec\/cimedicina\/wp-content\/uploads\/sites\/63\/2020\/03\/Covid19-CS-300x100.png\" alt=\"\" class=\"wp-image-467\" srcset=\"https:\/\/carreras.uleam.edu.ec\/cimedicina\/wp-content\/uploads\/sites\/63\/2020\/03\/Covid19-CS-300x100.png 300w, https:\/\/carreras.uleam.edu.ec\/cimedicina\/wp-content\/uploads\/sites\/63\/2020\/03\/Covid19-CS-768x257.png 768w, https:\/\/carreras.uleam.edu.ec\/cimedicina\/wp-content\/uploads\/sites\/63\/2020\/03\/Covid19-CS-1024x343.png 1024w, https:\/\/carreras.uleam.edu.ec\/cimedicina\/wp-content\/uploads\/sites\/63\/2020\/03\/Covid19-CS.png 1326w\" sizes=\"auto, (max-width: 300px) 100vw, 300px\" \/><\/a><\/figure><\/div>\n\n\n\n<p><a href=\"https:\/\/carreras.uleam.edu.ec\/cimedicina\/wp-content\/uploads\/sites\/63\/2020\/03\/La-cuarentena.pdf\"><strong>La cuarentena<\/strong><\/a><\/p>\n\n\n\n<div class=\"wp-block-image\"><figure class=\"aligncenter\"><a href=\"https:\/\/carreras.uleam.edu.ec\/cimedicina\/wp-content\/uploads\/sites\/63\/2020\/03\/La-cuarentena.pdf\"><img loading=\"lazy\" decoding=\"async\" width=\"300\" height=\"100\" src=\"https:\/\/carreras.uleam.edu.ec\/cimedicina\/wp-content\/uploads\/sites\/63\/2020\/03\/Covid19-cuarentena-1-300x100.png\" alt=\"\" class=\"wp-image-482\" srcset=\"https:\/\/carreras.uleam.edu.ec\/cimedicina\/wp-content\/uploads\/sites\/63\/2020\/03\/Covid19-cuarentena-1-300x100.png 300w, https:\/\/carreras.uleam.edu.ec\/cimedicina\/wp-content\/uploads\/sites\/63\/2020\/03\/Covid19-cuarentena-1-768x257.png 768w, https:\/\/carreras.uleam.edu.ec\/cimedicina\/wp-content\/uploads\/sites\/63\/2020\/03\/Covid19-cuarentena-1-1024x343.png 1024w, https:\/\/carreras.uleam.edu.ec\/cimedicina\/wp-content\/uploads\/sites\/63\/2020\/03\/Covid19-cuarentena-1.png 1326w\" sizes=\"auto, (max-width: 300px) 100vw, 300px\" \/><\/a><\/figure><\/div>\n<\/div>\n\n\n\n<div class=\"wp-block-column is-layout-flow wp-block-column-is-layout-flow\">\n<p><a rel=\"noreferrer noopener\" href=\"https:\/\/carreras.uleam.edu.ec\/cimedicina\/wp-content\/uploads\/sites\/63\/2020\/03\/Sospechas-que-tienes-el-Coronavirus.pdf\" target=\"_blank\"><strong>Sospechas sobre el Covid-19<\/strong><\/a><\/p>\n\n\n\n<div class=\"wp-block-image\"><figure class=\"aligncenter\"><a href=\"https:\/\/carreras.uleam.edu.ec\/cimedicina\/wp-content\/uploads\/sites\/63\/2020\/03\/Sospechas-que-tienes-el-Coronavirus.pdf\"><img loading=\"lazy\" decoding=\"async\" width=\"300\" height=\"105\" src=\"https:\/\/carreras.uleam.edu.ec\/cimedicina\/wp-content\/uploads\/sites\/63\/2020\/03\/Covid-19-Preven-300x105.png\" alt=\"\" class=\"wp-image-464\" srcset=\"https:\/\/carreras.uleam.edu.ec\/cimedicina\/wp-content\/uploads\/sites\/63\/2020\/03\/Covid-19-Preven-300x105.png 300w, https:\/\/carreras.uleam.edu.ec\/cimedicina\/wp-content\/uploads\/sites\/63\/2020\/03\/Covid-19-Preven-768x269.png 768w, https:\/\/carreras.uleam.edu.ec\/cimedicina\/wp-content\/uploads\/sites\/63\/2020\/03\/Covid-19-Preven-1024x359.png 1024w, https:\/\/carreras.uleam.edu.ec\/cimedicina\/wp-content\/uploads\/sites\/63\/2020\/03\/Covid-19-Preven.png 1277w\" sizes=\"auto, (max-width: 300px) 100vw, 300px\" \/><\/a><\/figure><\/div>\n\n\n\n<p><a href=\"https:\/\/carreras.uleam.edu.ec\/cimedicina\/wp-content\/uploads\/sites\/63\/2020\/03\/La-prueba-definitiva-y-m%C3%A1s-segura-es-de-biolog%C3%ADa-molecular-6.pdf\"><strong>La prueba definitiva y m\u00e1s segura es de biolog\u00eda molecular<\/strong><\/a><\/p>\n\n\n\n<div class=\"wp-block-image\"><figure class=\"aligncenter\"><a href=\"https:\/\/carreras.uleam.edu.ec\/cimedicina\/wp-content\/uploads\/sites\/63\/2020\/03\/La-prueba-definitiva-y-m%C3%A1s-segura-es-de-biolog%C3%ADa-molecular-6.pdf\"><img loading=\"lazy\" decoding=\"async\" width=\"300\" height=\"100\" src=\"https:\/\/carreras.uleam.edu.ec\/cimedicina\/wp-content\/uploads\/sites\/63\/2020\/03\/Covid19-Examen-300x100.png\" alt=\"\" class=\"wp-image-468\" srcset=\"https:\/\/carreras.uleam.edu.ec\/cimedicina\/wp-content\/uploads\/sites\/63\/2020\/03\/Covid19-Examen-300x100.png 300w, https:\/\/carreras.uleam.edu.ec\/cimedicina\/wp-content\/uploads\/sites\/63\/2020\/03\/Covid19-Examen-768x257.png 768w, https:\/\/carreras.uleam.edu.ec\/cimedicina\/wp-content\/uploads\/sites\/63\/2020\/03\/Covid19-Examen-1024x343.png 1024w, https:\/\/carreras.uleam.edu.ec\/cimedicina\/wp-content\/uploads\/sites\/63\/2020\/03\/Covid19-Examen.png 1326w\" sizes=\"auto, (max-width: 300px) 100vw, 300px\" \/><\/a><\/figure><\/div>\n<\/div>\n<\/div>\n","protected":false},"excerpt":{"rendered":"<p>El contagio comunitario Cuando voy a un Centro de Salud o a un m\u00e9dico La cuarentena Sospechas sobre el Covid-19 La prueba definitiva y m\u00e1s segura es de biolog\u00eda molecular<\/p>\n","protected":false},"author":1012,"featured_media":0,"parent":0,"menu_order":0,"comment_status":"closed","ping_status":"closed","template":"","meta":{"_acf_changed":false,"footnotes":""},"class_list":["post-534","page","type-page","status-publish",""],"acf":[],"_links":{"self":[{"href":"https:\/\/carreras.uleam.edu.ec\/cimedicina\/wp-json\/wp\/v2\/pages\/534","targetHints":{"allow":["GET"]}}],"collection":[{"href":"https:\/\/carreras.uleam.edu.ec\/cimedicina\/wp-json\/wp\/v2\/pages"}],"about":[{"href":"https:\/\/carreras.uleam.edu.ec\/cimedicina\/wp-json\/wp\/v2\/types\/page"}],"author":[{"embeddable":true,"href":"https:\/\/carreras.uleam.edu.ec\/cimedicina\/wp-json\/wp\/v2\/users\/1012"}],"replies":[{"embeddable":true,"href":"https:\/\/carreras.uleam.edu.ec\/cimedicina\/wp-json\/wp\/v2\/comments?post=534"}],"version-history":[{"count":6,"href":"https:\/\/carreras.uleam.edu.ec\/cimedicina\/wp-json\/wp\/v2\/pages\/534\/revisions"}],"predecessor-version":[{"id":548,"href":"https:\/\/carreras.uleam.edu.ec\/cimedicina\/wp-json\/wp\/v2\/pages\/534\/revisions\/548"}],"wp:attachment":[{"href":"https:\/\/carreras.uleam.edu.ec\/cimedicina\/wp-json\/wp\/v2\/media?parent=534"}],"curies":[{"name":"wp","href":"https:\/\/api.w.org\/{rel}","templated":true}]}}