{"id":1363,"date":"2025-05-14T17:24:58","date_gmt":"2025-05-14T22:24:58","guid":{"rendered":"https:\/\/carreras.uleam.edu.ec\/congreso-internacional-trabajo-social-anuatse\/?page_id=1363"},"modified":"2025-05-14T17:24:59","modified_gmt":"2025-05-14T22:24:59","slug":"beneficios-exclusivos-para-estudiantes","status":"publish","type":"page","link":"https:\/\/carreras.uleam.edu.ec\/congreso-internacional-trabajo-social-anuatse\/beneficios-exclusivos-para-estudiantes\/","title":{"rendered":"BENEFICIOS EXCLUSIVOS PARA ESTUDIANTES"},"content":{"rendered":"\n<ul class=\"wp-block-list\">\n<li>Participaci\u00f3n activa en un Congreso Internacional con aval acad\u00e9mico<\/li>\n\n\n\n<li>Certificado de asistencia (presencial o virtual)<\/li>\n\n\n\n<li>Presentaci\u00f3n de ponencia sin costo y opci\u00f3n de publicaci\u00f3n con ISBN<\/li>\n\n\n\n<li>Enlace con redes acad\u00e9micas y profesionales en Trabajo Social<\/li>\n\n\n\n<li>Fomento del pensamiento cr\u00edtico, liderazgo estudiantil e intercambio acad\u00e9mico<\/li>\n<\/ul>\n","protected":false},"excerpt":{"rendered":"","protected":false},"author":7,"featured_media":0,"parent":0,"menu_order":0,"comment_status":"closed","ping_status":"closed","template":"","meta":{"_acf_changed":false,"footnotes":""},"class_list":["post-1363","page","type-page","status-publish","hentry"],"acf":[],"_links":{"self":[{"href":"https:\/\/carreras.uleam.edu.ec\/congreso-internacional-trabajo-social-anuatse\/wp-json\/wp\/v2\/pages\/1363","targetHints":{"allow":["GET"]}}],"collection":[{"href":"https:\/\/carreras.uleam.edu.ec\/congreso-internacional-trabajo-social-anuatse\/wp-json\/wp\/v2\/pages"}],"about":[{"href":"https:\/\/carreras.uleam.edu.ec\/congreso-internacional-trabajo-social-anuatse\/wp-json\/wp\/v2\/types\/page"}],"author":[{"embeddable":true,"href":"https:\/\/carreras.uleam.edu.ec\/congreso-internacional-trabajo-social-anuatse\/wp-json\/wp\/v2\/users\/7"}],"replies":[{"embeddable":true,"href":"https:\/\/carreras.uleam.edu.ec\/congreso-internacional-trabajo-social-anuatse\/wp-json\/wp\/v2\/comments?post=1363"}],"version-history":[{"count":1,"href":"https:\/\/carreras.uleam.edu.ec\/congreso-internacional-trabajo-social-anuatse\/wp-json\/wp\/v2\/pages\/1363\/revisions"}],"predecessor-version":[{"id":1367,"href":"https:\/\/carreras.uleam.edu.ec\/congreso-internacional-trabajo-social-anuatse\/wp-json\/wp\/v2\/pages\/1363\/revisions\/1367"}],"wp:attachment":[{"href":"https:\/\/carreras.uleam.edu.ec\/congreso-internacional-trabajo-social-anuatse\/wp-json\/wp\/v2\/media?parent=1363"}],"curies":[{"name":"wp","href":"https:\/\/api.w.org\/{rel}","templated":true}]}}