{"id":189,"date":"2025-12-05T00:40:19","date_gmt":"2025-12-04T23:40:19","guid":{"rendered":"https:\/\/carreras.uleam.edu.ec\/exposubastadearte\/?post_type=obra&#038;p=189"},"modified":"2025-12-05T17:49:47","modified_gmt":"2025-12-05T16:49:47","slug":"disfraz-de-temporada","status":"publish","type":"obra","link":"https:\/\/carreras.uleam.edu.ec\/exposubastadearte\/obra\/disfraz-de-temporada\/","title":{"rendered":"Disfraz de temporada"},"content":{"rendered":"\n<p>\u201cMi identidad no es tu disfraz de temporada.\u201d<br>La obra emplea la imagen estereotipada del montubio, tanto en sus rasgos como en su<br>vestimenta, para evidenciar c\u00f3mo esta identidad ha sido reducida a un \u201cdisfraz de temporada\u201d<br>dentro del \u00e1mbito visual contempor\u00e1neo. Al presentar aquello que com\u00fanmente se espera<br>observar, la pieza expone el car\u00e1cter superficial de estas apropiaciones que despojan a la<br>cultura de su significado profundo. La figura se establece as\u00ed como un dispositivo cr\u00edtico que<br>interpela la mirada reduccionista y exige reconocer la dignidad y complejidad reales que el<br>s\u00edmbolo representa.<\/p>\n\n\n\n<figure class=\"wp-block-gallery has-nested-images columns-default is-cropped wp-block-gallery-1 is-layout-flex wp-block-gallery-is-layout-flex\">\n<figure class=\"wp-block-image size-full\"><img loading=\"lazy\" decoding=\"async\" width=\"620\" height=\"1025\" data-id=\"374\" src=\"https:\/\/carreras.uleam.edu.ec\/exposubastadearte\/wp-content\/uploads\/sites\/101\/2025\/12\/imagen_2025-12-05_114905202-e1764953361119.png\" alt=\"\" class=\"wp-image-374\" srcset=\"https:\/\/carreras.uleam.edu.ec\/exposubastadearte\/wp-content\/uploads\/sites\/101\/2025\/12\/imagen_2025-12-05_114905202-e1764953361119.png 620w, https:\/\/carreras.uleam.edu.ec\/exposubastadearte\/wp-content\/uploads\/sites\/101\/2025\/12\/imagen_2025-12-05_114905202-e1764953361119-181x300.png 181w, https:\/\/carreras.uleam.edu.ec\/exposubastadearte\/wp-content\/uploads\/sites\/101\/2025\/12\/imagen_2025-12-05_114905202-e1764953361119-484x800.png 484w\" sizes=\"auto, (max-width: 620px) 100vw, 620px\" \/><\/figure>\n\n\n\n<figure class=\"wp-block-image size-large\"><img loading=\"lazy\" decoding=\"async\" width=\"335\" height=\"455\" data-id=\"280\" src=\"https:\/\/carreras.uleam.edu.ec\/exposubastadearte\/wp-content\/uploads\/sites\/101\/2025\/12\/Captura-de-pantalla-2025-12-04-115812.png\" alt=\"\" class=\"wp-image-280\" srcset=\"https:\/\/carreras.uleam.edu.ec\/exposubastadearte\/wp-content\/uploads\/sites\/101\/2025\/12\/Captura-de-pantalla-2025-12-04-115812.png 335w, https:\/\/carreras.uleam.edu.ec\/exposubastadearte\/wp-content\/uploads\/sites\/101\/2025\/12\/Captura-de-pantalla-2025-12-04-115812-221x300.png 221w\" sizes=\"auto, (max-width: 335px) 100vw, 335px\" \/><\/figure>\n<\/figure>\n","protected":false},"author":1063,"featured_media":374,"comment_status":"open","ping_status":"closed","template":"","meta":{"_acf_changed":true},"class_list":["post-189","obra","type-obra","status-publish","has-post-thumbnail","hentry"],"acf":[],"_links":{"self":[{"href":"https:\/\/carreras.uleam.edu.ec\/exposubastadearte\/wp-json\/wp\/v2\/obra\/189","targetHints":{"allow":["GET"]}}],"collection":[{"href":"https:\/\/carreras.uleam.edu.ec\/exposubastadearte\/wp-json\/wp\/v2\/obra"}],"about":[{"href":"https:\/\/carreras.uleam.edu.ec\/exposubastadearte\/wp-json\/wp\/v2\/types\/obra"}],"author":[{"embeddable":true,"href":"https:\/\/carreras.uleam.edu.ec\/exposubastadearte\/wp-json\/wp\/v2\/users\/1063"}],"replies":[{"embeddable":true,"href":"https:\/\/carreras.uleam.edu.ec\/exposubastadearte\/wp-json\/wp\/v2\/comments?post=189"}],"wp:featuredmedia":[{"embeddable":true,"href":"https:\/\/carreras.uleam.edu.ec\/exposubastadearte\/wp-json\/wp\/v2\/media\/374"}],"wp:attachment":[{"href":"https:\/\/carreras.uleam.edu.ec\/exposubastadearte\/wp-json\/wp\/v2\/media?parent=189"}],"curies":[{"name":"wp","href":"https:\/\/api.w.org\/{rel}","templated":true}]}}

<p>“Mi identidad no es tu disfraz de temporada.”<br>La obra emplea la imagen estereotipada del montubio, tanto en sus rasgos como en su<br>vestimenta, para evidenciar cómo esta identidad ha sido reducida a un “disfraz de temporada”<br>dentro del ámbito visual contemporáneo. Al presentar aquello que comúnmente se espera<br>observar, la pieza expone el carácter superficial de estas apropiaciones que despojan a la<br>cultura de su significado profundo. La figura se establece así como un dispositivo crítico que<br>interpela la mirada reduccionista y exige reconocer la dignidad y complejidad reales que el<br>símbolo representa.</p>



<figure class="wp-block-gallery has-nested-images columns-default is-cropped wp-block-gallery-1 is-layout-flex wp-block-gallery-is-layout-flex">
<figure class="wp-block-image size-full"><img loading="lazy" decoding="async" width="620" height="1025" data-id="374" src="https://carreras.uleam.edu.ec/exposubastadearte/wp-content/uploads/sites/101/2025/12/imagen_2025-12-05_114905202-e1764953361119.png" alt="" class="wp-image-374" srcset="https://carreras.uleam.edu.ec/exposubastadearte/wp-content/uploads/sites/101/2025/12/imagen_2025-12-05_114905202-e1764953361119.png 620w, https://carreras.uleam.edu.ec/exposubastadearte/wp-content/uploads/sites/101/2025/12/imagen_2025-12-05_114905202-e1764953361119-181x300.png 181w, https://carreras.uleam.edu.ec/exposubastadearte/wp-content/uploads/sites/101/2025/12/imagen_2025-12-05_114905202-e1764953361119-484x800.png 484w" sizes="auto, (max-width: 620px) 100vw, 620px" /></figure>



<figure class="wp-block-image size-large"><img loading="lazy" decoding="async" width="335" height="455" data-id="280" src="https://carreras.uleam.edu.ec/exposubastadearte/wp-content/uploads/sites/101/2025/12/Captura-de-pantalla-2025-12-04-115812.png" alt="" class="wp-image-280" srcset="https://carreras.uleam.edu.ec/exposubastadearte/wp-content/uploads/sites/101/2025/12/Captura-de-pantalla-2025-12-04-115812.png 335w, https://carreras.uleam.edu.ec/exposubastadearte/wp-content/uploads/sites/101/2025/12/Captura-de-pantalla-2025-12-04-115812-221x300.png 221w" sizes="auto, (max-width: 335px) 100vw, 335px" /></figure>
</figure>
