{"id":190,"date":"2025-12-05T00:37:29","date_gmt":"2025-12-04T23:37:29","guid":{"rendered":"https:\/\/carreras.uleam.edu.ec\/exposubastadearte\/?post_type=obra&#038;p=190"},"modified":"2025-12-05T17:54:23","modified_gmt":"2025-12-05T16:54:23","slug":"serie-manos-de-gigantes-que-sostienen-la-orilla","status":"publish","type":"obra","link":"https:\/\/carreras.uleam.edu.ec\/exposubastadearte\/obra\/serie-manos-de-gigantes-que-sostienen-la-orilla\/","title":{"rendered":"Serie: Manos de gigantes que sostienen la orilla"},"content":{"rendered":"\n<p>En esta serie, los cuerpos enormes y sin rostro simbolizan a los gigantes trabajadores<br>costeros que sostienen la ciudad sin ser reconocidos.<br>Sus manos desproporcionadas revelan el peso f\u00edsico y emocional de su labor diaria.<br>Son gigantes an\u00f3nimos cuya fuerza sostiene la econom\u00eda y la memoria de la orilla.<\/p>\n\n\n\n<figure class=\"wp-block-gallery has-nested-images columns-default is-cropped wp-block-gallery-1 is-layout-flex wp-block-gallery-is-layout-flex\">\n<figure class=\"wp-block-image size-large\"><img loading=\"lazy\" decoding=\"async\" width=\"431\" height=\"1025\" data-id=\"375\" src=\"https:\/\/carreras.uleam.edu.ec\/exposubastadearte\/wp-content\/uploads\/sites\/101\/2025\/12\/imagen_2025-12-05_115336883-e1764953631320.png\" alt=\"\" class=\"wp-image-375\" srcset=\"https:\/\/carreras.uleam.edu.ec\/exposubastadearte\/wp-content\/uploads\/sites\/101\/2025\/12\/imagen_2025-12-05_115336883-e1764953631320.png 431w, https:\/\/carreras.uleam.edu.ec\/exposubastadearte\/wp-content\/uploads\/sites\/101\/2025\/12\/imagen_2025-12-05_115336883-e1764953631320-126x300.png 126w, https:\/\/carreras.uleam.edu.ec\/exposubastadearte\/wp-content\/uploads\/sites\/101\/2025\/12\/imagen_2025-12-05_115336883-e1764953631320-336x800.png 336w\" sizes=\"auto, (max-width: 431px) 100vw, 431px\" \/><\/figure>\n<\/figure>\n","protected":false},"author":1063,"featured_media":375,"comment_status":"open","ping_status":"closed","template":"","meta":{"_acf_changed":true},"class_list":["post-190","obra","type-obra","status-publish","has-post-thumbnail","hentry"],"acf":[],"_links":{"self":[{"href":"https:\/\/carreras.uleam.edu.ec\/exposubastadearte\/wp-json\/wp\/v2\/obra\/190","targetHints":{"allow":["GET"]}}],"collection":[{"href":"https:\/\/carreras.uleam.edu.ec\/exposubastadearte\/wp-json\/wp\/v2\/obra"}],"about":[{"href":"https:\/\/carreras.uleam.edu.ec\/exposubastadearte\/wp-json\/wp\/v2\/types\/obra"}],"author":[{"embeddable":true,"href":"https:\/\/carreras.uleam.edu.ec\/exposubastadearte\/wp-json\/wp\/v2\/users\/1063"}],"replies":[{"embeddable":true,"href":"https:\/\/carreras.uleam.edu.ec\/exposubastadearte\/wp-json\/wp\/v2\/comments?post=190"}],"wp:featuredmedia":[{"embeddable":true,"href":"https:\/\/carreras.uleam.edu.ec\/exposubastadearte\/wp-json\/wp\/v2\/media\/375"}],"wp:attachment":[{"href":"https:\/\/carreras.uleam.edu.ec\/exposubastadearte\/wp-json\/wp\/v2\/media?parent=190"}],"curies":[{"name":"wp","href":"https:\/\/api.w.org\/{rel}","templated":true}]}}

<p>En esta serie, los cuerpos enormes y sin rostro simbolizan a los gigantes trabajadores<br>costeros que sostienen la ciudad sin ser reconocidos.<br>Sus manos desproporcionadas revelan el peso físico y emocional de su labor diaria.<br>Son gigantes anónimos cuya fuerza sostiene la economía y la memoria de la orilla.</p>



<figure class="wp-block-gallery has-nested-images columns-default is-cropped wp-block-gallery-1 is-layout-flex wp-block-gallery-is-layout-flex">
<figure class="wp-block-image size-large"><img loading="lazy" decoding="async" width="431" height="1025" data-id="375" src="https://carreras.uleam.edu.ec/exposubastadearte/wp-content/uploads/sites/101/2025/12/imagen_2025-12-05_115336883-e1764953631320.png" alt="" class="wp-image-375" srcset="https://carreras.uleam.edu.ec/exposubastadearte/wp-content/uploads/sites/101/2025/12/imagen_2025-12-05_115336883-e1764953631320.png 431w, https://carreras.uleam.edu.ec/exposubastadearte/wp-content/uploads/sites/101/2025/12/imagen_2025-12-05_115336883-e1764953631320-126x300.png 126w, https://carreras.uleam.edu.ec/exposubastadearte/wp-content/uploads/sites/101/2025/12/imagen_2025-12-05_115336883-e1764953631320-336x800.png 336w" sizes="auto, (max-width: 431px) 100vw, 431px" /></figure>
</figure>
