{"id":278,"date":"2025-12-05T00:40:49","date_gmt":"2025-12-04T23:40:49","guid":{"rendered":"https:\/\/carreras.uleam.edu.ec\/exposubastadearte\/?post_type=obra&#038;p=278"},"modified":"2025-12-05T17:42:04","modified_gmt":"2025-12-05T16:42:04","slug":"constelacion-de-orbes","status":"publish","type":"obra","link":"https:\/\/carreras.uleam.edu.ec\/exposubastadearte\/obra\/constelacion-de-orbes\/","title":{"rendered":"Constelaci\u00f3n de orbes"},"content":{"rendered":"\n<p>La obra revela c\u00f3mo los capitales econ\u00f3mico, cultural, social y simb\u00f3lico<br>estructuran nuestras vidas bajo el capitalismo. El trabajo se convierte en<br>engranaje que distribuye privilegios y pobreza; unos acumulan recursos y poder,<br>otros apenas sobreviven en medio del caos. Los habitus nos hacen repetir estas<br>desigualdades. La libertad, entonces, se convierte en un acto delicado, casi<br>clandestino, en medio de un sistema que mide el valor por lo que poseemos y lo<br>que representamos.<\/p>\n\n\n\n<figure class=\"wp-block-gallery has-nested-images columns-default is-cropped wp-block-gallery-1 is-layout-flex wp-block-gallery-is-layout-flex\">\n<figure class=\"wp-block-image size-full\"><img loading=\"lazy\" decoding=\"async\" width=\"820\" height=\"826\" data-id=\"370\" src=\"https:\/\/carreras.uleam.edu.ec\/exposubastadearte\/wp-content\/uploads\/sites\/101\/2025\/12\/imagen_2025-12-05_114139242.png\" alt=\"\" class=\"wp-image-370\" srcset=\"https:\/\/carreras.uleam.edu.ec\/exposubastadearte\/wp-content\/uploads\/sites\/101\/2025\/12\/imagen_2025-12-05_114139242.png 820w, https:\/\/carreras.uleam.edu.ec\/exposubastadearte\/wp-content\/uploads\/sites\/101\/2025\/12\/imagen_2025-12-05_114139242-298x300.png 298w, https:\/\/carreras.uleam.edu.ec\/exposubastadearte\/wp-content\/uploads\/sites\/101\/2025\/12\/imagen_2025-12-05_114139242-150x150.png 150w, https:\/\/carreras.uleam.edu.ec\/exposubastadearte\/wp-content\/uploads\/sites\/101\/2025\/12\/imagen_2025-12-05_114139242-768x774.png 768w, https:\/\/carreras.uleam.edu.ec\/exposubastadearte\/wp-content\/uploads\/sites\/101\/2025\/12\/imagen_2025-12-05_114139242-794x800.png 794w\" sizes=\"auto, (max-width: 820px) 100vw, 820px\" \/><\/figure>\n<\/figure>\n","protected":false},"author":1063,"featured_media":370,"comment_status":"open","ping_status":"closed","template":"","meta":{"_acf_changed":true},"class_list":["post-278","obra","type-obra","status-publish","has-post-thumbnail","hentry"],"acf":[],"_links":{"self":[{"href":"https:\/\/carreras.uleam.edu.ec\/exposubastadearte\/wp-json\/wp\/v2\/obra\/278","targetHints":{"allow":["GET"]}}],"collection":[{"href":"https:\/\/carreras.uleam.edu.ec\/exposubastadearte\/wp-json\/wp\/v2\/obra"}],"about":[{"href":"https:\/\/carreras.uleam.edu.ec\/exposubastadearte\/wp-json\/wp\/v2\/types\/obra"}],"author":[{"embeddable":true,"href":"https:\/\/carreras.uleam.edu.ec\/exposubastadearte\/wp-json\/wp\/v2\/users\/1063"}],"replies":[{"embeddable":true,"href":"https:\/\/carreras.uleam.edu.ec\/exposubastadearte\/wp-json\/wp\/v2\/comments?post=278"}],"wp:featuredmedia":[{"embeddable":true,"href":"https:\/\/carreras.uleam.edu.ec\/exposubastadearte\/wp-json\/wp\/v2\/media\/370"}],"wp:attachment":[{"href":"https:\/\/carreras.uleam.edu.ec\/exposubastadearte\/wp-json\/wp\/v2\/media?parent=278"}],"curies":[{"name":"wp","href":"https:\/\/api.w.org\/{rel}","templated":true}]}}

Constelación de orbes

<p>La obra revela cómo los capitales económico, cultural, social y simbólico<br>estructuran nuestras vidas bajo el capitalismo. El trabajo se convierte en<br>engranaje que distribuye privilegios y pobreza; unos acumulan recursos y poder,<br>otros apenas sobreviven en medio del caos. Los habitus nos hacen repetir estas<br>desigualdades. La libertad, entonces, se convierte en un acto delicado, casi<br>clandestino, en medio de un sistema que mide el valor por lo que poseemos y lo<br>que representamos.</p>



<figure class="wp-block-gallery has-nested-images columns-default is-cropped wp-block-gallery-1 is-layout-flex wp-block-gallery-is-layout-flex">
<figure class="wp-block-image size-full"><img loading="lazy" decoding="async" width="820" height="826" data-id="370" src="https://carreras.uleam.edu.ec/exposubastadearte/wp-content/uploads/sites/101/2025/12/imagen_2025-12-05_114139242.png" alt="" class="wp-image-370" srcset="https://carreras.uleam.edu.ec/exposubastadearte/wp-content/uploads/sites/101/2025/12/imagen_2025-12-05_114139242.png 820w, https://carreras.uleam.edu.ec/exposubastadearte/wp-content/uploads/sites/101/2025/12/imagen_2025-12-05_114139242-298x300.png 298w, https://carreras.uleam.edu.ec/exposubastadearte/wp-content/uploads/sites/101/2025/12/imagen_2025-12-05_114139242-150x150.png 150w, https://carreras.uleam.edu.ec/exposubastadearte/wp-content/uploads/sites/101/2025/12/imagen_2025-12-05_114139242-768x774.png 768w, https://carreras.uleam.edu.ec/exposubastadearte/wp-content/uploads/sites/101/2025/12/imagen_2025-12-05_114139242-794x800.png 794w" sizes="auto, (max-width: 820px) 100vw, 820px" /></figure>
</figure>
