{"id":286,"date":"2025-12-05T00:43:27","date_gmt":"2025-12-04T23:43:27","guid":{"rendered":"https:\/\/carreras.uleam.edu.ec\/exposubastadearte\/?post_type=obra&#038;p=286"},"modified":"2025-12-05T00:43:28","modified_gmt":"2025-12-04T23:43:28","slug":"escondeme","status":"publish","type":"obra","link":"https:\/\/carreras.uleam.edu.ec\/exposubastadearte\/obra\/escondeme\/","title":{"rendered":"Escondeme"},"content":{"rendered":"\n<p>El libro representa los trastornos mentales como monstruos invisibles que, al ser ignoradoso minimizados, generan graves consecuencias personales y colectivas. La indiferencia ylasfrases que trivializan el sufrimiento perpet\u00faan el estigma, invisibilizan la necesidaddeapoyo y favorecen el aislamiento, la cronificaci\u00f3n y el deterioro de la vida del individuo. En el \u00e1mbito social, esta negaci\u00f3n refuerza sistemas que priorizan la productividad sobreel<br>bienestar, marginando a quienes no se ajustan a los par\u00e1metros normativos de la saludmental.<\/p>\n\n\n\n<figure class=\"wp-block-gallery has-nested-images columns-default is-cropped wp-block-gallery-1 is-layout-flex wp-block-gallery-is-layout-flex\">\n<figure class=\"wp-block-image size-large\"><img loading=\"lazy\" decoding=\"async\" width=\"472\" height=\"389\" data-id=\"271\" src=\"https:\/\/carreras.uleam.edu.ec\/exposubastadearte\/wp-content\/uploads\/sites\/101\/2025\/12\/Captura-de-pantalla-2025-12-03-154350.png\" alt=\"\" class=\"wp-image-271\" srcset=\"https:\/\/carreras.uleam.edu.ec\/exposubastadearte\/wp-content\/uploads\/sites\/101\/2025\/12\/Captura-de-pantalla-2025-12-03-154350.png 472w, https:\/\/carreras.uleam.edu.ec\/exposubastadearte\/wp-content\/uploads\/sites\/101\/2025\/12\/Captura-de-pantalla-2025-12-03-154350-300x247.png 300w\" sizes=\"auto, (max-width: 472px) 100vw, 472px\" \/><\/figure>\n\n\n\n<figure class=\"wp-block-image size-large\"><img loading=\"lazy\" decoding=\"async\" width=\"565\" height=\"407\" data-id=\"270\" src=\"https:\/\/carreras.uleam.edu.ec\/exposubastadearte\/wp-content\/uploads\/sites\/101\/2025\/12\/Captura-de-pantalla-2025-12-03-154359.png\" alt=\"\" class=\"wp-image-270\" srcset=\"https:\/\/carreras.uleam.edu.ec\/exposubastadearte\/wp-content\/uploads\/sites\/101\/2025\/12\/Captura-de-pantalla-2025-12-03-154359.png 565w, https:\/\/carreras.uleam.edu.ec\/exposubastadearte\/wp-content\/uploads\/sites\/101\/2025\/12\/Captura-de-pantalla-2025-12-03-154359-300x216.png 300w\" sizes=\"auto, (max-width: 565px) 100vw, 565px\" \/><\/figure>\n\n\n\n<figure class=\"wp-block-image size-large\"><img loading=\"lazy\" decoding=\"async\" width=\"992\" height=\"187\" data-id=\"269\" src=\"https:\/\/carreras.uleam.edu.ec\/exposubastadearte\/wp-content\/uploads\/sites\/101\/2025\/12\/Captura-de-pantalla-2025-12-03-154455.png\" alt=\"\" class=\"wp-image-269\" srcset=\"https:\/\/carreras.uleam.edu.ec\/exposubastadearte\/wp-content\/uploads\/sites\/101\/2025\/12\/Captura-de-pantalla-2025-12-03-154455.png 992w, https:\/\/carreras.uleam.edu.ec\/exposubastadearte\/wp-content\/uploads\/sites\/101\/2025\/12\/Captura-de-pantalla-2025-12-03-154455-300x57.png 300w, https:\/\/carreras.uleam.edu.ec\/exposubastadearte\/wp-content\/uploads\/sites\/101\/2025\/12\/Captura-de-pantalla-2025-12-03-154455-768x145.png 768w, https:\/\/carreras.uleam.edu.ec\/exposubastadearte\/wp-content\/uploads\/sites\/101\/2025\/12\/Captura-de-pantalla-2025-12-03-154455-800x151.png 800w\" sizes=\"auto, (max-width: 992px) 100vw, 992px\" \/><\/figure>\n\n\n\n<figure class=\"wp-block-image size-large\"><img loading=\"lazy\" decoding=\"async\" width=\"994\" height=\"399\" data-id=\"268\" src=\"https:\/\/carreras.uleam.edu.ec\/exposubastadearte\/wp-content\/uploads\/sites\/101\/2025\/12\/Captura-de-pantalla-2025-12-03-154509.png\" alt=\"\" class=\"wp-image-268\" srcset=\"https:\/\/carreras.uleam.edu.ec\/exposubastadearte\/wp-content\/uploads\/sites\/101\/2025\/12\/Captura-de-pantalla-2025-12-03-154509.png 994w, https:\/\/carreras.uleam.edu.ec\/exposubastadearte\/wp-content\/uploads\/sites\/101\/2025\/12\/Captura-de-pantalla-2025-12-03-154509-300x120.png 300w, https:\/\/carreras.uleam.edu.ec\/exposubastadearte\/wp-content\/uploads\/sites\/101\/2025\/12\/Captura-de-pantalla-2025-12-03-154509-768x308.png 768w, https:\/\/carreras.uleam.edu.ec\/exposubastadearte\/wp-content\/uploads\/sites\/101\/2025\/12\/Captura-de-pantalla-2025-12-03-154509-800x321.png 800w\" sizes=\"auto, (max-width: 994px) 100vw, 994px\" \/><\/figure>\n<\/figure>\n","protected":false},"author":1063,"featured_media":271,"comment_status":"open","ping_status":"closed","template":"","meta":{"_acf_changed":true},"class_list":["post-286","obra","type-obra","status-publish","has-post-thumbnail","hentry"],"acf":[],"_links":{"self":[{"href":"https:\/\/carreras.uleam.edu.ec\/exposubastadearte\/wp-json\/wp\/v2\/obra\/286","targetHints":{"allow":["GET"]}}],"collection":[{"href":"https:\/\/carreras.uleam.edu.ec\/exposubastadearte\/wp-json\/wp\/v2\/obra"}],"about":[{"href":"https:\/\/carreras.uleam.edu.ec\/exposubastadearte\/wp-json\/wp\/v2\/types\/obra"}],"author":[{"embeddable":true,"href":"https:\/\/carreras.uleam.edu.ec\/exposubastadearte\/wp-json\/wp\/v2\/users\/1063"}],"replies":[{"embeddable":true,"href":"https:\/\/carreras.uleam.edu.ec\/exposubastadearte\/wp-json\/wp\/v2\/comments?post=286"}],"wp:featuredmedia":[{"embeddable":true,"href":"https:\/\/carreras.uleam.edu.ec\/exposubastadearte\/wp-json\/wp\/v2\/media\/271"}],"wp:attachment":[{"href":"https:\/\/carreras.uleam.edu.ec\/exposubastadearte\/wp-json\/wp\/v2\/media?parent=286"}],"curies":[{"name":"wp","href":"https:\/\/api.w.org\/{rel}","templated":true}]}}

<p>El libro representa los trastornos mentales como monstruos invisibles que, al ser ignoradoso minimizados, generan graves consecuencias personales y colectivas. La indiferencia ylasfrases que trivializan el sufrimiento perpetúan el estigma, invisibilizan la necesidaddeapoyo y favorecen el aislamiento, la cronificación y el deterioro de la vida del individuo. En el ámbito social, esta negación refuerza sistemas que priorizan la productividad sobreel<br>bienestar, marginando a quienes no se ajustan a los parámetros normativos de la saludmental.</p>



<figure class="wp-block-gallery has-nested-images columns-default is-cropped wp-block-gallery-1 is-layout-flex wp-block-gallery-is-layout-flex">
<figure class="wp-block-image size-large"><img loading="lazy" decoding="async" width="472" height="389" data-id="271" src="https://carreras.uleam.edu.ec/exposubastadearte/wp-content/uploads/sites/101/2025/12/Captura-de-pantalla-2025-12-03-154350.png" alt="" class="wp-image-271" srcset="https://carreras.uleam.edu.ec/exposubastadearte/wp-content/uploads/sites/101/2025/12/Captura-de-pantalla-2025-12-03-154350.png 472w, https://carreras.uleam.edu.ec/exposubastadearte/wp-content/uploads/sites/101/2025/12/Captura-de-pantalla-2025-12-03-154350-300x247.png 300w" sizes="auto, (max-width: 472px) 100vw, 472px" /></figure>



<figure class="wp-block-image size-large"><img loading="lazy" decoding="async" width="565" height="407" data-id="270" src="https://carreras.uleam.edu.ec/exposubastadearte/wp-content/uploads/sites/101/2025/12/Captura-de-pantalla-2025-12-03-154359.png" alt="" class="wp-image-270" srcset="https://carreras.uleam.edu.ec/exposubastadearte/wp-content/uploads/sites/101/2025/12/Captura-de-pantalla-2025-12-03-154359.png 565w, https://carreras.uleam.edu.ec/exposubastadearte/wp-content/uploads/sites/101/2025/12/Captura-de-pantalla-2025-12-03-154359-300x216.png 300w" sizes="auto, (max-width: 565px) 100vw, 565px" /></figure>



<figure class="wp-block-image size-large"><img loading="lazy" decoding="async" width="992" height="187" data-id="269" src="https://carreras.uleam.edu.ec/exposubastadearte/wp-content/uploads/sites/101/2025/12/Captura-de-pantalla-2025-12-03-154455.png" alt="" class="wp-image-269" srcset="https://carreras.uleam.edu.ec/exposubastadearte/wp-content/uploads/sites/101/2025/12/Captura-de-pantalla-2025-12-03-154455.png 992w, https://carreras.uleam.edu.ec/exposubastadearte/wp-content/uploads/sites/101/2025/12/Captura-de-pantalla-2025-12-03-154455-300x57.png 300w, https://carreras.uleam.edu.ec/exposubastadearte/wp-content/uploads/sites/101/2025/12/Captura-de-pantalla-2025-12-03-154455-768x145.png 768w, https://carreras.uleam.edu.ec/exposubastadearte/wp-content/uploads/sites/101/2025/12/Captura-de-pantalla-2025-12-03-154455-800x151.png 800w" sizes="auto, (max-width: 992px) 100vw, 992px" /></figure>



<figure class="wp-block-image size-large"><img loading="lazy" decoding="async" width="994" height="399" data-id="268" src="https://carreras.uleam.edu.ec/exposubastadearte/wp-content/uploads/sites/101/2025/12/Captura-de-pantalla-2025-12-03-154509.png" alt="" class="wp-image-268" srcset="https://carreras.uleam.edu.ec/exposubastadearte/wp-content/uploads/sites/101/2025/12/Captura-de-pantalla-2025-12-03-154509.png 994w, https://carreras.uleam.edu.ec/exposubastadearte/wp-content/uploads/sites/101/2025/12/Captura-de-pantalla-2025-12-03-154509-300x120.png 300w, https://carreras.uleam.edu.ec/exposubastadearte/wp-content/uploads/sites/101/2025/12/Captura-de-pantalla-2025-12-03-154509-768x308.png 768w, https://carreras.uleam.edu.ec/exposubastadearte/wp-content/uploads/sites/101/2025/12/Captura-de-pantalla-2025-12-03-154509-800x321.png 800w" sizes="auto, (max-width: 994px) 100vw, 994px" /></figure>
</figure>
