{"id":287,"date":"2025-12-05T00:44:42","date_gmt":"2025-12-04T23:44:42","guid":{"rendered":"https:\/\/carreras.uleam.edu.ec\/exposubastadearte\/?post_type=obra&#038;p=287"},"modified":"2025-12-05T17:23:45","modified_gmt":"2025-12-05T16:23:45","slug":"la-ultima-palabra","status":"publish","type":"obra","link":"https:\/\/carreras.uleam.edu.ec\/exposubastadearte\/obra\/la-ultima-palabra\/","title":{"rendered":"La \u00faltima palabra"},"content":{"rendered":"\n<p>Esta obra representa la libertad emocional frente a las presiones externas y las<br>expectativas sociales. Las dos aves junto a la jaula simbolizan la decisi\u00f3n personal de no<br>permitir que las limitaciones impuestas por otros definan nuestro vuelo. Mientras el mundo<br>intenta encerrar, etiquetar o frenar, el esp\u00edritu mantiene su vitalidad, su color y su impulso<br>propio. Las flores que brotan alrededor no son un adorno, sino la evidencia de que, cuando<br>uno elige mantenerse fiel a s\u00ed mismo, la vida florece incluso en medio de estructuras que<br>podr\u00edan parecer limitantes. As\u00ed, la obra celebra la capacidad de seguir siendo uno mismo,<br>de volar con autenticidad y de cultivar belleza interior sin dejar que el ruido ajeno determine<br>el destino de nuestras alas<\/p>\n\n\n\n<figure class=\"wp-block-gallery has-nested-images columns-default is-cropped wp-block-gallery-1 is-layout-flex wp-block-gallery-is-layout-flex\">\n<figure class=\"wp-block-image size-full\"><img loading=\"lazy\" decoding=\"async\" width=\"582\" height=\"825\" data-id=\"362\" src=\"https:\/\/carreras.uleam.edu.ec\/exposubastadearte\/wp-content\/uploads\/sites\/101\/2025\/12\/imagen_2025-12-05_112326856.png\" alt=\"\" class=\"wp-image-362\" srcset=\"https:\/\/carreras.uleam.edu.ec\/exposubastadearte\/wp-content\/uploads\/sites\/101\/2025\/12\/imagen_2025-12-05_112326856.png 582w, https:\/\/carreras.uleam.edu.ec\/exposubastadearte\/wp-content\/uploads\/sites\/101\/2025\/12\/imagen_2025-12-05_112326856-212x300.png 212w, https:\/\/carreras.uleam.edu.ec\/exposubastadearte\/wp-content\/uploads\/sites\/101\/2025\/12\/imagen_2025-12-05_112326856-564x800.png 564w\" sizes=\"auto, (max-width: 582px) 100vw, 582px\" \/><\/figure>\n<\/figure>\n","protected":false},"author":1063,"featured_media":362,"comment_status":"open","ping_status":"closed","template":"","meta":{"_acf_changed":true},"class_list":["post-287","obra","type-obra","status-publish","has-post-thumbnail","hentry"],"acf":[],"_links":{"self":[{"href":"https:\/\/carreras.uleam.edu.ec\/exposubastadearte\/wp-json\/wp\/v2\/obra\/287","targetHints":{"allow":["GET"]}}],"collection":[{"href":"https:\/\/carreras.uleam.edu.ec\/exposubastadearte\/wp-json\/wp\/v2\/obra"}],"about":[{"href":"https:\/\/carreras.uleam.edu.ec\/exposubastadearte\/wp-json\/wp\/v2\/types\/obra"}],"author":[{"embeddable":true,"href":"https:\/\/carreras.uleam.edu.ec\/exposubastadearte\/wp-json\/wp\/v2\/users\/1063"}],"replies":[{"embeddable":true,"href":"https:\/\/carreras.uleam.edu.ec\/exposubastadearte\/wp-json\/wp\/v2\/comments?post=287"}],"wp:featuredmedia":[{"embeddable":true,"href":"https:\/\/carreras.uleam.edu.ec\/exposubastadearte\/wp-json\/wp\/v2\/media\/362"}],"wp:attachment":[{"href":"https:\/\/carreras.uleam.edu.ec\/exposubastadearte\/wp-json\/wp\/v2\/media?parent=287"}],"curies":[{"name":"wp","href":"https:\/\/api.w.org\/{rel}","templated":true}]}}

La última palabra

<p>Esta obra representa la libertad emocional frente a las presiones externas y las<br>expectativas sociales. Las dos aves junto a la jaula simbolizan la decisión personal de no<br>permitir que las limitaciones impuestas por otros definan nuestro vuelo. Mientras el mundo<br>intenta encerrar, etiquetar o frenar, el espíritu mantiene su vitalidad, su color y su impulso<br>propio. Las flores que brotan alrededor no son un adorno, sino la evidencia de que, cuando<br>uno elige mantenerse fiel a sí mismo, la vida florece incluso en medio de estructuras que<br>podrían parecer limitantes. Así, la obra celebra la capacidad de seguir siendo uno mismo,<br>de volar con autenticidad y de cultivar belleza interior sin dejar que el ruido ajeno determine<br>el destino de nuestras alas</p>



<figure class="wp-block-gallery has-nested-images columns-default is-cropped wp-block-gallery-1 is-layout-flex wp-block-gallery-is-layout-flex">
<figure class="wp-block-image size-full"><img loading="lazy" decoding="async" width="582" height="825" data-id="362" src="https://carreras.uleam.edu.ec/exposubastadearte/wp-content/uploads/sites/101/2025/12/imagen_2025-12-05_112326856.png" alt="" class="wp-image-362" srcset="https://carreras.uleam.edu.ec/exposubastadearte/wp-content/uploads/sites/101/2025/12/imagen_2025-12-05_112326856.png 582w, https://carreras.uleam.edu.ec/exposubastadearte/wp-content/uploads/sites/101/2025/12/imagen_2025-12-05_112326856-212x300.png 212w, https://carreras.uleam.edu.ec/exposubastadearte/wp-content/uploads/sites/101/2025/12/imagen_2025-12-05_112326856-564x800.png 564w" sizes="auto, (max-width: 582px) 100vw, 582px" /></figure>
</figure>
