{"id":289,"date":"2025-12-05T00:48:11","date_gmt":"2025-12-04T23:48:11","guid":{"rendered":"https:\/\/carreras.uleam.edu.ec\/exposubastadearte\/?post_type=obra&#038;p=289"},"modified":"2025-12-05T18:09:28","modified_gmt":"2025-12-05T17:09:28","slug":"de-mis-ojos-nace-mi-tristeza-como-no-pueden-verla","status":"publish","type":"obra","link":"https:\/\/carreras.uleam.edu.ec\/exposubastadearte\/obra\/de-mis-ojos-nace-mi-tristeza-como-no-pueden-verla\/","title":{"rendered":"\u2018\u2018De mis ojos nace mi tristeza, \u00bfc\u00f3mo no pueden verla?\u2019"},"content":{"rendered":"\n<p>Mi tristeza,<br>esa que nunca has visto,<br>late como un animal herido<br>esperando que, por primera vez, t\u00fa<br>no apartes la mirada.<br>Mis l\u00e1grimas no son transparentes,<br>son rojo vivo, un mapa de dolor<br>extendido en el suelo,<br>testigo de lo que fue m\u00edo<br>y de lo que perd\u00ed en silencio.<br>Si pudieras ver mi suf rimiento,<br>si mi herida tomara cuerpo<br>ante ti,<br>s\u00e9 que no podr\u00edas ignorarla.<br>Convierto mi dolor en<br>presencia,<br>tomo espacio de tu silencio, y<br>te dejo mi dolor ardiendo,<br>por si decides mirarlo conmigo.<\/p>\n\n\n\n<figure class=\"wp-block-gallery has-nested-images columns-default is-cropped wp-block-gallery-1 is-layout-flex wp-block-gallery-is-layout-flex\">\n<figure class=\"wp-block-image size-full\"><img loading=\"lazy\" decoding=\"async\" width=\"561\" height=\"826\" data-id=\"377\" src=\"https:\/\/carreras.uleam.edu.ec\/exposubastadearte\/wp-content\/uploads\/sites\/101\/2025\/12\/imagen_2025-12-05_120908019.png\" alt=\"\" class=\"wp-image-377\" srcset=\"https:\/\/carreras.uleam.edu.ec\/exposubastadearte\/wp-content\/uploads\/sites\/101\/2025\/12\/imagen_2025-12-05_120908019.png 561w, https:\/\/carreras.uleam.edu.ec\/exposubastadearte\/wp-content\/uploads\/sites\/101\/2025\/12\/imagen_2025-12-05_120908019-204x300.png 204w, https:\/\/carreras.uleam.edu.ec\/exposubastadearte\/wp-content\/uploads\/sites\/101\/2025\/12\/imagen_2025-12-05_120908019-543x800.png 543w\" sizes=\"auto, (max-width: 561px) 100vw, 561px\" \/><\/figure>\n\n\n\n<figure class=\"wp-block-image size-large\"><img loading=\"lazy\" decoding=\"async\" width=\"369\" height=\"249\" data-id=\"284\" src=\"https:\/\/carreras.uleam.edu.ec\/exposubastadearte\/wp-content\/uploads\/sites\/101\/2025\/12\/Captura-de-pantalla-2025-12-04-114954.png\" alt=\"\" class=\"wp-image-284\" srcset=\"https:\/\/carreras.uleam.edu.ec\/exposubastadearte\/wp-content\/uploads\/sites\/101\/2025\/12\/Captura-de-pantalla-2025-12-04-114954.png 369w, https:\/\/carreras.uleam.edu.ec\/exposubastadearte\/wp-content\/uploads\/sites\/101\/2025\/12\/Captura-de-pantalla-2025-12-04-114954-300x202.png 300w\" sizes=\"auto, (max-width: 369px) 100vw, 369px\" \/><\/figure>\n\n\n\n<figure class=\"wp-block-image size-large\"><img loading=\"lazy\" decoding=\"async\" width=\"370\" height=\"246\" data-id=\"191\" src=\"https:\/\/carreras.uleam.edu.ec\/exposubastadearte\/wp-content\/uploads\/sites\/101\/2025\/12\/Captura-de-pantalla-2025-12-04-114940.png\" alt=\"\" class=\"wp-image-191\" srcset=\"https:\/\/carreras.uleam.edu.ec\/exposubastadearte\/wp-content\/uploads\/sites\/101\/2025\/12\/Captura-de-pantalla-2025-12-04-114940.png 370w, https:\/\/carreras.uleam.edu.ec\/exposubastadearte\/wp-content\/uploads\/sites\/101\/2025\/12\/Captura-de-pantalla-2025-12-04-114940-300x199.png 300w\" sizes=\"auto, (max-width: 370px) 100vw, 370px\" \/><\/figure>\n<\/figure>\n","protected":false},"author":1063,"featured_media":377,"comment_status":"open","ping_status":"closed","template":"","meta":{"_acf_changed":true},"class_list":["post-289","obra","type-obra","status-publish","has-post-thumbnail","hentry"],"acf":[],"_links":{"self":[{"href":"https:\/\/carreras.uleam.edu.ec\/exposubastadearte\/wp-json\/wp\/v2\/obra\/289","targetHints":{"allow":["GET"]}}],"collection":[{"href":"https:\/\/carreras.uleam.edu.ec\/exposubastadearte\/wp-json\/wp\/v2\/obra"}],"about":[{"href":"https:\/\/carreras.uleam.edu.ec\/exposubastadearte\/wp-json\/wp\/v2\/types\/obra"}],"author":[{"embeddable":true,"href":"https:\/\/carreras.uleam.edu.ec\/exposubastadearte\/wp-json\/wp\/v2\/users\/1063"}],"replies":[{"embeddable":true,"href":"https:\/\/carreras.uleam.edu.ec\/exposubastadearte\/wp-json\/wp\/v2\/comments?post=289"}],"wp:featuredmedia":[{"embeddable":true,"href":"https:\/\/carreras.uleam.edu.ec\/exposubastadearte\/wp-json\/wp\/v2\/media\/377"}],"wp:attachment":[{"href":"https:\/\/carreras.uleam.edu.ec\/exposubastadearte\/wp-json\/wp\/v2\/media?parent=289"}],"curies":[{"name":"wp","href":"https:\/\/api.w.org\/{rel}","templated":true}]}}

‘‘De mis ojos nace mi tristeza, ¿cómo no pueden verla?’

<p>Mi tristeza,<br>esa que nunca has visto,<br>late como un animal herido<br>esperando que, por primera vez, tú<br>no apartes la mirada.<br>Mis lágrimas no son transparentes,<br>son rojo vivo, un mapa de dolor<br>extendido en el suelo,<br>testigo de lo que fue mío<br>y de lo que perdí en silencio.<br>Si pudieras ver mi suf rimiento,<br>si mi herida tomara cuerpo<br>ante ti,<br>sé que no podrías ignorarla.<br>Convierto mi dolor en<br>presencia,<br>tomo espacio de tu silencio, y<br>te dejo mi dolor ardiendo,<br>por si decides mirarlo conmigo.</p>



<figure class="wp-block-gallery has-nested-images columns-default is-cropped wp-block-gallery-1 is-layout-flex wp-block-gallery-is-layout-flex">
<figure class="wp-block-image size-full"><img loading="lazy" decoding="async" width="561" height="826" data-id="377" src="https://carreras.uleam.edu.ec/exposubastadearte/wp-content/uploads/sites/101/2025/12/imagen_2025-12-05_120908019.png" alt="" class="wp-image-377" srcset="https://carreras.uleam.edu.ec/exposubastadearte/wp-content/uploads/sites/101/2025/12/imagen_2025-12-05_120908019.png 561w, https://carreras.uleam.edu.ec/exposubastadearte/wp-content/uploads/sites/101/2025/12/imagen_2025-12-05_120908019-204x300.png 204w, https://carreras.uleam.edu.ec/exposubastadearte/wp-content/uploads/sites/101/2025/12/imagen_2025-12-05_120908019-543x800.png 543w" sizes="auto, (max-width: 561px) 100vw, 561px" /></figure>



<figure class="wp-block-image size-large"><img loading="lazy" decoding="async" width="369" height="249" data-id="284" src="https://carreras.uleam.edu.ec/exposubastadearte/wp-content/uploads/sites/101/2025/12/Captura-de-pantalla-2025-12-04-114954.png" alt="" class="wp-image-284" srcset="https://carreras.uleam.edu.ec/exposubastadearte/wp-content/uploads/sites/101/2025/12/Captura-de-pantalla-2025-12-04-114954.png 369w, https://carreras.uleam.edu.ec/exposubastadearte/wp-content/uploads/sites/101/2025/12/Captura-de-pantalla-2025-12-04-114954-300x202.png 300w" sizes="auto, (max-width: 369px) 100vw, 369px" /></figure>



<figure class="wp-block-image size-large"><img loading="lazy" decoding="async" width="370" height="246" data-id="191" src="https://carreras.uleam.edu.ec/exposubastadearte/wp-content/uploads/sites/101/2025/12/Captura-de-pantalla-2025-12-04-114940.png" alt="" class="wp-image-191" srcset="https://carreras.uleam.edu.ec/exposubastadearte/wp-content/uploads/sites/101/2025/12/Captura-de-pantalla-2025-12-04-114940.png 370w, https://carreras.uleam.edu.ec/exposubastadearte/wp-content/uploads/sites/101/2025/12/Captura-de-pantalla-2025-12-04-114940-300x199.png 300w" sizes="auto, (max-width: 370px) 100vw, 370px" /></figure>
</figure>
