{"id":292,"date":"2025-12-05T00:52:11","date_gmt":"2025-12-04T23:52:11","guid":{"rendered":"https:\/\/carreras.uleam.edu.ec\/exposubastadearte\/?post_type=obra&#038;p=292"},"modified":"2025-12-05T01:43:33","modified_gmt":"2025-12-05T00:43:33","slug":"siempre-los-querre-aunque-ustedes-no-me-quieran","status":"publish","type":"obra","link":"https:\/\/carreras.uleam.edu.ec\/exposubastadearte\/obra\/siempre-los-querre-aunque-ustedes-no-me-quieran\/","title":{"rendered":"Siempre los querr\u00e9, aunque ustedes no me quieran"},"content":{"rendered":"\n<p>Retratar desde la emoci\u00f3n o sentimiento, vivencias y experiencias. La exclusi\u00f3n por ser<br>diferente deja marcas que desembocan en heridas que arden a trav\u00e9s de los a\u00f1os. Esta<br>es una ilustraci\u00f3n de mi serie \u201cBornout\u201d Narrando la historia de Phil. \u00c9l sabe que los<br>aprecia, los ama, pero no entiende como ya nada es como antes. Todos se volvieron<br>extra\u00f1os. El solo desea escuchar y ser escuchado, pero, tan solo el pedirlo le duele. El<br>observa al techo y solo comienza a hacer introspecci\u00f3n, sus pensamientos son<br>gasolina, su cuerpo est\u00e1 en combusti\u00f3n, su cabeza ya no est\u00e1 aqu\u00ed.<br>Su coraz\u00f3n decide que no es merecedor ni del respeto m\u00ednimo.<\/p>\n\n\n\n<figure class=\"wp-block-gallery has-nested-images columns-default is-cropped wp-block-gallery-1 is-layout-flex wp-block-gallery-is-layout-flex\">\n<figure class=\"wp-block-image size-large\"><img loading=\"lazy\" decoding=\"async\" width=\"495\" height=\"374\" data-id=\"243\" src=\"https:\/\/carreras.uleam.edu.ec\/exposubastadearte\/wp-content\/uploads\/sites\/101\/2025\/12\/Captura-de-pantalla-2025-12-03-174223.png\" alt=\"\" class=\"wp-image-243\" srcset=\"https:\/\/carreras.uleam.edu.ec\/exposubastadearte\/wp-content\/uploads\/sites\/101\/2025\/12\/Captura-de-pantalla-2025-12-03-174223.png 495w, https:\/\/carreras.uleam.edu.ec\/exposubastadearte\/wp-content\/uploads\/sites\/101\/2025\/12\/Captura-de-pantalla-2025-12-03-174223-300x227.png 300w\" sizes=\"auto, (max-width: 495px) 100vw, 495px\" \/><\/figure>\n\n\n\n<figure class=\"wp-block-image size-large\"><img loading=\"lazy\" decoding=\"async\" width=\"426\" height=\"349\" data-id=\"242\" src=\"https:\/\/carreras.uleam.edu.ec\/exposubastadearte\/wp-content\/uploads\/sites\/101\/2025\/12\/Captura-de-pantalla-2025-12-03-174230.png\" alt=\"\" class=\"wp-image-242\" srcset=\"https:\/\/carreras.uleam.edu.ec\/exposubastadearte\/wp-content\/uploads\/sites\/101\/2025\/12\/Captura-de-pantalla-2025-12-03-174230.png 426w, https:\/\/carreras.uleam.edu.ec\/exposubastadearte\/wp-content\/uploads\/sites\/101\/2025\/12\/Captura-de-pantalla-2025-12-03-174230-300x246.png 300w\" sizes=\"auto, (max-width: 426px) 100vw, 426px\" \/><\/figure>\n\n\n\n<figure class=\"wp-block-image size-large\"><img loading=\"lazy\" decoding=\"async\" width=\"495\" height=\"280\" data-id=\"241\" src=\"https:\/\/carreras.uleam.edu.ec\/exposubastadearte\/wp-content\/uploads\/sites\/101\/2025\/12\/Captura-de-pantalla-2025-12-03-174238.png\" alt=\"\" class=\"wp-image-241\" srcset=\"https:\/\/carreras.uleam.edu.ec\/exposubastadearte\/wp-content\/uploads\/sites\/101\/2025\/12\/Captura-de-pantalla-2025-12-03-174238.png 495w, https:\/\/carreras.uleam.edu.ec\/exposubastadearte\/wp-content\/uploads\/sites\/101\/2025\/12\/Captura-de-pantalla-2025-12-03-174238-300x170.png 300w\" sizes=\"auto, (max-width: 495px) 100vw, 495px\" \/><\/figure>\n<\/figure>\n","protected":false},"author":1063,"featured_media":242,"comment_status":"open","ping_status":"closed","template":"","meta":{"_acf_changed":true},"class_list":["post-292","obra","type-obra","status-publish","has-post-thumbnail","hentry"],"acf":[],"_links":{"self":[{"href":"https:\/\/carreras.uleam.edu.ec\/exposubastadearte\/wp-json\/wp\/v2\/obra\/292","targetHints":{"allow":["GET"]}}],"collection":[{"href":"https:\/\/carreras.uleam.edu.ec\/exposubastadearte\/wp-json\/wp\/v2\/obra"}],"about":[{"href":"https:\/\/carreras.uleam.edu.ec\/exposubastadearte\/wp-json\/wp\/v2\/types\/obra"}],"author":[{"embeddable":true,"href":"https:\/\/carreras.uleam.edu.ec\/exposubastadearte\/wp-json\/wp\/v2\/users\/1063"}],"replies":[{"embeddable":true,"href":"https:\/\/carreras.uleam.edu.ec\/exposubastadearte\/wp-json\/wp\/v2\/comments?post=292"}],"wp:featuredmedia":[{"embeddable":true,"href":"https:\/\/carreras.uleam.edu.ec\/exposubastadearte\/wp-json\/wp\/v2\/media\/242"}],"wp:attachment":[{"href":"https:\/\/carreras.uleam.edu.ec\/exposubastadearte\/wp-json\/wp\/v2\/media?parent=292"}],"curies":[{"name":"wp","href":"https:\/\/api.w.org\/{rel}","templated":true}]}}

Siempre los querré, aunque ustedes no me quieran

<p>Retratar desde la emoción o sentimiento, vivencias y experiencias. La exclusión por ser<br>diferente deja marcas que desembocan en heridas que arden a través de los años. Esta<br>es una ilustración de mi serie “Bornout” Narrando la historia de Phil. Él sabe que los<br>aprecia, los ama, pero no entiende como ya nada es como antes. Todos se volvieron<br>extraños. El solo desea escuchar y ser escuchado, pero, tan solo el pedirlo le duele. El<br>observa al techo y solo comienza a hacer introspección, sus pensamientos son<br>gasolina, su cuerpo está en combustión, su cabeza ya no está aquí.<br>Su corazón decide que no es merecedor ni del respeto mínimo.</p>



<figure class="wp-block-gallery has-nested-images columns-default is-cropped wp-block-gallery-1 is-layout-flex wp-block-gallery-is-layout-flex">
<figure class="wp-block-image size-large"><img loading="lazy" decoding="async" width="495" height="374" data-id="243" src="https://carreras.uleam.edu.ec/exposubastadearte/wp-content/uploads/sites/101/2025/12/Captura-de-pantalla-2025-12-03-174223.png" alt="" class="wp-image-243" srcset="https://carreras.uleam.edu.ec/exposubastadearte/wp-content/uploads/sites/101/2025/12/Captura-de-pantalla-2025-12-03-174223.png 495w, https://carreras.uleam.edu.ec/exposubastadearte/wp-content/uploads/sites/101/2025/12/Captura-de-pantalla-2025-12-03-174223-300x227.png 300w" sizes="auto, (max-width: 495px) 100vw, 495px" /></figure>



<figure class="wp-block-image size-large"><img loading="lazy" decoding="async" width="426" height="349" data-id="242" src="https://carreras.uleam.edu.ec/exposubastadearte/wp-content/uploads/sites/101/2025/12/Captura-de-pantalla-2025-12-03-174230.png" alt="" class="wp-image-242" srcset="https://carreras.uleam.edu.ec/exposubastadearte/wp-content/uploads/sites/101/2025/12/Captura-de-pantalla-2025-12-03-174230.png 426w, https://carreras.uleam.edu.ec/exposubastadearte/wp-content/uploads/sites/101/2025/12/Captura-de-pantalla-2025-12-03-174230-300x246.png 300w" sizes="auto, (max-width: 426px) 100vw, 426px" /></figure>



<figure class="wp-block-image size-large"><img loading="lazy" decoding="async" width="495" height="280" data-id="241" src="https://carreras.uleam.edu.ec/exposubastadearte/wp-content/uploads/sites/101/2025/12/Captura-de-pantalla-2025-12-03-174238.png" alt="" class="wp-image-241" srcset="https://carreras.uleam.edu.ec/exposubastadearte/wp-content/uploads/sites/101/2025/12/Captura-de-pantalla-2025-12-03-174238.png 495w, https://carreras.uleam.edu.ec/exposubastadearte/wp-content/uploads/sites/101/2025/12/Captura-de-pantalla-2025-12-03-174238-300x170.png 300w" sizes="auto, (max-width: 495px) 100vw, 495px" /></figure>
</figure>
