{"id":294,"date":"2025-12-05T00:54:30","date_gmt":"2025-12-04T23:54:30","guid":{"rendered":"https:\/\/carreras.uleam.edu.ec\/exposubastadearte\/?post_type=obra&#038;p=294"},"modified":"2025-12-05T16:57:17","modified_gmt":"2025-12-05T15:57:17","slug":"cancion-para-los-caidos","status":"publish","type":"obra","link":"https:\/\/carreras.uleam.edu.ec\/exposubastadearte\/obra\/cancion-para-los-caidos\/","title":{"rendered":"Canci\u00f3n para los ca\u00eddos"},"content":{"rendered":"\n<p>Esta obra toma la c\u00e9lebre Marcha f\u00fanebre de Chopin \u2014originalmente destinada a despedir<br>con honor a soldados que jam\u00e1s volver\u00edan a casa\u2014 y la reinterpreta para dedicarla a quienes<br>nunca eligieron participar en ninguna guerra: los inocentes.<br>La pieza denuncia c\u00f3mo \u201cnos muestran lo bonito\u201d, lo ceremonioso, lo heroico\u2026 mientras<br>ocultan que bajo esas notas mueren personas que no ten\u00edan por qu\u00e9 estar ah\u00ed.<br>Es un reclamo visual y sonoro contra la ambici\u00f3n y la impunidad del poder, y un memorial<br>simb\u00f3lico para quienes desaparecen sin nombre en conflictos que nunca fueron suyos.<\/p>\n\n\n\n<figure class=\"wp-block-gallery has-nested-images columns-default is-cropped wp-block-gallery-1 is-layout-flex wp-block-gallery-is-layout-flex\">\n<figure class=\"wp-block-image size-full\"><img loading=\"lazy\" decoding=\"async\" width=\"834\" height=\"826\" data-id=\"348\" src=\"https:\/\/carreras.uleam.edu.ec\/exposubastadearte\/wp-content\/uploads\/sites\/101\/2025\/12\/imagen_2025-12-05_105649262.png\" alt=\"\" class=\"wp-image-348\" srcset=\"https:\/\/carreras.uleam.edu.ec\/exposubastadearte\/wp-content\/uploads\/sites\/101\/2025\/12\/imagen_2025-12-05_105649262.png 834w, https:\/\/carreras.uleam.edu.ec\/exposubastadearte\/wp-content\/uploads\/sites\/101\/2025\/12\/imagen_2025-12-05_105649262-300x297.png 300w, https:\/\/carreras.uleam.edu.ec\/exposubastadearte\/wp-content\/uploads\/sites\/101\/2025\/12\/imagen_2025-12-05_105649262-150x150.png 150w, https:\/\/carreras.uleam.edu.ec\/exposubastadearte\/wp-content\/uploads\/sites\/101\/2025\/12\/imagen_2025-12-05_105649262-768x761.png 768w, https:\/\/carreras.uleam.edu.ec\/exposubastadearte\/wp-content\/uploads\/sites\/101\/2025\/12\/imagen_2025-12-05_105649262-800x792.png 800w\" sizes=\"auto, (max-width: 834px) 100vw, 834px\" \/><\/figure>\n<\/figure>\n","protected":false},"author":1063,"featured_media":348,"comment_status":"open","ping_status":"closed","template":"","meta":{"_acf_changed":true},"class_list":["post-294","obra","type-obra","status-publish","has-post-thumbnail","hentry"],"acf":[],"_links":{"self":[{"href":"https:\/\/carreras.uleam.edu.ec\/exposubastadearte\/wp-json\/wp\/v2\/obra\/294","targetHints":{"allow":["GET"]}}],"collection":[{"href":"https:\/\/carreras.uleam.edu.ec\/exposubastadearte\/wp-json\/wp\/v2\/obra"}],"about":[{"href":"https:\/\/carreras.uleam.edu.ec\/exposubastadearte\/wp-json\/wp\/v2\/types\/obra"}],"author":[{"embeddable":true,"href":"https:\/\/carreras.uleam.edu.ec\/exposubastadearte\/wp-json\/wp\/v2\/users\/1063"}],"replies":[{"embeddable":true,"href":"https:\/\/carreras.uleam.edu.ec\/exposubastadearte\/wp-json\/wp\/v2\/comments?post=294"}],"wp:featuredmedia":[{"embeddable":true,"href":"https:\/\/carreras.uleam.edu.ec\/exposubastadearte\/wp-json\/wp\/v2\/media\/348"}],"wp:attachment":[{"href":"https:\/\/carreras.uleam.edu.ec\/exposubastadearte\/wp-json\/wp\/v2\/media?parent=294"}],"curies":[{"name":"wp","href":"https:\/\/api.w.org\/{rel}","templated":true}]}}

Canción para los caídos

<p>Esta obra toma la célebre Marcha fúnebre de Chopin —originalmente destinada a despedir<br>con honor a soldados que jamás volverían a casa— y la reinterpreta para dedicarla a quienes<br>nunca eligieron participar en ninguna guerra: los inocentes.<br>La pieza denuncia cómo “nos muestran lo bonito”, lo ceremonioso, lo heroico… mientras<br>ocultan que bajo esas notas mueren personas que no tenían por qué estar ahí.<br>Es un reclamo visual y sonoro contra la ambición y la impunidad del poder, y un memorial<br>simbólico para quienes desaparecen sin nombre en conflictos que nunca fueron suyos.</p>



<figure class="wp-block-gallery has-nested-images columns-default is-cropped wp-block-gallery-1 is-layout-flex wp-block-gallery-is-layout-flex">
<figure class="wp-block-image size-full"><img loading="lazy" decoding="async" width="834" height="826" data-id="348" src="https://carreras.uleam.edu.ec/exposubastadearte/wp-content/uploads/sites/101/2025/12/imagen_2025-12-05_105649262.png" alt="" class="wp-image-348" srcset="https://carreras.uleam.edu.ec/exposubastadearte/wp-content/uploads/sites/101/2025/12/imagen_2025-12-05_105649262.png 834w, https://carreras.uleam.edu.ec/exposubastadearte/wp-content/uploads/sites/101/2025/12/imagen_2025-12-05_105649262-300x297.png 300w, https://carreras.uleam.edu.ec/exposubastadearte/wp-content/uploads/sites/101/2025/12/imagen_2025-12-05_105649262-150x150.png 150w, https://carreras.uleam.edu.ec/exposubastadearte/wp-content/uploads/sites/101/2025/12/imagen_2025-12-05_105649262-768x761.png 768w, https://carreras.uleam.edu.ec/exposubastadearte/wp-content/uploads/sites/101/2025/12/imagen_2025-12-05_105649262-800x792.png 800w" sizes="auto, (max-width: 834px) 100vw, 834px" /></figure>
</figure>
