{"id":297,"date":"2025-12-05T00:57:04","date_gmt":"2025-12-04T23:57:04","guid":{"rendered":"https:\/\/carreras.uleam.edu.ec\/exposubastadearte\/?post_type=obra&#038;p=297"},"modified":"2025-12-05T18:05:45","modified_gmt":"2025-12-05T17:05:45","slug":"el-muneco","status":"publish","type":"obra","link":"https:\/\/carreras.uleam.edu.ec\/exposubastadearte\/obra\/el-muneco\/","title":{"rendered":"El mu\u00f1eco"},"content":{"rendered":"\n<p>Parado r\u00edgido, inm\u00f3vil y casi resignado, volteando hacia otro lado, \u201cEl mu\u00f1eco\u201d<br>representa al ecuatoriano y a la creciente indiferencia ante las muertes violentas<br>del pa\u00eds, donde noticias de sicariatos, balaceras y tragedias ya forman parte de<br>un panorama que se vuelve cotidiana y peligrosamente normalizado. La obra<br>evidencia c\u00f3mo esta indiferencia se ha instalado como norma, convirti\u00e9ndonos<br>en espectadores pasivos del desastre, haciendo del acto de ignorar un h\u00e1bito<br>c\u00f3modo y una forma de deshumanizaci\u00f3n silenciosa.<br>El mu\u00f1eco sin ojos, boca, o\u00eddos ni expresi\u00f3n funciona como s\u00edmbolo de una<br>anestesia colectiva: el ecuatoriano cierra sus sentidos como mecanismo de<br>protecci\u00f3n frente a titulares que gritan violencia; no mira, no escucha, no siente\u2026<br>\u201c\u00bfPara qu\u00e9 tienes que preocuparte?<br>Simple y llanamente: No le pares bola.<\/p>\n\n\n\n<figure class=\"wp-block-gallery has-nested-images columns-default is-cropped wp-block-gallery-1 is-layout-flex wp-block-gallery-is-layout-flex\">\n<figure class=\"wp-block-image size-full\"><img loading=\"lazy\" decoding=\"async\" width=\"668\" height=\"1025\" data-id=\"376\" src=\"https:\/\/carreras.uleam.edu.ec\/exposubastadearte\/wp-content\/uploads\/sites\/101\/2025\/12\/imagen_2025-12-05_120515589-e1764954329210.png\" alt=\"\" class=\"wp-image-376\" srcset=\"https:\/\/carreras.uleam.edu.ec\/exposubastadearte\/wp-content\/uploads\/sites\/101\/2025\/12\/imagen_2025-12-05_120515589-e1764954329210.png 668w, https:\/\/carreras.uleam.edu.ec\/exposubastadearte\/wp-content\/uploads\/sites\/101\/2025\/12\/imagen_2025-12-05_120515589-e1764954329210-196x300.png 196w, https:\/\/carreras.uleam.edu.ec\/exposubastadearte\/wp-content\/uploads\/sites\/101\/2025\/12\/imagen_2025-12-05_120515589-e1764954329210-521x800.png 521w\" sizes=\"auto, (max-width: 668px) 100vw, 668px\" \/><\/figure>\n<\/figure>\n","protected":false},"author":1063,"featured_media":376,"comment_status":"open","ping_status":"closed","template":"","meta":{"_acf_changed":true},"class_list":["post-297","obra","type-obra","status-publish","has-post-thumbnail","hentry"],"acf":[],"_links":{"self":[{"href":"https:\/\/carreras.uleam.edu.ec\/exposubastadearte\/wp-json\/wp\/v2\/obra\/297","targetHints":{"allow":["GET"]}}],"collection":[{"href":"https:\/\/carreras.uleam.edu.ec\/exposubastadearte\/wp-json\/wp\/v2\/obra"}],"about":[{"href":"https:\/\/carreras.uleam.edu.ec\/exposubastadearte\/wp-json\/wp\/v2\/types\/obra"}],"author":[{"embeddable":true,"href":"https:\/\/carreras.uleam.edu.ec\/exposubastadearte\/wp-json\/wp\/v2\/users\/1063"}],"replies":[{"embeddable":true,"href":"https:\/\/carreras.uleam.edu.ec\/exposubastadearte\/wp-json\/wp\/v2\/comments?post=297"}],"wp:featuredmedia":[{"embeddable":true,"href":"https:\/\/carreras.uleam.edu.ec\/exposubastadearte\/wp-json\/wp\/v2\/media\/376"}],"wp:attachment":[{"href":"https:\/\/carreras.uleam.edu.ec\/exposubastadearte\/wp-json\/wp\/v2\/media?parent=297"}],"curies":[{"name":"wp","href":"https:\/\/api.w.org\/{rel}","templated":true}]}}

El muñeco

<p>Parado rígido, inmóvil y casi resignado, volteando hacia otro lado, “El muñeco”<br>representa al ecuatoriano y a la creciente indiferencia ante las muertes violentas<br>del país, donde noticias de sicariatos, balaceras y tragedias ya forman parte de<br>un panorama que se vuelve cotidiana y peligrosamente normalizado. La obra<br>evidencia cómo esta indiferencia se ha instalado como norma, convirtiéndonos<br>en espectadores pasivos del desastre, haciendo del acto de ignorar un hábito<br>cómodo y una forma de deshumanización silenciosa.<br>El muñeco sin ojos, boca, oídos ni expresión funciona como símbolo de una<br>anestesia colectiva: el ecuatoriano cierra sus sentidos como mecanismo de<br>protección frente a titulares que gritan violencia; no mira, no escucha, no siente…<br>“¿Para qué tienes que preocuparte?<br>Simple y llanamente: No le pares bola.</p>



<figure class="wp-block-gallery has-nested-images columns-default is-cropped wp-block-gallery-1 is-layout-flex wp-block-gallery-is-layout-flex">
<figure class="wp-block-image size-full"><img loading="lazy" decoding="async" width="668" height="1025" data-id="376" src="https://carreras.uleam.edu.ec/exposubastadearte/wp-content/uploads/sites/101/2025/12/imagen_2025-12-05_120515589-e1764954329210.png" alt="" class="wp-image-376" srcset="https://carreras.uleam.edu.ec/exposubastadearte/wp-content/uploads/sites/101/2025/12/imagen_2025-12-05_120515589-e1764954329210.png 668w, https://carreras.uleam.edu.ec/exposubastadearte/wp-content/uploads/sites/101/2025/12/imagen_2025-12-05_120515589-e1764954329210-196x300.png 196w, https://carreras.uleam.edu.ec/exposubastadearte/wp-content/uploads/sites/101/2025/12/imagen_2025-12-05_120515589-e1764954329210-521x800.png 521w" sizes="auto, (max-width: 668px) 100vw, 668px" /></figure>
</figure>
