{"id":299,"date":"2025-12-05T00:59:28","date_gmt":"2025-12-04T23:59:28","guid":{"rendered":"https:\/\/carreras.uleam.edu.ec\/exposubastadearte\/?post_type=obra&#038;p=299"},"modified":"2025-12-05T00:59:29","modified_gmt":"2025-12-04T23:59:29","slug":"sin-hogar","status":"publish","type":"obra","link":"https:\/\/carreras.uleam.edu.ec\/exposubastadearte\/obra\/sin-hogar\/","title":{"rendered":"Sin hogar"},"content":{"rendered":"\n<p>Precio inicial serie completa: $130,00<br>Precio por unidad: $25.00<\/p>\n\n\n\n<p>Sin hogar retrata a los gatos callejeros como presencias silenciosas que tejen la vida urbana. El lente los observa con<br>distancia po\u00e9tica, preservando su autenticidad, siendo s\u00edmbolos de resistencia, independencia y fragilidad expuesta.<br>La serie revela la contradicci\u00f3n de convivir con ellos sin querer ver su realidad, tras su aparente libertad se ocultan<br>abandono, precariedad y olvido.<br>Las im\u00e1genes nos enfrentan a la responsabilidad colectiva que preferimos evitar y, la indiferencia que cubre, como<br>un velo, la vida de aquellos que no tienen hogar.<\/p>\n\n\n\n<figure class=\"wp-block-gallery has-nested-images columns-default is-cropped wp-block-gallery-1 is-layout-flex wp-block-gallery-is-layout-flex\">\n<figure class=\"wp-block-image size-large\"><img loading=\"lazy\" decoding=\"async\" width=\"427\" height=\"746\" data-id=\"200\" src=\"https:\/\/carreras.uleam.edu.ec\/exposubastadearte\/wp-content\/uploads\/sites\/101\/2025\/12\/Captura-de-pantalla-2025-12-03-191107.png\" alt=\"\" class=\"wp-image-200\" srcset=\"https:\/\/carreras.uleam.edu.ec\/exposubastadearte\/wp-content\/uploads\/sites\/101\/2025\/12\/Captura-de-pantalla-2025-12-03-191107.png 427w, https:\/\/carreras.uleam.edu.ec\/exposubastadearte\/wp-content\/uploads\/sites\/101\/2025\/12\/Captura-de-pantalla-2025-12-03-191107-172x300.png 172w\" sizes=\"auto, (max-width: 427px) 100vw, 427px\" \/><\/figure>\n\n\n\n<figure class=\"wp-block-image size-large\"><img loading=\"lazy\" decoding=\"async\" width=\"426\" height=\"748\" data-id=\"199\" src=\"https:\/\/carreras.uleam.edu.ec\/exposubastadearte\/wp-content\/uploads\/sites\/101\/2025\/12\/Captura-de-pantalla-2025-12-03-191129.png\" alt=\"\" class=\"wp-image-199\" srcset=\"https:\/\/carreras.uleam.edu.ec\/exposubastadearte\/wp-content\/uploads\/sites\/101\/2025\/12\/Captura-de-pantalla-2025-12-03-191129.png 426w, https:\/\/carreras.uleam.edu.ec\/exposubastadearte\/wp-content\/uploads\/sites\/101\/2025\/12\/Captura-de-pantalla-2025-12-03-191129-171x300.png 171w\" sizes=\"auto, (max-width: 426px) 100vw, 426px\" \/><\/figure>\n\n\n\n<figure class=\"wp-block-image size-large\"><img loading=\"lazy\" decoding=\"async\" width=\"431\" height=\"766\" data-id=\"198\" src=\"https:\/\/carreras.uleam.edu.ec\/exposubastadearte\/wp-content\/uploads\/sites\/101\/2025\/12\/Captura-de-pantalla-2025-12-03-191203.png\" alt=\"\" class=\"wp-image-198\" srcset=\"https:\/\/carreras.uleam.edu.ec\/exposubastadearte\/wp-content\/uploads\/sites\/101\/2025\/12\/Captura-de-pantalla-2025-12-03-191203.png 431w, https:\/\/carreras.uleam.edu.ec\/exposubastadearte\/wp-content\/uploads\/sites\/101\/2025\/12\/Captura-de-pantalla-2025-12-03-191203-169x300.png 169w\" sizes=\"auto, (max-width: 431px) 100vw, 431px\" \/><\/figure>\n\n\n\n<figure class=\"wp-block-image size-large\"><img loading=\"lazy\" decoding=\"async\" width=\"439\" height=\"776\" data-id=\"197\" src=\"https:\/\/carreras.uleam.edu.ec\/exposubastadearte\/wp-content\/uploads\/sites\/101\/2025\/12\/Captura-de-pantalla-2025-12-03-191234.png\" alt=\"\" class=\"wp-image-197\" srcset=\"https:\/\/carreras.uleam.edu.ec\/exposubastadearte\/wp-content\/uploads\/sites\/101\/2025\/12\/Captura-de-pantalla-2025-12-03-191234.png 439w, https:\/\/carreras.uleam.edu.ec\/exposubastadearte\/wp-content\/uploads\/sites\/101\/2025\/12\/Captura-de-pantalla-2025-12-03-191234-170x300.png 170w\" sizes=\"auto, (max-width: 439px) 100vw, 439px\" \/><\/figure>\n<\/figure>\n","protected":false},"author":1063,"featured_media":200,"comment_status":"open","ping_status":"closed","template":"","meta":{"_acf_changed":true},"class_list":["post-299","obra","type-obra","status-publish","has-post-thumbnail","hentry"],"acf":[],"_links":{"self":[{"href":"https:\/\/carreras.uleam.edu.ec\/exposubastadearte\/wp-json\/wp\/v2\/obra\/299","targetHints":{"allow":["GET"]}}],"collection":[{"href":"https:\/\/carreras.uleam.edu.ec\/exposubastadearte\/wp-json\/wp\/v2\/obra"}],"about":[{"href":"https:\/\/carreras.uleam.edu.ec\/exposubastadearte\/wp-json\/wp\/v2\/types\/obra"}],"author":[{"embeddable":true,"href":"https:\/\/carreras.uleam.edu.ec\/exposubastadearte\/wp-json\/wp\/v2\/users\/1063"}],"replies":[{"embeddable":true,"href":"https:\/\/carreras.uleam.edu.ec\/exposubastadearte\/wp-json\/wp\/v2\/comments?post=299"}],"wp:featuredmedia":[{"embeddable":true,"href":"https:\/\/carreras.uleam.edu.ec\/exposubastadearte\/wp-json\/wp\/v2\/media\/200"}],"wp:attachment":[{"href":"https:\/\/carreras.uleam.edu.ec\/exposubastadearte\/wp-json\/wp\/v2\/media?parent=299"}],"curies":[{"name":"wp","href":"https:\/\/api.w.org\/{rel}","templated":true}]}}

<p>Precio inicial serie completa: $130,00<br>Precio por unidad: $25.00</p>



<p>Sin hogar retrata a los gatos callejeros como presencias silenciosas que tejen la vida urbana. El lente los observa con<br>distancia poética, preservando su autenticidad, siendo símbolos de resistencia, independencia y fragilidad expuesta.<br>La serie revela la contradicción de convivir con ellos sin querer ver su realidad, tras su aparente libertad se ocultan<br>abandono, precariedad y olvido.<br>Las imágenes nos enfrentan a la responsabilidad colectiva que preferimos evitar y, la indiferencia que cubre, como<br>un velo, la vida de aquellos que no tienen hogar.</p>



<figure class="wp-block-gallery has-nested-images columns-default is-cropped wp-block-gallery-1 is-layout-flex wp-block-gallery-is-layout-flex">
<figure class="wp-block-image size-large"><img loading="lazy" decoding="async" width="427" height="746" data-id="200" src="https://carreras.uleam.edu.ec/exposubastadearte/wp-content/uploads/sites/101/2025/12/Captura-de-pantalla-2025-12-03-191107.png" alt="" class="wp-image-200" srcset="https://carreras.uleam.edu.ec/exposubastadearte/wp-content/uploads/sites/101/2025/12/Captura-de-pantalla-2025-12-03-191107.png 427w, https://carreras.uleam.edu.ec/exposubastadearte/wp-content/uploads/sites/101/2025/12/Captura-de-pantalla-2025-12-03-191107-172x300.png 172w" sizes="auto, (max-width: 427px) 100vw, 427px" /></figure>



<figure class="wp-block-image size-large"><img loading="lazy" decoding="async" width="426" height="748" data-id="199" src="https://carreras.uleam.edu.ec/exposubastadearte/wp-content/uploads/sites/101/2025/12/Captura-de-pantalla-2025-12-03-191129.png" alt="" class="wp-image-199" srcset="https://carreras.uleam.edu.ec/exposubastadearte/wp-content/uploads/sites/101/2025/12/Captura-de-pantalla-2025-12-03-191129.png 426w, https://carreras.uleam.edu.ec/exposubastadearte/wp-content/uploads/sites/101/2025/12/Captura-de-pantalla-2025-12-03-191129-171x300.png 171w" sizes="auto, (max-width: 426px) 100vw, 426px" /></figure>



<figure class="wp-block-image size-large"><img loading="lazy" decoding="async" width="431" height="766" data-id="198" src="https://carreras.uleam.edu.ec/exposubastadearte/wp-content/uploads/sites/101/2025/12/Captura-de-pantalla-2025-12-03-191203.png" alt="" class="wp-image-198" srcset="https://carreras.uleam.edu.ec/exposubastadearte/wp-content/uploads/sites/101/2025/12/Captura-de-pantalla-2025-12-03-191203.png 431w, https://carreras.uleam.edu.ec/exposubastadearte/wp-content/uploads/sites/101/2025/12/Captura-de-pantalla-2025-12-03-191203-169x300.png 169w" sizes="auto, (max-width: 431px) 100vw, 431px" /></figure>



<figure class="wp-block-image size-large"><img loading="lazy" decoding="async" width="439" height="776" data-id="197" src="https://carreras.uleam.edu.ec/exposubastadearte/wp-content/uploads/sites/101/2025/12/Captura-de-pantalla-2025-12-03-191234.png" alt="" class="wp-image-197" srcset="https://carreras.uleam.edu.ec/exposubastadearte/wp-content/uploads/sites/101/2025/12/Captura-de-pantalla-2025-12-03-191234.png 439w, https://carreras.uleam.edu.ec/exposubastadearte/wp-content/uploads/sites/101/2025/12/Captura-de-pantalla-2025-12-03-191234-170x300.png 170w" sizes="auto, (max-width: 439px) 100vw, 439px" /></figure>
</figure>
