{"id":300,"date":"2025-12-05T01:00:06","date_gmt":"2025-12-05T00:00:06","guid":{"rendered":"https:\/\/carreras.uleam.edu.ec\/exposubastadearte\/?post_type=obra&#038;p=300"},"modified":"2025-12-05T16:36:59","modified_gmt":"2025-12-05T15:36:59","slug":"la-amazona","status":"publish","type":"obra","link":"https:\/\/carreras.uleam.edu.ec\/exposubastadearte\/obra\/la-amazona\/","title":{"rendered":"\u201cLa Amazona\u201d"},"content":{"rendered":"\n<p>La obra captura a una mujer ind\u00edgena amazona, guardiana sagrada de la vida y un s\u00edmbolo de<br>resistencia de los pueblos amaz\u00f3nicos. El agua oscura nos indica la profundidad de estas tierras<br>que no hemos explorado, creando un contraste con el fondo negro poniendo un foco de atenci\u00f3n<br>sobre la chica que surge desde el agua con mucha serenidad. El halo dorado representa la<br>santidad, plasm\u00e1ndola como protectora de la vida.<\/p>\n\n\n\n<figure class=\"wp-block-gallery has-nested-images columns-default is-cropped wp-block-gallery-1 is-layout-flex wp-block-gallery-is-layout-flex\">\n<figure class=\"wp-block-image size-full\"><img loading=\"lazy\" decoding=\"async\" width=\"545\" height=\"828\" data-id=\"342\" src=\"https:\/\/carreras.uleam.edu.ec\/exposubastadearte\/wp-content\/uploads\/sites\/101\/2025\/12\/imagen_2025-12-05_103554358.png\" alt=\"\" class=\"wp-image-342\" srcset=\"https:\/\/carreras.uleam.edu.ec\/exposubastadearte\/wp-content\/uploads\/sites\/101\/2025\/12\/imagen_2025-12-05_103554358.png 545w, https:\/\/carreras.uleam.edu.ec\/exposubastadearte\/wp-content\/uploads\/sites\/101\/2025\/12\/imagen_2025-12-05_103554358-197x300.png 197w, https:\/\/carreras.uleam.edu.ec\/exposubastadearte\/wp-content\/uploads\/sites\/101\/2025\/12\/imagen_2025-12-05_103554358-527x800.png 527w\" sizes=\"auto, (max-width: 545px) 100vw, 545px\" \/><\/figure>\n<\/figure>\n","protected":false},"author":1063,"featured_media":342,"comment_status":"open","ping_status":"closed","template":"","meta":{"_acf_changed":true},"class_list":["post-300","obra","type-obra","status-publish","has-post-thumbnail","hentry"],"acf":[],"_links":{"self":[{"href":"https:\/\/carreras.uleam.edu.ec\/exposubastadearte\/wp-json\/wp\/v2\/obra\/300","targetHints":{"allow":["GET"]}}],"collection":[{"href":"https:\/\/carreras.uleam.edu.ec\/exposubastadearte\/wp-json\/wp\/v2\/obra"}],"about":[{"href":"https:\/\/carreras.uleam.edu.ec\/exposubastadearte\/wp-json\/wp\/v2\/types\/obra"}],"author":[{"embeddable":true,"href":"https:\/\/carreras.uleam.edu.ec\/exposubastadearte\/wp-json\/wp\/v2\/users\/1063"}],"replies":[{"embeddable":true,"href":"https:\/\/carreras.uleam.edu.ec\/exposubastadearte\/wp-json\/wp\/v2\/comments?post=300"}],"wp:featuredmedia":[{"embeddable":true,"href":"https:\/\/carreras.uleam.edu.ec\/exposubastadearte\/wp-json\/wp\/v2\/media\/342"}],"wp:attachment":[{"href":"https:\/\/carreras.uleam.edu.ec\/exposubastadearte\/wp-json\/wp\/v2\/media?parent=300"}],"curies":[{"name":"wp","href":"https:\/\/api.w.org\/{rel}","templated":true}]}}

<p>La obra captura a una mujer indígena amazona, guardiana sagrada de la vida y un símbolo de<br>resistencia de los pueblos amazónicos. El agua oscura nos indica la profundidad de estas tierras<br>que no hemos explorado, creando un contraste con el fondo negro poniendo un foco de atención<br>sobre la chica que surge desde el agua con mucha serenidad. El halo dorado representa la<br>santidad, plasmándola como protectora de la vida.</p>



<figure class="wp-block-gallery has-nested-images columns-default is-cropped wp-block-gallery-1 is-layout-flex wp-block-gallery-is-layout-flex">
<figure class="wp-block-image size-full"><img loading="lazy" decoding="async" width="545" height="828" data-id="342" src="https://carreras.uleam.edu.ec/exposubastadearte/wp-content/uploads/sites/101/2025/12/imagen_2025-12-05_103554358.png" alt="" class="wp-image-342" srcset="https://carreras.uleam.edu.ec/exposubastadearte/wp-content/uploads/sites/101/2025/12/imagen_2025-12-05_103554358.png 545w, https://carreras.uleam.edu.ec/exposubastadearte/wp-content/uploads/sites/101/2025/12/imagen_2025-12-05_103554358-197x300.png 197w, https://carreras.uleam.edu.ec/exposubastadearte/wp-content/uploads/sites/101/2025/12/imagen_2025-12-05_103554358-527x800.png 527w" sizes="auto, (max-width: 545px) 100vw, 545px" /></figure>
</figure>
