{"id":301,"date":"2025-12-05T01:02:07","date_gmt":"2025-12-05T00:02:07","guid":{"rendered":"https:\/\/carreras.uleam.edu.ec\/exposubastadearte\/?post_type=obra&#038;p=301"},"modified":"2025-12-05T17:08:16","modified_gmt":"2025-12-05T16:08:16","slug":"memorias-de-un-viejo","status":"publish","type":"obra","link":"https:\/\/carreras.uleam.edu.ec\/exposubastadearte\/obra\/memorias-de-un-viejo\/","title":{"rendered":"Memorias de un viejo"},"content":{"rendered":"\n<p>DESCRIPCION CONCEPTUAL:<br>La obra quiere a dar mostrar el punto sobre como la gente adulta mayor en<br>algunos casos vive los \u00faltimos a\u00f1os de su vida.<br>La obra va acompa\u00f1ada del siguiente relato:<br>6:50 PM otra vez nadie vino a visitarme.<br>Es triste pensar que este pobre viejo cada d\u00eda se siente m\u00e1s in\u00fatil,<br>tanto, para pensar que a mi familia no le ha de importar mi presencia.<br>Distrayendo mi mente como es de costumbre me siento fuera de mi<br>casa con el peri\u00f3dico del d\u00eda de ayer, saludando vecinos y conocidos.<br>Pasa el tiempo y llega esa visita inevitable.<br>Y ahora en mi ausencia, esa tan anhelada reuni\u00f3n, lastimosamente es<br>la ultima porque mi cuerpo ya no est\u00e1 c\u00e1lido para abrazarlos.<br>El relato est\u00e1 narrado desde un \u201cdespu\u00e9s\u201d: \u00e9l ha muerto. La \u201cvisita<br>inevitable\u201d es la muerte, y la reuni\u00f3n final es su velorio, donde por<br>fin su familia se re\u00fane\u2026 pero ya es demasiado tarde para que \u00e9l los<br>abrace.<br>El relato, entonces, se convierte en una mirada retrospectiva, un<br>\u00faltimo pensamiento melanc\u00f3lico sobre el tiempo perdido, el<br>abandono y la iron\u00eda de ser recordado solo cuando uno ya no est\u00e1.<br>DESCRIPCION GRAFICA<br>La obra simula tres fotograf\u00edas:<br>La principal del centro muestra la cotidianidad de la persona y como<br>eran sus \u00faltimos a\u00f1os en vida.<br>La segunda que es de la derecha muestra su ojo que es la ventana del<br>alma en ella refleja su tristeza y nostalgia al ser olvidado por su<br>familia.<br>La tercera fotograf\u00eda son dos manos con sus dedos entrelazados que<br>representa su fallecimiento, su descanso y el final de su ciclo.<\/p>\n\n\n\n<figure class=\"wp-block-gallery has-nested-images columns-default is-cropped wp-block-gallery-1 is-layout-flex wp-block-gallery-is-layout-flex\">\n<figure class=\"wp-block-image size-large\"><img loading=\"lazy\" decoding=\"async\" width=\"882\" height=\"827\" data-id=\"356\" src=\"https:\/\/carreras.uleam.edu.ec\/exposubastadearte\/wp-content\/uploads\/sites\/101\/2025\/12\/imagen_2025-12-05_110735812.png\" alt=\"\" class=\"wp-image-356\" srcset=\"https:\/\/carreras.uleam.edu.ec\/exposubastadearte\/wp-content\/uploads\/sites\/101\/2025\/12\/imagen_2025-12-05_110735812.png 882w, https:\/\/carreras.uleam.edu.ec\/exposubastadearte\/wp-content\/uploads\/sites\/101\/2025\/12\/imagen_2025-12-05_110735812-300x281.png 300w, https:\/\/carreras.uleam.edu.ec\/exposubastadearte\/wp-content\/uploads\/sites\/101\/2025\/12\/imagen_2025-12-05_110735812-768x720.png 768w, https:\/\/carreras.uleam.edu.ec\/exposubastadearte\/wp-content\/uploads\/sites\/101\/2025\/12\/imagen_2025-12-05_110735812-800x750.png 800w\" sizes=\"auto, (max-width: 882px) 100vw, 882px\" \/><\/figure>\n\n\n\n<figure class=\"wp-block-image size-large\"><img loading=\"lazy\" decoding=\"async\" width=\"564\" height=\"750\" data-id=\"203\" src=\"https:\/\/carreras.uleam.edu.ec\/exposubastadearte\/wp-content\/uploads\/sites\/101\/2025\/12\/Captura-de-pantalla-2025-12-03-190518.png\" alt=\"\" class=\"wp-image-203\" srcset=\"https:\/\/carreras.uleam.edu.ec\/exposubastadearte\/wp-content\/uploads\/sites\/101\/2025\/12\/Captura-de-pantalla-2025-12-03-190518.png 564w, https:\/\/carreras.uleam.edu.ec\/exposubastadearte\/wp-content\/uploads\/sites\/101\/2025\/12\/Captura-de-pantalla-2025-12-03-190518-226x300.png 226w\" sizes=\"auto, (max-width: 564px) 100vw, 564px\" \/><\/figure>\n\n\n\n<figure class=\"wp-block-image size-large\"><img loading=\"lazy\" decoding=\"async\" width=\"461\" height=\"613\" data-id=\"202\" src=\"https:\/\/carreras.uleam.edu.ec\/exposubastadearte\/wp-content\/uploads\/sites\/101\/2025\/12\/Captura-de-pantalla-2025-12-03-190535.png\" alt=\"\" class=\"wp-image-202\" srcset=\"https:\/\/carreras.uleam.edu.ec\/exposubastadearte\/wp-content\/uploads\/sites\/101\/2025\/12\/Captura-de-pantalla-2025-12-03-190535.png 461w, https:\/\/carreras.uleam.edu.ec\/exposubastadearte\/wp-content\/uploads\/sites\/101\/2025\/12\/Captura-de-pantalla-2025-12-03-190535-226x300.png 226w\" sizes=\"auto, (max-width: 461px) 100vw, 461px\" \/><\/figure>\n\n\n\n<figure class=\"wp-block-image size-large\"><img loading=\"lazy\" decoding=\"async\" width=\"447\" height=\"594\" data-id=\"201\" src=\"https:\/\/carreras.uleam.edu.ec\/exposubastadearte\/wp-content\/uploads\/sites\/101\/2025\/12\/Captura-de-pantalla-2025-12-03-190546.png\" alt=\"\" class=\"wp-image-201\" srcset=\"https:\/\/carreras.uleam.edu.ec\/exposubastadearte\/wp-content\/uploads\/sites\/101\/2025\/12\/Captura-de-pantalla-2025-12-03-190546.png 447w, https:\/\/carreras.uleam.edu.ec\/exposubastadearte\/wp-content\/uploads\/sites\/101\/2025\/12\/Captura-de-pantalla-2025-12-03-190546-226x300.png 226w\" sizes=\"auto, (max-width: 447px) 100vw, 447px\" \/><\/figure>\n<\/figure>\n","protected":false},"author":1063,"featured_media":356,"comment_status":"open","ping_status":"closed","template":"","meta":{"_acf_changed":true},"class_list":["post-301","obra","type-obra","status-publish","has-post-thumbnail","hentry"],"acf":[],"_links":{"self":[{"href":"https:\/\/carreras.uleam.edu.ec\/exposubastadearte\/wp-json\/wp\/v2\/obra\/301","targetHints":{"allow":["GET"]}}],"collection":[{"href":"https:\/\/carreras.uleam.edu.ec\/exposubastadearte\/wp-json\/wp\/v2\/obra"}],"about":[{"href":"https:\/\/carreras.uleam.edu.ec\/exposubastadearte\/wp-json\/wp\/v2\/types\/obra"}],"author":[{"embeddable":true,"href":"https:\/\/carreras.uleam.edu.ec\/exposubastadearte\/wp-json\/wp\/v2\/users\/1063"}],"replies":[{"embeddable":true,"href":"https:\/\/carreras.uleam.edu.ec\/exposubastadearte\/wp-json\/wp\/v2\/comments?post=301"}],"wp:featuredmedia":[{"embeddable":true,"href":"https:\/\/carreras.uleam.edu.ec\/exposubastadearte\/wp-json\/wp\/v2\/media\/356"}],"wp:attachment":[{"href":"https:\/\/carreras.uleam.edu.ec\/exposubastadearte\/wp-json\/wp\/v2\/media?parent=301"}],"curies":[{"name":"wp","href":"https:\/\/api.w.org\/{rel}","templated":true}]}}

<p>DESCRIPCION CONCEPTUAL:<br>La obra quiere a dar mostrar el punto sobre como la gente adulta mayor en<br>algunos casos vive los últimos años de su vida.<br>La obra va acompañada del siguiente relato:<br>6:50 PM otra vez nadie vino a visitarme.<br>Es triste pensar que este pobre viejo cada día se siente más inútil,<br>tanto, para pensar que a mi familia no le ha de importar mi presencia.<br>Distrayendo mi mente como es de costumbre me siento fuera de mi<br>casa con el periódico del día de ayer, saludando vecinos y conocidos.<br>Pasa el tiempo y llega esa visita inevitable.<br>Y ahora en mi ausencia, esa tan anhelada reunión, lastimosamente es<br>la ultima porque mi cuerpo ya no está cálido para abrazarlos.<br>El relato está narrado desde un “después”: él ha muerto. La “visita<br>inevitable” es la muerte, y la reunión final es su velorio, donde por<br>fin su familia se reúne… pero ya es demasiado tarde para que él los<br>abrace.<br>El relato, entonces, se convierte en una mirada retrospectiva, un<br>último pensamiento melancólico sobre el tiempo perdido, el<br>abandono y la ironía de ser recordado solo cuando uno ya no está.<br>DESCRIPCION GRAFICA<br>La obra simula tres fotografías:<br>La principal del centro muestra la cotidianidad de la persona y como<br>eran sus últimos años en vida.<br>La segunda que es de la derecha muestra su ojo que es la ventana del<br>alma en ella refleja su tristeza y nostalgia al ser olvidado por su<br>familia.<br>La tercera fotografía son dos manos con sus dedos entrelazados que<br>representa su fallecimiento, su descanso y el final de su ciclo.</p>



<figure class="wp-block-gallery has-nested-images columns-default is-cropped wp-block-gallery-1 is-layout-flex wp-block-gallery-is-layout-flex">
<figure class="wp-block-image size-large"><img loading="lazy" decoding="async" width="882" height="827" data-id="356" src="https://carreras.uleam.edu.ec/exposubastadearte/wp-content/uploads/sites/101/2025/12/imagen_2025-12-05_110735812.png" alt="" class="wp-image-356" srcset="https://carreras.uleam.edu.ec/exposubastadearte/wp-content/uploads/sites/101/2025/12/imagen_2025-12-05_110735812.png 882w, https://carreras.uleam.edu.ec/exposubastadearte/wp-content/uploads/sites/101/2025/12/imagen_2025-12-05_110735812-300x281.png 300w, https://carreras.uleam.edu.ec/exposubastadearte/wp-content/uploads/sites/101/2025/12/imagen_2025-12-05_110735812-768x720.png 768w, https://carreras.uleam.edu.ec/exposubastadearte/wp-content/uploads/sites/101/2025/12/imagen_2025-12-05_110735812-800x750.png 800w" sizes="auto, (max-width: 882px) 100vw, 882px" /></figure>



<figure class="wp-block-image size-large"><img loading="lazy" decoding="async" width="564" height="750" data-id="203" src="https://carreras.uleam.edu.ec/exposubastadearte/wp-content/uploads/sites/101/2025/12/Captura-de-pantalla-2025-12-03-190518.png" alt="" class="wp-image-203" srcset="https://carreras.uleam.edu.ec/exposubastadearte/wp-content/uploads/sites/101/2025/12/Captura-de-pantalla-2025-12-03-190518.png 564w, https://carreras.uleam.edu.ec/exposubastadearte/wp-content/uploads/sites/101/2025/12/Captura-de-pantalla-2025-12-03-190518-226x300.png 226w" sizes="auto, (max-width: 564px) 100vw, 564px" /></figure>



<figure class="wp-block-image size-large"><img loading="lazy" decoding="async" width="461" height="613" data-id="202" src="https://carreras.uleam.edu.ec/exposubastadearte/wp-content/uploads/sites/101/2025/12/Captura-de-pantalla-2025-12-03-190535.png" alt="" class="wp-image-202" srcset="https://carreras.uleam.edu.ec/exposubastadearte/wp-content/uploads/sites/101/2025/12/Captura-de-pantalla-2025-12-03-190535.png 461w, https://carreras.uleam.edu.ec/exposubastadearte/wp-content/uploads/sites/101/2025/12/Captura-de-pantalla-2025-12-03-190535-226x300.png 226w" sizes="auto, (max-width: 461px) 100vw, 461px" /></figure>



<figure class="wp-block-image size-large"><img loading="lazy" decoding="async" width="447" height="594" data-id="201" src="https://carreras.uleam.edu.ec/exposubastadearte/wp-content/uploads/sites/101/2025/12/Captura-de-pantalla-2025-12-03-190546.png" alt="" class="wp-image-201" srcset="https://carreras.uleam.edu.ec/exposubastadearte/wp-content/uploads/sites/101/2025/12/Captura-de-pantalla-2025-12-03-190546.png 447w, https://carreras.uleam.edu.ec/exposubastadearte/wp-content/uploads/sites/101/2025/12/Captura-de-pantalla-2025-12-03-190546-226x300.png 226w" sizes="auto, (max-width: 447px) 100vw, 447px" /></figure>
</figure>
