{"id":302,"date":"2025-12-05T01:01:58","date_gmt":"2025-12-05T00:01:58","guid":{"rendered":"https:\/\/carreras.uleam.edu.ec\/exposubastadearte\/?post_type=obra&#038;p=302"},"modified":"2025-12-05T17:12:52","modified_gmt":"2025-12-05T16:12:52","slug":"memorias","status":"publish","type":"obra","link":"https:\/\/carreras.uleam.edu.ec\/exposubastadearte\/obra\/memorias\/","title":{"rendered":"Memorias"},"content":{"rendered":"\n<p>Memorias se activa como una resistencia a la facilidad con la que dejamos pasar lo<br>vivido, como si ignorarlo lo volviera m\u00e1s liviano. Aqu\u00ed, la memoria ya no habita solo el<br>cuerpo, sino tambi\u00e9n el dato, el servidor, el algoritmo. Un c\u00f3digo QR, un signo fr\u00edo de<br>acceso inmediato, te obliga a detenerte y atender transform\u00e1ndose en un puente \u00edntimo:<br>sus zonas negras, intervenidas con restos tecnol\u00f3gicos y fragmentos de objetos usados,<br>convierten el desgaste en archivo; sus zonas blancas, hechas de fotograf\u00edas<br>sobreexpuestas, encarnan lo que se quema y se vuelve imposible de precisar. Al escanear,<br>se abre una p\u00e1gina que muestra en grande \u201clo \u00faltimo que alguien record\u00f3\u201d y, debajo, una<br>acumulaci\u00f3n de memorias anteriores. El archivo crece con cada visitante que suma la<br>suya an\u00f3nimamente: desahoga, deja ir, reescribe.<\/p>\n\n\n\n<figure class=\"wp-block-image size-full\"><img loading=\"lazy\" decoding=\"async\" width=\"1024\" height=\"714\" src=\"https:\/\/carreras.uleam.edu.ec\/exposubastadearte\/wp-content\/uploads\/sites\/101\/2025\/12\/imagen_2025-12-05_111227007.png\" alt=\"\" class=\"wp-image-358\" srcset=\"https:\/\/carreras.uleam.edu.ec\/exposubastadearte\/wp-content\/uploads\/sites\/101\/2025\/12\/imagen_2025-12-05_111227007.png 1024w, https:\/\/carreras.uleam.edu.ec\/exposubastadearte\/wp-content\/uploads\/sites\/101\/2025\/12\/imagen_2025-12-05_111227007-300x209.png 300w, https:\/\/carreras.uleam.edu.ec\/exposubastadearte\/wp-content\/uploads\/sites\/101\/2025\/12\/imagen_2025-12-05_111227007-768x536.png 768w, https:\/\/carreras.uleam.edu.ec\/exposubastadearte\/wp-content\/uploads\/sites\/101\/2025\/12\/imagen_2025-12-05_111227007-800x558.png 800w\" sizes=\"auto, (max-width: 1024px) 100vw, 1024px\" \/><\/figure>\n","protected":false},"author":1063,"featured_media":358,"comment_status":"open","ping_status":"closed","template":"","meta":{"_acf_changed":true},"class_list":["post-302","obra","type-obra","status-publish","has-post-thumbnail","hentry"],"acf":[],"_links":{"self":[{"href":"https:\/\/carreras.uleam.edu.ec\/exposubastadearte\/wp-json\/wp\/v2\/obra\/302","targetHints":{"allow":["GET"]}}],"collection":[{"href":"https:\/\/carreras.uleam.edu.ec\/exposubastadearte\/wp-json\/wp\/v2\/obra"}],"about":[{"href":"https:\/\/carreras.uleam.edu.ec\/exposubastadearte\/wp-json\/wp\/v2\/types\/obra"}],"author":[{"embeddable":true,"href":"https:\/\/carreras.uleam.edu.ec\/exposubastadearte\/wp-json\/wp\/v2\/users\/1063"}],"replies":[{"embeddable":true,"href":"https:\/\/carreras.uleam.edu.ec\/exposubastadearte\/wp-json\/wp\/v2\/comments?post=302"}],"wp:featuredmedia":[{"embeddable":true,"href":"https:\/\/carreras.uleam.edu.ec\/exposubastadearte\/wp-json\/wp\/v2\/media\/358"}],"wp:attachment":[{"href":"https:\/\/carreras.uleam.edu.ec\/exposubastadearte\/wp-json\/wp\/v2\/media?parent=302"}],"curies":[{"name":"wp","href":"https:\/\/api.w.org\/{rel}","templated":true}]}}

<p>Memorias se activa como una resistencia a la facilidad con la que dejamos pasar lo<br>vivido, como si ignorarlo lo volviera más liviano. Aquí, la memoria ya no habita solo el<br>cuerpo, sino también el dato, el servidor, el algoritmo. Un código QR, un signo frío de<br>acceso inmediato, te obliga a detenerte y atender transformándose en un puente íntimo:<br>sus zonas negras, intervenidas con restos tecnológicos y fragmentos de objetos usados,<br>convierten el desgaste en archivo; sus zonas blancas, hechas de fotografías<br>sobreexpuestas, encarnan lo que se quema y se vuelve imposible de precisar. Al escanear,<br>se abre una página que muestra en grande “lo último que alguien recordó” y, debajo, una<br>acumulación de memorias anteriores. El archivo crece con cada visitante que suma la<br>suya anónimamente: desahoga, deja ir, reescribe.</p>



<figure class="wp-block-image size-full"><img loading="lazy" decoding="async" width="1024" height="714" src="https://carreras.uleam.edu.ec/exposubastadearte/wp-content/uploads/sites/101/2025/12/imagen_2025-12-05_111227007.png" alt="" class="wp-image-358" srcset="https://carreras.uleam.edu.ec/exposubastadearte/wp-content/uploads/sites/101/2025/12/imagen_2025-12-05_111227007.png 1024w, https://carreras.uleam.edu.ec/exposubastadearte/wp-content/uploads/sites/101/2025/12/imagen_2025-12-05_111227007-300x209.png 300w, https://carreras.uleam.edu.ec/exposubastadearte/wp-content/uploads/sites/101/2025/12/imagen_2025-12-05_111227007-768x536.png 768w, https://carreras.uleam.edu.ec/exposubastadearte/wp-content/uploads/sites/101/2025/12/imagen_2025-12-05_111227007-800x558.png 800w" sizes="auto, (max-width: 1024px) 100vw, 1024px" /></figure>
