{"id":304,"date":"2025-12-05T01:03:53","date_gmt":"2025-12-05T00:03:53","guid":{"rendered":"https:\/\/carreras.uleam.edu.ec\/exposubastadearte\/?post_type=obra&#038;p=304"},"modified":"2025-12-05T17:30:19","modified_gmt":"2025-12-05T16:30:19","slug":"bestia-urbana","status":"publish","type":"obra","link":"https:\/\/carreras.uleam.edu.ec\/exposubastadearte\/obra\/bestia-urbana\/","title":{"rendered":"\u201cBestia Urbana\u201d"},"content":{"rendered":"\n<p>\u201cBestia Urbana\u201d explora la tensi\u00f3n entre lo natural y lo artificial. El caballo azul<br>simboliza la libertad desplazada y silenciada dentro del caos urbano. El fondo<br>geom\u00e9trico representa el orden, la restricci\u00f3n y el control impuestos por la ciudad. La<br>se\u00f1al refuerza la idea de prohibici\u00f3n y exclusi\u00f3n. A trav\u00e9s del contraste crom\u00e1tico y<br>formal, la obra invita a reflexionar sobre c\u00f3mo la sociedad domestica la esencia vital.<br>Evoca la resistencia del ser frente al sistema<\/p>\n\n\n\n<figure class=\"wp-block-gallery has-nested-images columns-default is-cropped wp-block-gallery-1 is-layout-flex wp-block-gallery-is-layout-flex\">\n<figure class=\"wp-block-image size-full\"><img loading=\"lazy\" decoding=\"async\" width=\"996\" height=\"827\" data-id=\"366\" src=\"https:\/\/carreras.uleam.edu.ec\/exposubastadearte\/wp-content\/uploads\/sites\/101\/2025\/12\/imagen_2025-12-05_112930941.png\" alt=\"\" class=\"wp-image-366\" srcset=\"https:\/\/carreras.uleam.edu.ec\/exposubastadearte\/wp-content\/uploads\/sites\/101\/2025\/12\/imagen_2025-12-05_112930941.png 996w, https:\/\/carreras.uleam.edu.ec\/exposubastadearte\/wp-content\/uploads\/sites\/101\/2025\/12\/imagen_2025-12-05_112930941-300x249.png 300w, https:\/\/carreras.uleam.edu.ec\/exposubastadearte\/wp-content\/uploads\/sites\/101\/2025\/12\/imagen_2025-12-05_112930941-768x638.png 768w, https:\/\/carreras.uleam.edu.ec\/exposubastadearte\/wp-content\/uploads\/sites\/101\/2025\/12\/imagen_2025-12-05_112930941-800x664.png 800w\" sizes=\"auto, (max-width: 996px) 100vw, 996px\" \/><\/figure>\n<\/figure>\n","protected":false},"author":1063,"featured_media":366,"comment_status":"open","ping_status":"closed","template":"","meta":{"_acf_changed":false},"class_list":["post-304","obra","type-obra","status-publish","has-post-thumbnail","hentry"],"acf":[],"_links":{"self":[{"href":"https:\/\/carreras.uleam.edu.ec\/exposubastadearte\/wp-json\/wp\/v2\/obra\/304","targetHints":{"allow":["GET"]}}],"collection":[{"href":"https:\/\/carreras.uleam.edu.ec\/exposubastadearte\/wp-json\/wp\/v2\/obra"}],"about":[{"href":"https:\/\/carreras.uleam.edu.ec\/exposubastadearte\/wp-json\/wp\/v2\/types\/obra"}],"author":[{"embeddable":true,"href":"https:\/\/carreras.uleam.edu.ec\/exposubastadearte\/wp-json\/wp\/v2\/users\/1063"}],"replies":[{"embeddable":true,"href":"https:\/\/carreras.uleam.edu.ec\/exposubastadearte\/wp-json\/wp\/v2\/comments?post=304"}],"wp:featuredmedia":[{"embeddable":true,"href":"https:\/\/carreras.uleam.edu.ec\/exposubastadearte\/wp-json\/wp\/v2\/media\/366"}],"wp:attachment":[{"href":"https:\/\/carreras.uleam.edu.ec\/exposubastadearte\/wp-json\/wp\/v2\/media?parent=304"}],"curies":[{"name":"wp","href":"https:\/\/api.w.org\/{rel}","templated":true}]}}

<p>“Bestia Urbana” explora la tensión entre lo natural y lo artificial. El caballo azul<br>simboliza la libertad desplazada y silenciada dentro del caos urbano. El fondo<br>geométrico representa el orden, la restricción y el control impuestos por la ciudad. La<br>señal refuerza la idea de prohibición y exclusión. A través del contraste cromático y<br>formal, la obra invita a reflexionar sobre cómo la sociedad domestica la esencia vital.<br>Evoca la resistencia del ser frente al sistema</p>



<figure class="wp-block-gallery has-nested-images columns-default is-cropped wp-block-gallery-1 is-layout-flex wp-block-gallery-is-layout-flex">
<figure class="wp-block-image size-full"><img loading="lazy" decoding="async" width="996" height="827" data-id="366" src="https://carreras.uleam.edu.ec/exposubastadearte/wp-content/uploads/sites/101/2025/12/imagen_2025-12-05_112930941.png" alt="" class="wp-image-366" srcset="https://carreras.uleam.edu.ec/exposubastadearte/wp-content/uploads/sites/101/2025/12/imagen_2025-12-05_112930941.png 996w, https://carreras.uleam.edu.ec/exposubastadearte/wp-content/uploads/sites/101/2025/12/imagen_2025-12-05_112930941-300x249.png 300w, https://carreras.uleam.edu.ec/exposubastadearte/wp-content/uploads/sites/101/2025/12/imagen_2025-12-05_112930941-768x638.png 768w, https://carreras.uleam.edu.ec/exposubastadearte/wp-content/uploads/sites/101/2025/12/imagen_2025-12-05_112930941-800x664.png 800w" sizes="auto, (max-width: 996px) 100vw, 996px" /></figure>
</figure>
