{"id":306,"date":"2025-12-05T01:06:25","date_gmt":"2025-12-05T00:06:25","guid":{"rendered":"https:\/\/carreras.uleam.edu.ec\/exposubastadearte\/?post_type=obra&#038;p=306"},"modified":"2025-12-05T16:49:07","modified_gmt":"2025-12-05T15:49:07","slug":"429-2025","status":"publish","type":"obra","link":"https:\/\/carreras.uleam.edu.ec\/exposubastadearte\/obra\/429-2025\/","title":{"rendered":"429-2025."},"content":{"rendered":"\n<p>La figura central, evidencia c\u00f3mo quienes buscan justicia son<br>sistem\u00e1ticamente callados, as\u00ed mismo, esta pieza denuncia la normalizaci\u00f3n<br>del silencio, el desgaste institucional y la desprotecci\u00f3n que enfrentan las<br>v\u00edctimas. No se trata de un mito reinterpretado, sino de un espejo inc\u00f3modo<br>de un pa\u00eds donde la justicia parece extinguida y el silencio impuesto pesa<br>m\u00e1s que la verdad.<\/p>\n\n\n\n<figure class=\"wp-block-gallery has-nested-images columns-default is-cropped wp-block-gallery-1 is-layout-flex wp-block-gallery-is-layout-flex\">\n<figure class=\"wp-block-image size-full\"><img loading=\"lazy\" decoding=\"async\" width=\"682\" height=\"829\" data-id=\"347\" src=\"https:\/\/carreras.uleam.edu.ec\/exposubastadearte\/wp-content\/uploads\/sites\/101\/2025\/12\/imagen_2025-12-05_104854161.png\" alt=\"\" class=\"wp-image-347\" srcset=\"https:\/\/carreras.uleam.edu.ec\/exposubastadearte\/wp-content\/uploads\/sites\/101\/2025\/12\/imagen_2025-12-05_104854161.png 682w, https:\/\/carreras.uleam.edu.ec\/exposubastadearte\/wp-content\/uploads\/sites\/101\/2025\/12\/imagen_2025-12-05_104854161-247x300.png 247w, https:\/\/carreras.uleam.edu.ec\/exposubastadearte\/wp-content\/uploads\/sites\/101\/2025\/12\/imagen_2025-12-05_104854161-658x800.png 658w\" sizes=\"auto, (max-width: 682px) 100vw, 682px\" \/><\/figure>\n<\/figure>\n","protected":false},"author":1063,"featured_media":347,"comment_status":"open","ping_status":"closed","template":"","meta":{"_acf_changed":true},"class_list":["post-306","obra","type-obra","status-publish","has-post-thumbnail","hentry"],"acf":[],"_links":{"self":[{"href":"https:\/\/carreras.uleam.edu.ec\/exposubastadearte\/wp-json\/wp\/v2\/obra\/306","targetHints":{"allow":["GET"]}}],"collection":[{"href":"https:\/\/carreras.uleam.edu.ec\/exposubastadearte\/wp-json\/wp\/v2\/obra"}],"about":[{"href":"https:\/\/carreras.uleam.edu.ec\/exposubastadearte\/wp-json\/wp\/v2\/types\/obra"}],"author":[{"embeddable":true,"href":"https:\/\/carreras.uleam.edu.ec\/exposubastadearte\/wp-json\/wp\/v2\/users\/1063"}],"replies":[{"embeddable":true,"href":"https:\/\/carreras.uleam.edu.ec\/exposubastadearte\/wp-json\/wp\/v2\/comments?post=306"}],"wp:featuredmedia":[{"embeddable":true,"href":"https:\/\/carreras.uleam.edu.ec\/exposubastadearte\/wp-json\/wp\/v2\/media\/347"}],"wp:attachment":[{"href":"https:\/\/carreras.uleam.edu.ec\/exposubastadearte\/wp-json\/wp\/v2\/media?parent=306"}],"curies":[{"name":"wp","href":"https:\/\/api.w.org\/{rel}","templated":true}]}}

<p>La figura central, evidencia cómo quienes buscan justicia son<br>sistemáticamente callados, así mismo, esta pieza denuncia la normalización<br>del silencio, el desgaste institucional y la desprotección que enfrentan las<br>víctimas. No se trata de un mito reinterpretado, sino de un espejo incómodo<br>de un país donde la justicia parece extinguida y el silencio impuesto pesa<br>más que la verdad.</p>



<figure class="wp-block-gallery has-nested-images columns-default is-cropped wp-block-gallery-1 is-layout-flex wp-block-gallery-is-layout-flex">
<figure class="wp-block-image size-full"><img loading="lazy" decoding="async" width="682" height="829" data-id="347" src="https://carreras.uleam.edu.ec/exposubastadearte/wp-content/uploads/sites/101/2025/12/imagen_2025-12-05_104854161.png" alt="" class="wp-image-347" srcset="https://carreras.uleam.edu.ec/exposubastadearte/wp-content/uploads/sites/101/2025/12/imagen_2025-12-05_104854161.png 682w, https://carreras.uleam.edu.ec/exposubastadearte/wp-content/uploads/sites/101/2025/12/imagen_2025-12-05_104854161-247x300.png 247w, https://carreras.uleam.edu.ec/exposubastadearte/wp-content/uploads/sites/101/2025/12/imagen_2025-12-05_104854161-658x800.png 658w" sizes="auto, (max-width: 682px) 100vw, 682px" /></figure>
</figure>
