{"id":308,"date":"2025-12-05T01:09:12","date_gmt":"2025-12-05T00:09:12","guid":{"rendered":"https:\/\/carreras.uleam.edu.ec\/exposubastadearte\/?post_type=obra&#038;p=308"},"modified":"2025-12-05T16:58:27","modified_gmt":"2025-12-05T15:58:27","slug":"suenos-en-algodon","status":"publish","type":"obra","link":"https:\/\/carreras.uleam.edu.ec\/exposubastadearte\/obra\/suenos-en-algodon\/","title":{"rendered":"Sue\u00f1os en algod\u00f3n"},"content":{"rendered":"\n<p>La obra pone en tensi\u00f3n la dureza del trabajo callejero con la ternura<br>asociada a los recuerdos infantiles, evidenciando c\u00f3mo lo cotidiano puede<br>volverse invisible. Cuestiona la indiferencia hacia quienes sostienen sus<br>hogares desde la informalidad, pese a ser parte esencial del paisaje afectivo<br>del pa\u00eds. Al rescatar la dignidad del vendedor y su v\u00ednculo con la memoria<br>colectiva, la pieza invita a mirar con empat\u00eda aquello que solemos pasar por<br>alto.<\/p>\n\n\n\n<figure class=\"wp-block-gallery has-nested-images columns-default is-cropped wp-block-gallery-1 is-layout-flex wp-block-gallery-is-layout-flex\">\n<figure class=\"wp-block-image size-full\"><img loading=\"lazy\" decoding=\"async\" width=\"431\" height=\"829\" data-id=\"349\" src=\"https:\/\/carreras.uleam.edu.ec\/exposubastadearte\/wp-content\/uploads\/sites\/101\/2025\/12\/imagen_2025-12-05_105809878.png\" alt=\"\" class=\"wp-image-349\" srcset=\"https:\/\/carreras.uleam.edu.ec\/exposubastadearte\/wp-content\/uploads\/sites\/101\/2025\/12\/imagen_2025-12-05_105809878.png 431w, https:\/\/carreras.uleam.edu.ec\/exposubastadearte\/wp-content\/uploads\/sites\/101\/2025\/12\/imagen_2025-12-05_105809878-156x300.png 156w, https:\/\/carreras.uleam.edu.ec\/exposubastadearte\/wp-content\/uploads\/sites\/101\/2025\/12\/imagen_2025-12-05_105809878-416x800.png 416w\" sizes=\"auto, (max-width: 431px) 100vw, 431px\" \/><\/figure>\n<\/figure>\n","protected":false},"author":1063,"featured_media":349,"comment_status":"open","ping_status":"closed","template":"","meta":{"_acf_changed":true},"class_list":["post-308","obra","type-obra","status-publish","has-post-thumbnail","hentry"],"acf":[],"_links":{"self":[{"href":"https:\/\/carreras.uleam.edu.ec\/exposubastadearte\/wp-json\/wp\/v2\/obra\/308","targetHints":{"allow":["GET"]}}],"collection":[{"href":"https:\/\/carreras.uleam.edu.ec\/exposubastadearte\/wp-json\/wp\/v2\/obra"}],"about":[{"href":"https:\/\/carreras.uleam.edu.ec\/exposubastadearte\/wp-json\/wp\/v2\/types\/obra"}],"author":[{"embeddable":true,"href":"https:\/\/carreras.uleam.edu.ec\/exposubastadearte\/wp-json\/wp\/v2\/users\/1063"}],"replies":[{"embeddable":true,"href":"https:\/\/carreras.uleam.edu.ec\/exposubastadearte\/wp-json\/wp\/v2\/comments?post=308"}],"wp:featuredmedia":[{"embeddable":true,"href":"https:\/\/carreras.uleam.edu.ec\/exposubastadearte\/wp-json\/wp\/v2\/media\/349"}],"wp:attachment":[{"href":"https:\/\/carreras.uleam.edu.ec\/exposubastadearte\/wp-json\/wp\/v2\/media?parent=308"}],"curies":[{"name":"wp","href":"https:\/\/api.w.org\/{rel}","templated":true}]}}

Sueños en algodón

<p>La obra pone en tensión la dureza del trabajo callejero con la ternura<br>asociada a los recuerdos infantiles, evidenciando cómo lo cotidiano puede<br>volverse invisible. Cuestiona la indiferencia hacia quienes sostienen sus<br>hogares desde la informalidad, pese a ser parte esencial del paisaje afectivo<br>del país. Al rescatar la dignidad del vendedor y su vínculo con la memoria<br>colectiva, la pieza invita a mirar con empatía aquello que solemos pasar por<br>alto.</p>



<figure class="wp-block-gallery has-nested-images columns-default is-cropped wp-block-gallery-1 is-layout-flex wp-block-gallery-is-layout-flex">
<figure class="wp-block-image size-full"><img loading="lazy" decoding="async" width="431" height="829" data-id="349" src="https://carreras.uleam.edu.ec/exposubastadearte/wp-content/uploads/sites/101/2025/12/imagen_2025-12-05_105809878.png" alt="" class="wp-image-349" srcset="https://carreras.uleam.edu.ec/exposubastadearte/wp-content/uploads/sites/101/2025/12/imagen_2025-12-05_105809878.png 431w, https://carreras.uleam.edu.ec/exposubastadearte/wp-content/uploads/sites/101/2025/12/imagen_2025-12-05_105809878-156x300.png 156w, https://carreras.uleam.edu.ec/exposubastadearte/wp-content/uploads/sites/101/2025/12/imagen_2025-12-05_105809878-416x800.png 416w" sizes="auto, (max-width: 431px) 100vw, 431px" /></figure>
</figure>
