{"id":311,"date":"2025-12-05T01:11:12","date_gmt":"2025-12-05T00:11:12","guid":{"rendered":"https:\/\/carreras.uleam.edu.ec\/exposubastadearte\/?post_type=obra&#038;p=311"},"modified":"2025-12-05T17:44:52","modified_gmt":"2025-12-05T16:44:52","slug":"la-mesa-sigue-viva","status":"publish","type":"obra","link":"https:\/\/carreras.uleam.edu.ec\/exposubastadearte\/obra\/la-mesa-sigue-viva\/","title":{"rendered":"La mesa sigue viva"},"content":{"rendered":"\n<p>Mi obra presenta una mesa redonda de pl\u00e1stico convertida en un altar improvisado.<br>Fotograf\u00edas, velas encendidas y algunos cubiertos dispersos revelan que antes de ser un<br>espacio de memoria, fue una mesa de cena. Las sillas, ca\u00eddas o torcidas, sugieren una<br>partida repentina: la familia que alguna vez comparti\u00f3 ese lugar ya no est\u00e1 ya sea por que<br>algunos han fallecido o por disputas. El entorno permanece oscurecido, de modo que solo el<br>centro iluminado por las velas y una luz superior casi divina concentra la mirada del<br>espectador, reforzando un aire renacentista en la composici\u00f3n.<br>La obra se relaciona con el tema \u201cNo le pares bola\u201d al mostrar c\u00f3mo, a veces, las ausencias<br>son asumidas como parte natural del d\u00eda a d\u00eda: se aprende a convivir con el vac\u00edo sin<br>enfrentarlo directamente. La familia se ha ido, pero su recuerdo queda suspendido en un<br>altar<br>silencioso. La escena expresa esa actitud de ignorar lo que duele, aunque siga alumbrando<br>desde la memoria.<\/p>\n\n\n\n<figure class=\"wp-block-gallery has-nested-images columns-default is-cropped wp-block-gallery-1 is-layout-flex wp-block-gallery-is-layout-flex\">\n<figure class=\"wp-block-image size-full\"><img loading=\"lazy\" decoding=\"async\" width=\"828\" height=\"828\" data-id=\"372\" src=\"https:\/\/carreras.uleam.edu.ec\/exposubastadearte\/wp-content\/uploads\/sites\/101\/2025\/12\/imagen_2025-12-05_114438077.png\" alt=\"\" class=\"wp-image-372\" srcset=\"https:\/\/carreras.uleam.edu.ec\/exposubastadearte\/wp-content\/uploads\/sites\/101\/2025\/12\/imagen_2025-12-05_114438077.png 828w, https:\/\/carreras.uleam.edu.ec\/exposubastadearte\/wp-content\/uploads\/sites\/101\/2025\/12\/imagen_2025-12-05_114438077-300x300.png 300w, https:\/\/carreras.uleam.edu.ec\/exposubastadearte\/wp-content\/uploads\/sites\/101\/2025\/12\/imagen_2025-12-05_114438077-150x150.png 150w, https:\/\/carreras.uleam.edu.ec\/exposubastadearte\/wp-content\/uploads\/sites\/101\/2025\/12\/imagen_2025-12-05_114438077-768x768.png 768w, https:\/\/carreras.uleam.edu.ec\/exposubastadearte\/wp-content\/uploads\/sites\/101\/2025\/12\/imagen_2025-12-05_114438077-400x400.png 400w, https:\/\/carreras.uleam.edu.ec\/exposubastadearte\/wp-content\/uploads\/sites\/101\/2025\/12\/imagen_2025-12-05_114438077-800x800.png 800w\" sizes=\"auto, (max-width: 828px) 100vw, 828px\" \/><\/figure>\n<\/figure>\n","protected":false},"author":1063,"featured_media":372,"comment_status":"open","ping_status":"closed","template":"","meta":{"_acf_changed":true},"class_list":["post-311","obra","type-obra","status-publish","has-post-thumbnail","hentry"],"acf":[],"_links":{"self":[{"href":"https:\/\/carreras.uleam.edu.ec\/exposubastadearte\/wp-json\/wp\/v2\/obra\/311","targetHints":{"allow":["GET"]}}],"collection":[{"href":"https:\/\/carreras.uleam.edu.ec\/exposubastadearte\/wp-json\/wp\/v2\/obra"}],"about":[{"href":"https:\/\/carreras.uleam.edu.ec\/exposubastadearte\/wp-json\/wp\/v2\/types\/obra"}],"author":[{"embeddable":true,"href":"https:\/\/carreras.uleam.edu.ec\/exposubastadearte\/wp-json\/wp\/v2\/users\/1063"}],"replies":[{"embeddable":true,"href":"https:\/\/carreras.uleam.edu.ec\/exposubastadearte\/wp-json\/wp\/v2\/comments?post=311"}],"wp:featuredmedia":[{"embeddable":true,"href":"https:\/\/carreras.uleam.edu.ec\/exposubastadearte\/wp-json\/wp\/v2\/media\/372"}],"wp:attachment":[{"href":"https:\/\/carreras.uleam.edu.ec\/exposubastadearte\/wp-json\/wp\/v2\/media?parent=311"}],"curies":[{"name":"wp","href":"https:\/\/api.w.org\/{rel}","templated":true}]}}

<p>Mi obra presenta una mesa redonda de plástico convertida en un altar improvisado.<br>Fotografías, velas encendidas y algunos cubiertos dispersos revelan que antes de ser un<br>espacio de memoria, fue una mesa de cena. Las sillas, caídas o torcidas, sugieren una<br>partida repentina: la familia que alguna vez compartió ese lugar ya no está ya sea por que<br>algunos han fallecido o por disputas. El entorno permanece oscurecido, de modo que solo el<br>centro iluminado por las velas y una luz superior casi divina concentra la mirada del<br>espectador, reforzando un aire renacentista en la composición.<br>La obra se relaciona con el tema “No le pares bola” al mostrar cómo, a veces, las ausencias<br>son asumidas como parte natural del día a día: se aprende a convivir con el vacío sin<br>enfrentarlo directamente. La familia se ha ido, pero su recuerdo queda suspendido en un<br>altar<br>silencioso. La escena expresa esa actitud de ignorar lo que duele, aunque siga alumbrando<br>desde la memoria.</p>



<figure class="wp-block-gallery has-nested-images columns-default is-cropped wp-block-gallery-1 is-layout-flex wp-block-gallery-is-layout-flex">
<figure class="wp-block-image size-full"><img loading="lazy" decoding="async" width="828" height="828" data-id="372" src="https://carreras.uleam.edu.ec/exposubastadearte/wp-content/uploads/sites/101/2025/12/imagen_2025-12-05_114438077.png" alt="" class="wp-image-372" srcset="https://carreras.uleam.edu.ec/exposubastadearte/wp-content/uploads/sites/101/2025/12/imagen_2025-12-05_114438077.png 828w, https://carreras.uleam.edu.ec/exposubastadearte/wp-content/uploads/sites/101/2025/12/imagen_2025-12-05_114438077-300x300.png 300w, https://carreras.uleam.edu.ec/exposubastadearte/wp-content/uploads/sites/101/2025/12/imagen_2025-12-05_114438077-150x150.png 150w, https://carreras.uleam.edu.ec/exposubastadearte/wp-content/uploads/sites/101/2025/12/imagen_2025-12-05_114438077-768x768.png 768w, https://carreras.uleam.edu.ec/exposubastadearte/wp-content/uploads/sites/101/2025/12/imagen_2025-12-05_114438077-400x400.png 400w, https://carreras.uleam.edu.ec/exposubastadearte/wp-content/uploads/sites/101/2025/12/imagen_2025-12-05_114438077-800x800.png 800w" sizes="auto, (max-width: 828px) 100vw, 828px" /></figure>
</figure>
