{"id":314,"date":"2025-12-05T01:17:13","date_gmt":"2025-12-05T00:17:13","guid":{"rendered":"https:\/\/carreras.uleam.edu.ec\/exposubastadearte\/?post_type=obra&#038;p=314"},"modified":"2025-12-05T17:21:39","modified_gmt":"2025-12-05T16:21:39","slug":"umbral","status":"publish","type":"obra","link":"https:\/\/carreras.uleam.edu.ec\/exposubastadearte\/obra\/umbral\/","title":{"rendered":"Umbral"},"content":{"rendered":"\n<p>En el umbral, donde casi todo cambia y nada termina de hacerlo,la oscuridad guarda el silencio de lo que<br>callamos algunas veces en un solo yo.<br>Abajo, tres cuerpos rendidos, vac\u00edos,peso de las ca\u00eddas que nadie mira. Al centro, dos almas que han<br>hecho del dolor un h\u00e1bito, sobreviviendo mientras algo adentro a\u00fan tiembla y duda.Arriba, una sonrisa<br>fr\u00e1gil que intenta parecer victoria,pero sus manos negras se deshacen en la noche,incapaces de pedir<br>auxilio.<br>Entre todas, hilos blancos que sostienen, que impiden el final absoluto,record\u00e1ndonos que a veces<br>habitamos el borde invisible,ese que los otros no ven y nosotros evitamos mirar.<br>Porque la depresi\u00f3n tiene mil rostros, emociones , pensamientos ,y aun as\u00ed, puede esconderse incluso de<br>quien la lleva dentro.<\/p>\n\n\n\n<figure class=\"wp-block-gallery has-nested-images columns-default is-cropped wp-block-gallery-1 is-layout-flex wp-block-gallery-is-layout-flex\">\n<figure class=\"wp-block-image size-full\"><img loading=\"lazy\" decoding=\"async\" width=\"992\" height=\"828\" data-id=\"360\" src=\"https:\/\/carreras.uleam.edu.ec\/exposubastadearte\/wp-content\/uploads\/sites\/101\/2025\/12\/imagen_2025-12-05_112046181.png\" alt=\"\" class=\"wp-image-360\" srcset=\"https:\/\/carreras.uleam.edu.ec\/exposubastadearte\/wp-content\/uploads\/sites\/101\/2025\/12\/imagen_2025-12-05_112046181.png 992w, https:\/\/carreras.uleam.edu.ec\/exposubastadearte\/wp-content\/uploads\/sites\/101\/2025\/12\/imagen_2025-12-05_112046181-300x250.png 300w, https:\/\/carreras.uleam.edu.ec\/exposubastadearte\/wp-content\/uploads\/sites\/101\/2025\/12\/imagen_2025-12-05_112046181-768x641.png 768w, https:\/\/carreras.uleam.edu.ec\/exposubastadearte\/wp-content\/uploads\/sites\/101\/2025\/12\/imagen_2025-12-05_112046181-800x668.png 800w\" sizes=\"auto, (max-width: 992px) 100vw, 992px\" \/><\/figure>\n<\/figure>\n","protected":false},"author":1063,"featured_media":360,"comment_status":"open","ping_status":"closed","template":"","meta":{"_acf_changed":false},"class_list":["post-314","obra","type-obra","status-publish","has-post-thumbnail","hentry"],"acf":[],"_links":{"self":[{"href":"https:\/\/carreras.uleam.edu.ec\/exposubastadearte\/wp-json\/wp\/v2\/obra\/314","targetHints":{"allow":["GET"]}}],"collection":[{"href":"https:\/\/carreras.uleam.edu.ec\/exposubastadearte\/wp-json\/wp\/v2\/obra"}],"about":[{"href":"https:\/\/carreras.uleam.edu.ec\/exposubastadearte\/wp-json\/wp\/v2\/types\/obra"}],"author":[{"embeddable":true,"href":"https:\/\/carreras.uleam.edu.ec\/exposubastadearte\/wp-json\/wp\/v2\/users\/1063"}],"replies":[{"embeddable":true,"href":"https:\/\/carreras.uleam.edu.ec\/exposubastadearte\/wp-json\/wp\/v2\/comments?post=314"}],"wp:featuredmedia":[{"embeddable":true,"href":"https:\/\/carreras.uleam.edu.ec\/exposubastadearte\/wp-json\/wp\/v2\/media\/360"}],"wp:attachment":[{"href":"https:\/\/carreras.uleam.edu.ec\/exposubastadearte\/wp-json\/wp\/v2\/media?parent=314"}],"curies":[{"name":"wp","href":"https:\/\/api.w.org\/{rel}","templated":true}]}}

<p>En el umbral, donde casi todo cambia y nada termina de hacerlo,la oscuridad guarda el silencio de lo que<br>callamos algunas veces en un solo yo.<br>Abajo, tres cuerpos rendidos, vacíos,peso de las caídas que nadie mira. Al centro, dos almas que han<br>hecho del dolor un hábito, sobreviviendo mientras algo adentro aún tiembla y duda.Arriba, una sonrisa<br>frágil que intenta parecer victoria,pero sus manos negras se deshacen en la noche,incapaces de pedir<br>auxilio.<br>Entre todas, hilos blancos que sostienen, que impiden el final absoluto,recordándonos que a veces<br>habitamos el borde invisible,ese que los otros no ven y nosotros evitamos mirar.<br>Porque la depresión tiene mil rostros, emociones , pensamientos ,y aun así, puede esconderse incluso de<br>quien la lleva dentro.</p>



<figure class="wp-block-gallery has-nested-images columns-default is-cropped wp-block-gallery-1 is-layout-flex wp-block-gallery-is-layout-flex">
<figure class="wp-block-image size-full"><img loading="lazy" decoding="async" width="992" height="828" data-id="360" src="https://carreras.uleam.edu.ec/exposubastadearte/wp-content/uploads/sites/101/2025/12/imagen_2025-12-05_112046181.png" alt="" class="wp-image-360" srcset="https://carreras.uleam.edu.ec/exposubastadearte/wp-content/uploads/sites/101/2025/12/imagen_2025-12-05_112046181.png 992w, https://carreras.uleam.edu.ec/exposubastadearte/wp-content/uploads/sites/101/2025/12/imagen_2025-12-05_112046181-300x250.png 300w, https://carreras.uleam.edu.ec/exposubastadearte/wp-content/uploads/sites/101/2025/12/imagen_2025-12-05_112046181-768x641.png 768w, https://carreras.uleam.edu.ec/exposubastadearte/wp-content/uploads/sites/101/2025/12/imagen_2025-12-05_112046181-800x668.png 800w" sizes="auto, (max-width: 992px) 100vw, 992px" /></figure>
</figure>
