{"id":319,"date":"2025-12-05T01:22:18","date_gmt":"2025-12-05T00:22:18","guid":{"rendered":"https:\/\/carreras.uleam.edu.ec\/exposubastadearte\/?post_type=obra&#038;p=319"},"modified":"2025-12-05T16:42:09","modified_gmt":"2025-12-05T15:42:09","slug":"una-caminata-entre-el-caos","status":"publish","type":"obra","link":"https:\/\/carreras.uleam.edu.ec\/exposubastadearte\/obra\/una-caminata-entre-el-caos\/","title":{"rendered":"Una caminata entre el caos"},"content":{"rendered":"\n<p>Es una obra que muestra el caos social donde habitan animales antropom\u00f3rficos que<br>pueden f\u00e1cilmente ser la representaci\u00f3n de la sociedad en la que vivimos, un gran caos<br>donde se vive dia a dia, las malas noticias de como un pa\u00eds va de mal a peor, accidentes<br>automovil\u00edsticos, delincuencia, etc etc etc. reflejados en unos tonos algo apagados o de<br>paso rosando a colores con una mezcla de grises y de negro a la oscuridad y las cosas<br>malas que sulen suceder todos los dias, pero en todo ese caos y desorden hay alguin que<br>podria ser tanto tu como yo un lobo un lobo con tonos claros de unos amarrillos y con unos<br>naranjas y casi rojos que funcionan como sus manchas y sombreado para irusando sus<br>complementarios como sombreado al igual que su chompa y al igual que su maletin usando<br>la misma tecnica teniendo colores llamativos y vibrantes para que te fijes mas en el y no<br>prestes tanta atencion a lo de atras es mas como si lo de atras no existiera y solo ten<br>enfocaras en el lobo que esta feliz y y tarareando una cancion por que no le importa mucho<br>el caos este pasando<\/p>\n\n\n\n<figure class=\"wp-block-gallery has-nested-images columns-default is-cropped wp-block-gallery-1 is-layout-flex wp-block-gallery-is-layout-flex\">\n<figure class=\"wp-block-image size-large\"><img loading=\"lazy\" decoding=\"async\" width=\"1024\" height=\"719\" data-id=\"344\" src=\"https:\/\/carreras.uleam.edu.ec\/exposubastadearte\/wp-content\/uploads\/sites\/101\/2025\/12\/imagen_2025-12-05_104141716-1024x719.png\" alt=\"\" class=\"wp-image-344\" srcset=\"https:\/\/carreras.uleam.edu.ec\/exposubastadearte\/wp-content\/uploads\/sites\/101\/2025\/12\/imagen_2025-12-05_104141716-1024x719.png 1024w, https:\/\/carreras.uleam.edu.ec\/exposubastadearte\/wp-content\/uploads\/sites\/101\/2025\/12\/imagen_2025-12-05_104141716-300x211.png 300w, https:\/\/carreras.uleam.edu.ec\/exposubastadearte\/wp-content\/uploads\/sites\/101\/2025\/12\/imagen_2025-12-05_104141716-768x539.png 768w, https:\/\/carreras.uleam.edu.ec\/exposubastadearte\/wp-content\/uploads\/sites\/101\/2025\/12\/imagen_2025-12-05_104141716-800x562.png 800w, https:\/\/carreras.uleam.edu.ec\/exposubastadearte\/wp-content\/uploads\/sites\/101\/2025\/12\/imagen_2025-12-05_104141716.png 1035w\" sizes=\"auto, (max-width: 1024px) 100vw, 1024px\" \/><\/figure>\n<\/figure>\n","protected":false},"author":1063,"featured_media":344,"comment_status":"open","ping_status":"closed","template":"","meta":{"_acf_changed":true},"class_list":["post-319","obra","type-obra","status-publish","has-post-thumbnail","hentry"],"acf":[],"_links":{"self":[{"href":"https:\/\/carreras.uleam.edu.ec\/exposubastadearte\/wp-json\/wp\/v2\/obra\/319","targetHints":{"allow":["GET"]}}],"collection":[{"href":"https:\/\/carreras.uleam.edu.ec\/exposubastadearte\/wp-json\/wp\/v2\/obra"}],"about":[{"href":"https:\/\/carreras.uleam.edu.ec\/exposubastadearte\/wp-json\/wp\/v2\/types\/obra"}],"author":[{"embeddable":true,"href":"https:\/\/carreras.uleam.edu.ec\/exposubastadearte\/wp-json\/wp\/v2\/users\/1063"}],"replies":[{"embeddable":true,"href":"https:\/\/carreras.uleam.edu.ec\/exposubastadearte\/wp-json\/wp\/v2\/comments?post=319"}],"wp:featuredmedia":[{"embeddable":true,"href":"https:\/\/carreras.uleam.edu.ec\/exposubastadearte\/wp-json\/wp\/v2\/media\/344"}],"wp:attachment":[{"href":"https:\/\/carreras.uleam.edu.ec\/exposubastadearte\/wp-json\/wp\/v2\/media?parent=319"}],"curies":[{"name":"wp","href":"https:\/\/api.w.org\/{rel}","templated":true}]}}

<p>Es una obra que muestra el caos social donde habitan animales antropomórficos que<br>pueden fácilmente ser la representación de la sociedad en la que vivimos, un gran caos<br>donde se vive dia a dia, las malas noticias de como un país va de mal a peor, accidentes<br>automovilísticos, delincuencia, etc etc etc. reflejados en unos tonos algo apagados o de<br>paso rosando a colores con una mezcla de grises y de negro a la oscuridad y las cosas<br>malas que sulen suceder todos los dias, pero en todo ese caos y desorden hay alguin que<br>podria ser tanto tu como yo un lobo un lobo con tonos claros de unos amarrillos y con unos<br>naranjas y casi rojos que funcionan como sus manchas y sombreado para irusando sus<br>complementarios como sombreado al igual que su chompa y al igual que su maletin usando<br>la misma tecnica teniendo colores llamativos y vibrantes para que te fijes mas en el y no<br>prestes tanta atencion a lo de atras es mas como si lo de atras no existiera y solo ten<br>enfocaras en el lobo que esta feliz y y tarareando una cancion por que no le importa mucho<br>el caos este pasando</p>



<figure class="wp-block-gallery has-nested-images columns-default is-cropped wp-block-gallery-1 is-layout-flex wp-block-gallery-is-layout-flex">
<figure class="wp-block-image size-large"><img loading="lazy" decoding="async" width="1024" height="719" data-id="344" src="https://carreras.uleam.edu.ec/exposubastadearte/wp-content/uploads/sites/101/2025/12/imagen_2025-12-05_104141716-1024x719.png" alt="" class="wp-image-344" srcset="https://carreras.uleam.edu.ec/exposubastadearte/wp-content/uploads/sites/101/2025/12/imagen_2025-12-05_104141716-1024x719.png 1024w, https://carreras.uleam.edu.ec/exposubastadearte/wp-content/uploads/sites/101/2025/12/imagen_2025-12-05_104141716-300x211.png 300w, https://carreras.uleam.edu.ec/exposubastadearte/wp-content/uploads/sites/101/2025/12/imagen_2025-12-05_104141716-768x539.png 768w, https://carreras.uleam.edu.ec/exposubastadearte/wp-content/uploads/sites/101/2025/12/imagen_2025-12-05_104141716-800x562.png 800w, https://carreras.uleam.edu.ec/exposubastadearte/wp-content/uploads/sites/101/2025/12/imagen_2025-12-05_104141716.png 1035w" sizes="auto, (max-width: 1024px) 100vw, 1024px" /></figure>
</figure>
