{"id":322,"date":"2025-12-05T01:27:28","date_gmt":"2025-12-05T00:27:28","guid":{"rendered":"https:\/\/carreras.uleam.edu.ec\/exposubastadearte\/?post_type=obra&#038;p=322"},"modified":"2025-12-05T17:10:30","modified_gmt":"2025-12-05T16:10:30","slug":"la-basura","status":"publish","type":"obra","link":"https:\/\/carreras.uleam.edu.ec\/exposubastadearte\/obra\/la-basura\/","title":{"rendered":"La basura"},"content":{"rendered":"\n<p>La obra muestra c\u00f3mo a Manta se le juzga desde lo superficial: la bolsa pl\u00e1stica simboliza esas<br>etiquetas r\u00e1pidas que ocultan su verdadera esencia, mientras que en su interior se revelan<br>elementos reales como las playas, los atardeceres y la vida pesquera; el mensaje es cuestionar<br>prejuicios y reconocer que la ciudad no es lo que se dice de ella, sino lo que realmente se vive<br>en ella<\/p>\n\n\n\n<figure class=\"wp-block-gallery has-nested-images columns-default is-cropped wp-block-gallery-1 is-layout-flex wp-block-gallery-is-layout-flex\">\n<figure class=\"wp-block-image size-full\"><img loading=\"lazy\" decoding=\"async\" width=\"685\" height=\"830\" data-id=\"357\" src=\"https:\/\/carreras.uleam.edu.ec\/exposubastadearte\/wp-content\/uploads\/sites\/101\/2025\/12\/imagen_2025-12-05_111016808.png\" alt=\"\" class=\"wp-image-357\" srcset=\"https:\/\/carreras.uleam.edu.ec\/exposubastadearte\/wp-content\/uploads\/sites\/101\/2025\/12\/imagen_2025-12-05_111016808.png 685w, https:\/\/carreras.uleam.edu.ec\/exposubastadearte\/wp-content\/uploads\/sites\/101\/2025\/12\/imagen_2025-12-05_111016808-248x300.png 248w, https:\/\/carreras.uleam.edu.ec\/exposubastadearte\/wp-content\/uploads\/sites\/101\/2025\/12\/imagen_2025-12-05_111016808-660x800.png 660w\" sizes=\"auto, (max-width: 685px) 100vw, 685px\" \/><\/figure>\n<\/figure>\n","protected":false},"author":1063,"featured_media":357,"comment_status":"open","ping_status":"closed","template":"","meta":{"_acf_changed":true},"class_list":["post-322","obra","type-obra","status-publish","has-post-thumbnail","hentry"],"acf":[],"_links":{"self":[{"href":"https:\/\/carreras.uleam.edu.ec\/exposubastadearte\/wp-json\/wp\/v2\/obra\/322","targetHints":{"allow":["GET"]}}],"collection":[{"href":"https:\/\/carreras.uleam.edu.ec\/exposubastadearte\/wp-json\/wp\/v2\/obra"}],"about":[{"href":"https:\/\/carreras.uleam.edu.ec\/exposubastadearte\/wp-json\/wp\/v2\/types\/obra"}],"author":[{"embeddable":true,"href":"https:\/\/carreras.uleam.edu.ec\/exposubastadearte\/wp-json\/wp\/v2\/users\/1063"}],"replies":[{"embeddable":true,"href":"https:\/\/carreras.uleam.edu.ec\/exposubastadearte\/wp-json\/wp\/v2\/comments?post=322"}],"wp:featuredmedia":[{"embeddable":true,"href":"https:\/\/carreras.uleam.edu.ec\/exposubastadearte\/wp-json\/wp\/v2\/media\/357"}],"wp:attachment":[{"href":"https:\/\/carreras.uleam.edu.ec\/exposubastadearte\/wp-json\/wp\/v2\/media?parent=322"}],"curies":[{"name":"wp","href":"https:\/\/api.w.org\/{rel}","templated":true}]}}

<p>La obra muestra cómo a Manta se le juzga desde lo superficial: la bolsa plástica simboliza esas<br>etiquetas rápidas que ocultan su verdadera esencia, mientras que en su interior se revelan<br>elementos reales como las playas, los atardeceres y la vida pesquera; el mensaje es cuestionar<br>prejuicios y reconocer que la ciudad no es lo que se dice de ella, sino lo que realmente se vive<br>en ella</p>



<figure class="wp-block-gallery has-nested-images columns-default is-cropped wp-block-gallery-1 is-layout-flex wp-block-gallery-is-layout-flex">
<figure class="wp-block-image size-full"><img loading="lazy" decoding="async" width="685" height="830" data-id="357" src="https://carreras.uleam.edu.ec/exposubastadearte/wp-content/uploads/sites/101/2025/12/imagen_2025-12-05_111016808.png" alt="" class="wp-image-357" srcset="https://carreras.uleam.edu.ec/exposubastadearte/wp-content/uploads/sites/101/2025/12/imagen_2025-12-05_111016808.png 685w, https://carreras.uleam.edu.ec/exposubastadearte/wp-content/uploads/sites/101/2025/12/imagen_2025-12-05_111016808-248x300.png 248w, https://carreras.uleam.edu.ec/exposubastadearte/wp-content/uploads/sites/101/2025/12/imagen_2025-12-05_111016808-660x800.png 660w" sizes="auto, (max-width: 685px) 100vw, 685px" /></figure>
</figure>
