{"id":323,"date":"2025-12-05T01:29:17","date_gmt":"2025-12-05T00:29:17","guid":{"rendered":"https:\/\/carreras.uleam.edu.ec\/exposubastadearte\/?post_type=obra&#038;p=323"},"modified":"2025-12-05T01:29:18","modified_gmt":"2025-12-05T00:29:18","slug":"laguna-hibrida","status":"publish","type":"obra","link":"https:\/\/carreras.uleam.edu.ec\/exposubastadearte\/obra\/laguna-hibrida\/","title":{"rendered":"Laguna Hibrida"},"content":{"rendered":"\n<p>Una figura casi humana flota en una laguna carmes\u00ed, suspendida entre lo vivo y lo construido.<br>El agua roja es un mar de emociones densas, pensamientos que pesan m\u00e1s que el cuerpo.<br>Su quietud encarna la depresi\u00f3n: un tiempo inm\u00f3vil donde no se lucha, solo se existe.<br>Nada la arrastra ni la sostiene; simplemente permanece, agotada en su propia marea.<br>La obra revela c\u00f3mo ignoramos se\u00f1ales que gritan en silencio a nuestro alrededor.<br>Lo visible se disuelve en lo cotidiano cuando nadie decide realmente mirar.<\/p>\n\n\n\n<figure class=\"wp-block-gallery has-nested-images columns-default is-cropped wp-block-gallery-1 is-layout-flex wp-block-gallery-is-layout-flex\">\n<figure class=\"wp-block-image size-large\"><img loading=\"lazy\" decoding=\"async\" width=\"530\" height=\"570\" data-id=\"266\" src=\"https:\/\/carreras.uleam.edu.ec\/exposubastadearte\/wp-content\/uploads\/sites\/101\/2025\/12\/Captura-de-pantalla-2025-12-03-160832.png\" alt=\"\" class=\"wp-image-266\" srcset=\"https:\/\/carreras.uleam.edu.ec\/exposubastadearte\/wp-content\/uploads\/sites\/101\/2025\/12\/Captura-de-pantalla-2025-12-03-160832.png 530w, https:\/\/carreras.uleam.edu.ec\/exposubastadearte\/wp-content\/uploads\/sites\/101\/2025\/12\/Captura-de-pantalla-2025-12-03-160832-279x300.png 279w\" sizes=\"auto, (max-width: 530px) 100vw, 530px\" \/><\/figure>\n\n\n\n<figure class=\"wp-block-image size-large\"><img loading=\"lazy\" decoding=\"async\" width=\"484\" height=\"664\" data-id=\"265\" src=\"https:\/\/carreras.uleam.edu.ec\/exposubastadearte\/wp-content\/uploads\/sites\/101\/2025\/12\/Captura-de-pantalla-2025-12-03-160848.png\" alt=\"\" class=\"wp-image-265\" srcset=\"https:\/\/carreras.uleam.edu.ec\/exposubastadearte\/wp-content\/uploads\/sites\/101\/2025\/12\/Captura-de-pantalla-2025-12-03-160848.png 484w, https:\/\/carreras.uleam.edu.ec\/exposubastadearte\/wp-content\/uploads\/sites\/101\/2025\/12\/Captura-de-pantalla-2025-12-03-160848-219x300.png 219w\" sizes=\"auto, (max-width: 484px) 100vw, 484px\" \/><\/figure>\n<\/figure>\n","protected":false},"author":1063,"featured_media":265,"comment_status":"open","ping_status":"closed","template":"","meta":{"_acf_changed":true},"class_list":["post-323","obra","type-obra","status-publish","has-post-thumbnail","hentry"],"acf":[],"_links":{"self":[{"href":"https:\/\/carreras.uleam.edu.ec\/exposubastadearte\/wp-json\/wp\/v2\/obra\/323","targetHints":{"allow":["GET"]}}],"collection":[{"href":"https:\/\/carreras.uleam.edu.ec\/exposubastadearte\/wp-json\/wp\/v2\/obra"}],"about":[{"href":"https:\/\/carreras.uleam.edu.ec\/exposubastadearte\/wp-json\/wp\/v2\/types\/obra"}],"author":[{"embeddable":true,"href":"https:\/\/carreras.uleam.edu.ec\/exposubastadearte\/wp-json\/wp\/v2\/users\/1063"}],"replies":[{"embeddable":true,"href":"https:\/\/carreras.uleam.edu.ec\/exposubastadearte\/wp-json\/wp\/v2\/comments?post=323"}],"wp:featuredmedia":[{"embeddable":true,"href":"https:\/\/carreras.uleam.edu.ec\/exposubastadearte\/wp-json\/wp\/v2\/media\/265"}],"wp:attachment":[{"href":"https:\/\/carreras.uleam.edu.ec\/exposubastadearte\/wp-json\/wp\/v2\/media?parent=323"}],"curies":[{"name":"wp","href":"https:\/\/api.w.org\/{rel}","templated":true}]}}

<p>Una figura casi humana flota en una laguna carmesí, suspendida entre lo vivo y lo construido.<br>El agua roja es un mar de emociones densas, pensamientos que pesan más que el cuerpo.<br>Su quietud encarna la depresión: un tiempo inmóvil donde no se lucha, solo se existe.<br>Nada la arrastra ni la sostiene; simplemente permanece, agotada en su propia marea.<br>La obra revela cómo ignoramos señales que gritan en silencio a nuestro alrededor.<br>Lo visible se disuelve en lo cotidiano cuando nadie decide realmente mirar.</p>



<figure class="wp-block-gallery has-nested-images columns-default is-cropped wp-block-gallery-1 is-layout-flex wp-block-gallery-is-layout-flex">
<figure class="wp-block-image size-large"><img loading="lazy" decoding="async" width="530" height="570" data-id="266" src="https://carreras.uleam.edu.ec/exposubastadearte/wp-content/uploads/sites/101/2025/12/Captura-de-pantalla-2025-12-03-160832.png" alt="" class="wp-image-266" srcset="https://carreras.uleam.edu.ec/exposubastadearte/wp-content/uploads/sites/101/2025/12/Captura-de-pantalla-2025-12-03-160832.png 530w, https://carreras.uleam.edu.ec/exposubastadearte/wp-content/uploads/sites/101/2025/12/Captura-de-pantalla-2025-12-03-160832-279x300.png 279w" sizes="auto, (max-width: 530px) 100vw, 530px" /></figure>



<figure class="wp-block-image size-large"><img loading="lazy" decoding="async" width="484" height="664" data-id="265" src="https://carreras.uleam.edu.ec/exposubastadearte/wp-content/uploads/sites/101/2025/12/Captura-de-pantalla-2025-12-03-160848.png" alt="" class="wp-image-265" srcset="https://carreras.uleam.edu.ec/exposubastadearte/wp-content/uploads/sites/101/2025/12/Captura-de-pantalla-2025-12-03-160848.png 484w, https://carreras.uleam.edu.ec/exposubastadearte/wp-content/uploads/sites/101/2025/12/Captura-de-pantalla-2025-12-03-160848-219x300.png 219w" sizes="auto, (max-width: 484px) 100vw, 484px" /></figure>
</figure>
