{"id":325,"date":"2025-12-05T01:31:09","date_gmt":"2025-12-05T00:31:09","guid":{"rendered":"https:\/\/carreras.uleam.edu.ec\/exposubastadearte\/?post_type=obra&#038;p=325"},"modified":"2025-12-05T17:47:05","modified_gmt":"2025-12-05T16:47:05","slug":"veinticinco-centavos-o-veinticinco-anos","status":"publish","type":"obra","link":"https:\/\/carreras.uleam.edu.ec\/exposubastadearte\/obra\/veinticinco-centavos-o-veinticinco-anos\/","title":{"rendered":"\u00bfVeinticinco centavos o veinticinco a\u00f1os?"},"content":{"rendered":"\n<p>Reun\u00ed tapas de botellas que guardaba \u201cpara algo\u201d. Pronto se volvieron un peque\u00f1o<br>monumento a mi consumo: cada tapa, un instante de comodidad condenado a sobrevivirme<br>por d\u00e9cadas. No pretendo sermonear; es una confesi\u00f3n. Compro pl\u00e1stico, lo tiro y me culpo.<br>Al final, esta pieza pregunta menos por la vida del pl\u00e1stico que por la duraci\u00f3n de nuestras<br>excusas.<\/p>\n\n\n\n<figure class=\"wp-block-gallery has-nested-images columns-default is-cropped wp-block-gallery-1 is-layout-flex wp-block-gallery-is-layout-flex\">\n<figure class=\"wp-block-image size-full\"><img loading=\"lazy\" decoding=\"async\" width=\"428\" height=\"825\" data-id=\"373\" src=\"https:\/\/carreras.uleam.edu.ec\/exposubastadearte\/wp-content\/uploads\/sites\/101\/2025\/12\/imagen_2025-12-05_114650333.png\" alt=\"\" class=\"wp-image-373\" srcset=\"https:\/\/carreras.uleam.edu.ec\/exposubastadearte\/wp-content\/uploads\/sites\/101\/2025\/12\/imagen_2025-12-05_114650333.png 428w, https:\/\/carreras.uleam.edu.ec\/exposubastadearte\/wp-content\/uploads\/sites\/101\/2025\/12\/imagen_2025-12-05_114650333-156x300.png 156w, https:\/\/carreras.uleam.edu.ec\/exposubastadearte\/wp-content\/uploads\/sites\/101\/2025\/12\/imagen_2025-12-05_114650333-415x800.png 415w\" sizes=\"auto, (max-width: 428px) 100vw, 428px\" \/><\/figure>\n<\/figure>\n","protected":false},"author":1063,"featured_media":373,"comment_status":"open","ping_status":"closed","template":"","meta":{"_acf_changed":true},"class_list":["post-325","obra","type-obra","status-publish","has-post-thumbnail","hentry"],"acf":[],"_links":{"self":[{"href":"https:\/\/carreras.uleam.edu.ec\/exposubastadearte\/wp-json\/wp\/v2\/obra\/325","targetHints":{"allow":["GET"]}}],"collection":[{"href":"https:\/\/carreras.uleam.edu.ec\/exposubastadearte\/wp-json\/wp\/v2\/obra"}],"about":[{"href":"https:\/\/carreras.uleam.edu.ec\/exposubastadearte\/wp-json\/wp\/v2\/types\/obra"}],"author":[{"embeddable":true,"href":"https:\/\/carreras.uleam.edu.ec\/exposubastadearte\/wp-json\/wp\/v2\/users\/1063"}],"replies":[{"embeddable":true,"href":"https:\/\/carreras.uleam.edu.ec\/exposubastadearte\/wp-json\/wp\/v2\/comments?post=325"}],"wp:featuredmedia":[{"embeddable":true,"href":"https:\/\/carreras.uleam.edu.ec\/exposubastadearte\/wp-json\/wp\/v2\/media\/373"}],"wp:attachment":[{"href":"https:\/\/carreras.uleam.edu.ec\/exposubastadearte\/wp-json\/wp\/v2\/media?parent=325"}],"curies":[{"name":"wp","href":"https:\/\/api.w.org\/{rel}","templated":true}]}}

¿Veinticinco centavos o veinticinco años?

<p>Reuní tapas de botellas que guardaba “para algo”. Pronto se volvieron un pequeño<br>monumento a mi consumo: cada tapa, un instante de comodidad condenado a sobrevivirme<br>por décadas. No pretendo sermonear; es una confesión. Compro plástico, lo tiro y me culpo.<br>Al final, esta pieza pregunta menos por la vida del plástico que por la duración de nuestras<br>excusas.</p>



<figure class="wp-block-gallery has-nested-images columns-default is-cropped wp-block-gallery-1 is-layout-flex wp-block-gallery-is-layout-flex">
<figure class="wp-block-image size-full"><img loading="lazy" decoding="async" width="428" height="825" data-id="373" src="https://carreras.uleam.edu.ec/exposubastadearte/wp-content/uploads/sites/101/2025/12/imagen_2025-12-05_114650333.png" alt="" class="wp-image-373" srcset="https://carreras.uleam.edu.ec/exposubastadearte/wp-content/uploads/sites/101/2025/12/imagen_2025-12-05_114650333.png 428w, https://carreras.uleam.edu.ec/exposubastadearte/wp-content/uploads/sites/101/2025/12/imagen_2025-12-05_114650333-156x300.png 156w, https://carreras.uleam.edu.ec/exposubastadearte/wp-content/uploads/sites/101/2025/12/imagen_2025-12-05_114650333-415x800.png 415w" sizes="auto, (max-width: 428px) 100vw, 428px" /></figure>
</figure>
