{"id":327,"date":"2025-12-05T01:32:55","date_gmt":"2025-12-05T00:32:55","guid":{"rendered":"https:\/\/carreras.uleam.edu.ec\/exposubastadearte\/?post_type=obra&#038;p=327"},"modified":"2025-12-05T16:39:49","modified_gmt":"2025-12-05T15:39:49","slug":"migajas-de-carino","status":"publish","type":"obra","link":"https:\/\/carreras.uleam.edu.ec\/exposubastadearte\/obra\/migajas-de-carino\/","title":{"rendered":"Migajas de cari\u00f1o"},"content":{"rendered":"\n<p>La obra muestra como una persona puede converFrse en objeto consumible en una<br>relaci\u00f3n toxica que la desgasta, no por falta de conciencia del da\u00f1o, sino por el miedo a<br>perder a quien cree que ama, d\u00e1ndole poca importancia a las alertas rojas que ve en su<br>relaci\u00f3n por la idea de creer que \u201camar es darlo todo\u201d.<br>Llegando a reflexionar y preguntar \u00bfEn qu\u00e9 momento la entrega deja de ser un acto<br>genuino voluntario, para converFrse en un sacrificio ruFnario que alimenta a otro y<br>borrar la propia existencia?<\/p>\n\n\n\n<figure class=\"wp-block-gallery has-nested-images columns-default is-cropped wp-block-gallery-1 is-layout-flex wp-block-gallery-is-layout-flex\">\n<figure class=\"wp-block-image size-large\"><img loading=\"lazy\" decoding=\"async\" width=\"1024\" height=\"683\" data-id=\"343\" src=\"https:\/\/carreras.uleam.edu.ec\/exposubastadearte\/wp-content\/uploads\/sites\/101\/2025\/12\/imagen_2025-12-05_103930085-1024x683.png\" alt=\"\" class=\"wp-image-343\" srcset=\"https:\/\/carreras.uleam.edu.ec\/exposubastadearte\/wp-content\/uploads\/sites\/101\/2025\/12\/imagen_2025-12-05_103930085-1024x683.png 1024w, https:\/\/carreras.uleam.edu.ec\/exposubastadearte\/wp-content\/uploads\/sites\/101\/2025\/12\/imagen_2025-12-05_103930085-300x200.png 300w, https:\/\/carreras.uleam.edu.ec\/exposubastadearte\/wp-content\/uploads\/sites\/101\/2025\/12\/imagen_2025-12-05_103930085-768x512.png 768w, https:\/\/carreras.uleam.edu.ec\/exposubastadearte\/wp-content\/uploads\/sites\/101\/2025\/12\/imagen_2025-12-05_103930085-800x534.png 800w, https:\/\/carreras.uleam.edu.ec\/exposubastadearte\/wp-content\/uploads\/sites\/101\/2025\/12\/imagen_2025-12-05_103930085.png 1027w\" sizes=\"auto, (max-width: 1024px) 100vw, 1024px\" \/><\/figure>\n<\/figure>\n","protected":false},"author":1063,"featured_media":343,"comment_status":"open","ping_status":"closed","template":"","meta":{"_acf_changed":true},"class_list":["post-327","obra","type-obra","status-publish","has-post-thumbnail","hentry"],"acf":[],"_links":{"self":[{"href":"https:\/\/carreras.uleam.edu.ec\/exposubastadearte\/wp-json\/wp\/v2\/obra\/327","targetHints":{"allow":["GET"]}}],"collection":[{"href":"https:\/\/carreras.uleam.edu.ec\/exposubastadearte\/wp-json\/wp\/v2\/obra"}],"about":[{"href":"https:\/\/carreras.uleam.edu.ec\/exposubastadearte\/wp-json\/wp\/v2\/types\/obra"}],"author":[{"embeddable":true,"href":"https:\/\/carreras.uleam.edu.ec\/exposubastadearte\/wp-json\/wp\/v2\/users\/1063"}],"replies":[{"embeddable":true,"href":"https:\/\/carreras.uleam.edu.ec\/exposubastadearte\/wp-json\/wp\/v2\/comments?post=327"}],"wp:featuredmedia":[{"embeddable":true,"href":"https:\/\/carreras.uleam.edu.ec\/exposubastadearte\/wp-json\/wp\/v2\/media\/343"}],"wp:attachment":[{"href":"https:\/\/carreras.uleam.edu.ec\/exposubastadearte\/wp-json\/wp\/v2\/media?parent=327"}],"curies":[{"name":"wp","href":"https:\/\/api.w.org\/{rel}","templated":true}]}}

Migajas de cariño

<p>La obra muestra como una persona puede converFrse en objeto consumible en una<br>relación toxica que la desgasta, no por falta de conciencia del daño, sino por el miedo a<br>perder a quien cree que ama, dándole poca importancia a las alertas rojas que ve en su<br>relación por la idea de creer que “amar es darlo todo”.<br>Llegando a reflexionar y preguntar ¿En qué momento la entrega deja de ser un acto<br>genuino voluntario, para converFrse en un sacrificio ruFnario que alimenta a otro y<br>borrar la propia existencia?</p>



<figure class="wp-block-gallery has-nested-images columns-default is-cropped wp-block-gallery-1 is-layout-flex wp-block-gallery-is-layout-flex">
<figure class="wp-block-image size-large"><img loading="lazy" decoding="async" width="1024" height="683" data-id="343" src="https://carreras.uleam.edu.ec/exposubastadearte/wp-content/uploads/sites/101/2025/12/imagen_2025-12-05_103930085-1024x683.png" alt="" class="wp-image-343" srcset="https://carreras.uleam.edu.ec/exposubastadearte/wp-content/uploads/sites/101/2025/12/imagen_2025-12-05_103930085-1024x683.png 1024w, https://carreras.uleam.edu.ec/exposubastadearte/wp-content/uploads/sites/101/2025/12/imagen_2025-12-05_103930085-300x200.png 300w, https://carreras.uleam.edu.ec/exposubastadearte/wp-content/uploads/sites/101/2025/12/imagen_2025-12-05_103930085-768x512.png 768w, https://carreras.uleam.edu.ec/exposubastadearte/wp-content/uploads/sites/101/2025/12/imagen_2025-12-05_103930085-800x534.png 800w, https://carreras.uleam.edu.ec/exposubastadearte/wp-content/uploads/sites/101/2025/12/imagen_2025-12-05_103930085.png 1027w" sizes="auto, (max-width: 1024px) 100vw, 1024px" /></figure>
</figure>
