{"id":328,"date":"2025-12-05T01:33:56","date_gmt":"2025-12-05T00:33:56","guid":{"rendered":"https:\/\/carreras.uleam.edu.ec\/exposubastadearte\/?post_type=obra&#038;p=328"},"modified":"2025-12-05T17:25:47","modified_gmt":"2025-12-05T16:25:47","slug":"cuando-la-mente-olvida-soloqueda-volver-a-ser-ninos","status":"publish","type":"obra","link":"https:\/\/carreras.uleam.edu.ec\/exposubastadearte\/obra\/cuando-la-mente-olvida-soloqueda-volver-a-ser-ninos\/","title":{"rendered":"Cuando la mente olvida, soloqueda volver a ser ni\u00f1os"},"content":{"rendered":"\n<p>Hay memorias que se deshacen como arena entre<br>los dedos, y con ellas se van los nombres, los<br>abrazos, las historias compartidas. Lo que queda es<br>un vac\u00edo que pesa en la mirada, un silencio que<br>tiembla en el coraz\u00f3n de quienes acompa\u00f1an.<br>El tiempo, implacable, despoja al ser de su presente<br>y lo devuelve al origen, a la inocencia primera.<br>Como si la vida, en su \u00faltimo aliento, obligara a<br>regresar al lugar donde todo empez\u00f3: la ni\u00f1ez. All\u00ed,<br>entre juegos difusos y recuerdos quebrados, el<br>alma se repliega, ligera y vulnerable.<br>Esta obra es un canto silencioso a quienes pierden<br>su memoria en sus \u00faltimos d\u00edas y al mismo<br>tiempo un c\u00e1lido abrazo a quienes permanecen:<br>los que esperan, los que sostienen, los que aman<br>aun cuando son olvidados.<br>Porque al final, todos volvemos a ser ni\u00f1os.<\/p>\n\n\n\n<figure class=\"wp-block-gallery has-nested-images columns-default is-cropped wp-block-gallery-1 is-layout-flex wp-block-gallery-is-layout-flex\">\n<figure class=\"wp-block-image size-large\"><img loading=\"lazy\" decoding=\"async\" width=\"833\" height=\"826\" data-id=\"363\" src=\"https:\/\/carreras.uleam.edu.ec\/exposubastadearte\/wp-content\/uploads\/sites\/101\/2025\/12\/imagen_2025-12-05_112515135.png\" alt=\"\" class=\"wp-image-363\" srcset=\"https:\/\/carreras.uleam.edu.ec\/exposubastadearte\/wp-content\/uploads\/sites\/101\/2025\/12\/imagen_2025-12-05_112515135.png 833w, https:\/\/carreras.uleam.edu.ec\/exposubastadearte\/wp-content\/uploads\/sites\/101\/2025\/12\/imagen_2025-12-05_112515135-300x297.png 300w, https:\/\/carreras.uleam.edu.ec\/exposubastadearte\/wp-content\/uploads\/sites\/101\/2025\/12\/imagen_2025-12-05_112515135-150x150.png 150w, https:\/\/carreras.uleam.edu.ec\/exposubastadearte\/wp-content\/uploads\/sites\/101\/2025\/12\/imagen_2025-12-05_112515135-768x762.png 768w, https:\/\/carreras.uleam.edu.ec\/exposubastadearte\/wp-content\/uploads\/sites\/101\/2025\/12\/imagen_2025-12-05_112515135-800x793.png 800w\" sizes=\"auto, (max-width: 833px) 100vw, 833px\" \/><\/figure>\n\n\n\n<figure class=\"wp-block-image size-large\"><img loading=\"lazy\" decoding=\"async\" width=\"581\" height=\"586\" data-id=\"217\" src=\"https:\/\/carreras.uleam.edu.ec\/exposubastadearte\/wp-content\/uploads\/sites\/101\/2025\/12\/Captura-de-pantalla-2025-12-03-183402.png\" alt=\"\" class=\"wp-image-217\" srcset=\"https:\/\/carreras.uleam.edu.ec\/exposubastadearte\/wp-content\/uploads\/sites\/101\/2025\/12\/Captura-de-pantalla-2025-12-03-183402.png 581w, https:\/\/carreras.uleam.edu.ec\/exposubastadearte\/wp-content\/uploads\/sites\/101\/2025\/12\/Captura-de-pantalla-2025-12-03-183402-297x300.png 297w, https:\/\/carreras.uleam.edu.ec\/exposubastadearte\/wp-content\/uploads\/sites\/101\/2025\/12\/Captura-de-pantalla-2025-12-03-183402-150x150.png 150w\" sizes=\"auto, (max-width: 581px) 100vw, 581px\" \/><\/figure>\n\n\n\n<figure class=\"wp-block-image size-large\"><img loading=\"lazy\" decoding=\"async\" width=\"585\" height=\"429\" data-id=\"216\" src=\"https:\/\/carreras.uleam.edu.ec\/exposubastadearte\/wp-content\/uploads\/sites\/101\/2025\/12\/Captura-de-pantalla-2025-12-03-183419.png\" alt=\"\" class=\"wp-image-216\" srcset=\"https:\/\/carreras.uleam.edu.ec\/exposubastadearte\/wp-content\/uploads\/sites\/101\/2025\/12\/Captura-de-pantalla-2025-12-03-183419.png 585w, https:\/\/carreras.uleam.edu.ec\/exposubastadearte\/wp-content\/uploads\/sites\/101\/2025\/12\/Captura-de-pantalla-2025-12-03-183419-300x220.png 300w\" sizes=\"auto, (max-width: 585px) 100vw, 585px\" \/><\/figure>\n<\/figure>\n","protected":false},"author":1063,"featured_media":363,"comment_status":"open","ping_status":"closed","template":"","meta":{"_acf_changed":true},"class_list":["post-328","obra","type-obra","status-publish","has-post-thumbnail","hentry"],"acf":[],"_links":{"self":[{"href":"https:\/\/carreras.uleam.edu.ec\/exposubastadearte\/wp-json\/wp\/v2\/obra\/328","targetHints":{"allow":["GET"]}}],"collection":[{"href":"https:\/\/carreras.uleam.edu.ec\/exposubastadearte\/wp-json\/wp\/v2\/obra"}],"about":[{"href":"https:\/\/carreras.uleam.edu.ec\/exposubastadearte\/wp-json\/wp\/v2\/types\/obra"}],"author":[{"embeddable":true,"href":"https:\/\/carreras.uleam.edu.ec\/exposubastadearte\/wp-json\/wp\/v2\/users\/1063"}],"replies":[{"embeddable":true,"href":"https:\/\/carreras.uleam.edu.ec\/exposubastadearte\/wp-json\/wp\/v2\/comments?post=328"}],"wp:featuredmedia":[{"embeddable":true,"href":"https:\/\/carreras.uleam.edu.ec\/exposubastadearte\/wp-json\/wp\/v2\/media\/363"}],"wp:attachment":[{"href":"https:\/\/carreras.uleam.edu.ec\/exposubastadearte\/wp-json\/wp\/v2\/media?parent=328"}],"curies":[{"name":"wp","href":"https:\/\/api.w.org\/{rel}","templated":true}]}}

Cuando la mente olvida, soloqueda volver a ser niños

<p>Hay memorias que se deshacen como arena entre<br>los dedos, y con ellas se van los nombres, los<br>abrazos, las historias compartidas. Lo que queda es<br>un vacío que pesa en la mirada, un silencio que<br>tiembla en el corazón de quienes acompañan.<br>El tiempo, implacable, despoja al ser de su presente<br>y lo devuelve al origen, a la inocencia primera.<br>Como si la vida, en su último aliento, obligara a<br>regresar al lugar donde todo empezó: la niñez. Allí,<br>entre juegos difusos y recuerdos quebrados, el<br>alma se repliega, ligera y vulnerable.<br>Esta obra es un canto silencioso a quienes pierden<br>su memoria en sus últimos días y al mismo<br>tiempo un cálido abrazo a quienes permanecen:<br>los que esperan, los que sostienen, los que aman<br>aun cuando son olvidados.<br>Porque al final, todos volvemos a ser niños.</p>



<figure class="wp-block-gallery has-nested-images columns-default is-cropped wp-block-gallery-1 is-layout-flex wp-block-gallery-is-layout-flex">
<figure class="wp-block-image size-large"><img loading="lazy" decoding="async" width="833" height="826" data-id="363" src="https://carreras.uleam.edu.ec/exposubastadearte/wp-content/uploads/sites/101/2025/12/imagen_2025-12-05_112515135.png" alt="" class="wp-image-363" srcset="https://carreras.uleam.edu.ec/exposubastadearte/wp-content/uploads/sites/101/2025/12/imagen_2025-12-05_112515135.png 833w, https://carreras.uleam.edu.ec/exposubastadearte/wp-content/uploads/sites/101/2025/12/imagen_2025-12-05_112515135-300x297.png 300w, https://carreras.uleam.edu.ec/exposubastadearte/wp-content/uploads/sites/101/2025/12/imagen_2025-12-05_112515135-150x150.png 150w, https://carreras.uleam.edu.ec/exposubastadearte/wp-content/uploads/sites/101/2025/12/imagen_2025-12-05_112515135-768x762.png 768w, https://carreras.uleam.edu.ec/exposubastadearte/wp-content/uploads/sites/101/2025/12/imagen_2025-12-05_112515135-800x793.png 800w" sizes="auto, (max-width: 833px) 100vw, 833px" /></figure>



<figure class="wp-block-image size-large"><img loading="lazy" decoding="async" width="581" height="586" data-id="217" src="https://carreras.uleam.edu.ec/exposubastadearte/wp-content/uploads/sites/101/2025/12/Captura-de-pantalla-2025-12-03-183402.png" alt="" class="wp-image-217" srcset="https://carreras.uleam.edu.ec/exposubastadearte/wp-content/uploads/sites/101/2025/12/Captura-de-pantalla-2025-12-03-183402.png 581w, https://carreras.uleam.edu.ec/exposubastadearte/wp-content/uploads/sites/101/2025/12/Captura-de-pantalla-2025-12-03-183402-297x300.png 297w, https://carreras.uleam.edu.ec/exposubastadearte/wp-content/uploads/sites/101/2025/12/Captura-de-pantalla-2025-12-03-183402-150x150.png 150w" sizes="auto, (max-width: 581px) 100vw, 581px" /></figure>



<figure class="wp-block-image size-large"><img loading="lazy" decoding="async" width="585" height="429" data-id="216" src="https://carreras.uleam.edu.ec/exposubastadearte/wp-content/uploads/sites/101/2025/12/Captura-de-pantalla-2025-12-03-183419.png" alt="" class="wp-image-216" srcset="https://carreras.uleam.edu.ec/exposubastadearte/wp-content/uploads/sites/101/2025/12/Captura-de-pantalla-2025-12-03-183419.png 585w, https://carreras.uleam.edu.ec/exposubastadearte/wp-content/uploads/sites/101/2025/12/Captura-de-pantalla-2025-12-03-183419-300x220.png 300w" sizes="auto, (max-width: 585px) 100vw, 585px" /></figure>
</figure>
