{"id":329,"date":"2025-12-05T01:35:07","date_gmt":"2025-12-05T00:35:07","guid":{"rendered":"https:\/\/carreras.uleam.edu.ec\/exposubastadearte\/?post_type=obra&#038;p=329"},"modified":"2025-12-05T17:40:44","modified_gmt":"2025-12-05T16:40:44","slug":"fuera-de-lugar","status":"publish","type":"obra","link":"https:\/\/carreras.uleam.edu.ec\/exposubastadearte\/obra\/fuera-de-lugar\/","title":{"rendered":"Fuera de lugar"},"content":{"rendered":"\n<p>Si miras desde lejos,parecer\u00e1 perfecto:un auto rojo brillante,con llantas firmesy vidrios perfectos.Pero basta dar un paso,para descubrir las imperfecciones que esconde:matices desentonados,relieves inc\u00f3modos,medidas incoherentes.Si te atreves a acercarte m\u00e1s,si te quedas hasta sentir el fr\u00edo del papel,leer\u00e1s el contrato que pulsa debajo:un pacto de palabras negativas,contra el mismo objeto que las escribi\u00f3.Por eso no es f\u00e1cil ofrecerlo,por eso cuesta mostrarlo.Esta pintura recoge d\u00edas enterosen los que la ansiedad y la angustiaeran el \u00fanico idioma posible.Cada hoja nace de un momento vulnerable,de un coraz\u00f3n acelerado y adolorido.Porque a veces somos eso:algo que no encaja,algo fuera de lugar,un objeto brillante por fuera,que esconde debajo un contrato fr\u00e1gil,lleno de d\u00edas rotos.<\/p>\n\n\n\n<figure class=\"wp-block-gallery has-nested-images columns-default is-cropped wp-block-gallery-1 is-layout-flex wp-block-gallery-is-layout-flex\">\n<figure class=\"wp-block-image size-full\"><img loading=\"lazy\" decoding=\"async\" width=\"990\" height=\"823\" data-id=\"368\" src=\"https:\/\/carreras.uleam.edu.ec\/exposubastadearte\/wp-content\/uploads\/sites\/101\/2025\/12\/imagen_2025-12-05_113945145.png\" alt=\"\" class=\"wp-image-368\" srcset=\"https:\/\/carreras.uleam.edu.ec\/exposubastadearte\/wp-content\/uploads\/sites\/101\/2025\/12\/imagen_2025-12-05_113945145.png 990w, https:\/\/carreras.uleam.edu.ec\/exposubastadearte\/wp-content\/uploads\/sites\/101\/2025\/12\/imagen_2025-12-05_113945145-300x249.png 300w, https:\/\/carreras.uleam.edu.ec\/exposubastadearte\/wp-content\/uploads\/sites\/101\/2025\/12\/imagen_2025-12-05_113945145-768x638.png 768w, https:\/\/carreras.uleam.edu.ec\/exposubastadearte\/wp-content\/uploads\/sites\/101\/2025\/12\/imagen_2025-12-05_113945145-800x665.png 800w\" sizes=\"auto, (max-width: 990px) 100vw, 990px\" \/><\/figure>\n\n\n\n<figure class=\"wp-block-image size-large\"><img loading=\"lazy\" decoding=\"async\" width=\"576\" height=\"163\" data-id=\"213\" src=\"https:\/\/carreras.uleam.edu.ec\/exposubastadearte\/wp-content\/uploads\/sites\/101\/2025\/12\/Captura-de-pantalla-2025-12-03-183824.png\" alt=\"\" class=\"wp-image-213\" srcset=\"https:\/\/carreras.uleam.edu.ec\/exposubastadearte\/wp-content\/uploads\/sites\/101\/2025\/12\/Captura-de-pantalla-2025-12-03-183824.png 576w, https:\/\/carreras.uleam.edu.ec\/exposubastadearte\/wp-content\/uploads\/sites\/101\/2025\/12\/Captura-de-pantalla-2025-12-03-183824-300x85.png 300w\" sizes=\"auto, (max-width: 576px) 100vw, 576px\" \/><\/figure>\n\n\n\n<figure class=\"wp-block-image size-large\"><img loading=\"lazy\" decoding=\"async\" width=\"576\" height=\"257\" data-id=\"214\" src=\"https:\/\/carreras.uleam.edu.ec\/exposubastadearte\/wp-content\/uploads\/sites\/101\/2025\/12\/Captura-de-pantalla-2025-12-03-183811.png\" alt=\"\" class=\"wp-image-214\" srcset=\"https:\/\/carreras.uleam.edu.ec\/exposubastadearte\/wp-content\/uploads\/sites\/101\/2025\/12\/Captura-de-pantalla-2025-12-03-183811.png 576w, https:\/\/carreras.uleam.edu.ec\/exposubastadearte\/wp-content\/uploads\/sites\/101\/2025\/12\/Captura-de-pantalla-2025-12-03-183811-300x134.png 300w\" sizes=\"auto, (max-width: 576px) 100vw, 576px\" \/><\/figure>\n<\/figure>\n","protected":false},"author":1063,"featured_media":368,"comment_status":"open","ping_status":"closed","template":"","meta":{"_acf_changed":false},"class_list":["post-329","obra","type-obra","status-publish","has-post-thumbnail","hentry"],"acf":[],"_links":{"self":[{"href":"https:\/\/carreras.uleam.edu.ec\/exposubastadearte\/wp-json\/wp\/v2\/obra\/329","targetHints":{"allow":["GET"]}}],"collection":[{"href":"https:\/\/carreras.uleam.edu.ec\/exposubastadearte\/wp-json\/wp\/v2\/obra"}],"about":[{"href":"https:\/\/carreras.uleam.edu.ec\/exposubastadearte\/wp-json\/wp\/v2\/types\/obra"}],"author":[{"embeddable":true,"href":"https:\/\/carreras.uleam.edu.ec\/exposubastadearte\/wp-json\/wp\/v2\/users\/1063"}],"replies":[{"embeddable":true,"href":"https:\/\/carreras.uleam.edu.ec\/exposubastadearte\/wp-json\/wp\/v2\/comments?post=329"}],"wp:featuredmedia":[{"embeddable":true,"href":"https:\/\/carreras.uleam.edu.ec\/exposubastadearte\/wp-json\/wp\/v2\/media\/368"}],"wp:attachment":[{"href":"https:\/\/carreras.uleam.edu.ec\/exposubastadearte\/wp-json\/wp\/v2\/media?parent=329"}],"curies":[{"name":"wp","href":"https:\/\/api.w.org\/{rel}","templated":true}]}}

<p>Si miras desde lejos,parecerá perfecto:un auto rojo brillante,con llantas firmesy vidrios perfectos.Pero basta dar un paso,para descubrir las imperfecciones que esconde:matices desentonados,relieves incómodos,medidas incoherentes.Si te atreves a acercarte más,si te quedas hasta sentir el frío del papel,leerás el contrato que pulsa debajo:un pacto de palabras negativas,contra el mismo objeto que las escribió.Por eso no es fácil ofrecerlo,por eso cuesta mostrarlo.Esta pintura recoge días enterosen los que la ansiedad y la angustiaeran el único idioma posible.Cada hoja nace de un momento vulnerable,de un corazón acelerado y adolorido.Porque a veces somos eso:algo que no encaja,algo fuera de lugar,un objeto brillante por fuera,que esconde debajo un contrato frágil,lleno de días rotos.</p>



<figure class="wp-block-gallery has-nested-images columns-default is-cropped wp-block-gallery-1 is-layout-flex wp-block-gallery-is-layout-flex">
<figure class="wp-block-image size-full"><img loading="lazy" decoding="async" width="990" height="823" data-id="368" src="https://carreras.uleam.edu.ec/exposubastadearte/wp-content/uploads/sites/101/2025/12/imagen_2025-12-05_113945145.png" alt="" class="wp-image-368" srcset="https://carreras.uleam.edu.ec/exposubastadearte/wp-content/uploads/sites/101/2025/12/imagen_2025-12-05_113945145.png 990w, https://carreras.uleam.edu.ec/exposubastadearte/wp-content/uploads/sites/101/2025/12/imagen_2025-12-05_113945145-300x249.png 300w, https://carreras.uleam.edu.ec/exposubastadearte/wp-content/uploads/sites/101/2025/12/imagen_2025-12-05_113945145-768x638.png 768w, https://carreras.uleam.edu.ec/exposubastadearte/wp-content/uploads/sites/101/2025/12/imagen_2025-12-05_113945145-800x665.png 800w" sizes="auto, (max-width: 990px) 100vw, 990px" /></figure>



<figure class="wp-block-image size-large"><img loading="lazy" decoding="async" width="576" height="163" data-id="213" src="https://carreras.uleam.edu.ec/exposubastadearte/wp-content/uploads/sites/101/2025/12/Captura-de-pantalla-2025-12-03-183824.png" alt="" class="wp-image-213" srcset="https://carreras.uleam.edu.ec/exposubastadearte/wp-content/uploads/sites/101/2025/12/Captura-de-pantalla-2025-12-03-183824.png 576w, https://carreras.uleam.edu.ec/exposubastadearte/wp-content/uploads/sites/101/2025/12/Captura-de-pantalla-2025-12-03-183824-300x85.png 300w" sizes="auto, (max-width: 576px) 100vw, 576px" /></figure>



<figure class="wp-block-image size-large"><img loading="lazy" decoding="async" width="576" height="257" data-id="214" src="https://carreras.uleam.edu.ec/exposubastadearte/wp-content/uploads/sites/101/2025/12/Captura-de-pantalla-2025-12-03-183811.png" alt="" class="wp-image-214" srcset="https://carreras.uleam.edu.ec/exposubastadearte/wp-content/uploads/sites/101/2025/12/Captura-de-pantalla-2025-12-03-183811.png 576w, https://carreras.uleam.edu.ec/exposubastadearte/wp-content/uploads/sites/101/2025/12/Captura-de-pantalla-2025-12-03-183811-300x134.png 300w" sizes="auto, (max-width: 576px) 100vw, 576px" /></figure>
</figure>
