{"id":164,"date":"2023-01-12T22:12:35","date_gmt":"2023-01-12T22:12:35","guid":{"rendered":"https:\/\/carreras.uleam.edu.ec\/extension-chone\/?page_id=164"},"modified":"2025-03-14T14:56:40","modified_gmt":"2025-03-14T14:56:40","slug":"carrera-software","status":"publish","type":"page","link":"https:\/\/carreras.uleam.edu.ec\/extension-chone\/carrera-software\/","title":{"rendered":"Carrera Software"},"content":{"rendered":"\t\t<div data-elementor-type=\"wp-page\" data-elementor-id=\"164\" class=\"elementor elementor-164\" data-elementor-settings=\"[]\">\n\t\t\t\t\t\t\t<div class=\"elementor-section-wrap\">\n\t\t\t\t\t\t\t<section class=\"elementor-section elementor-top-section elementor-element elementor-element-a05bb7c elementor-section-boxed elementor-section-height-default elementor-section-height-default\" data-id=\"a05bb7c\" data-element_type=\"section\">\n\t\t\t\t\t\t<div class=\"elementor-container elementor-column-gap-default\">\n\t\t\t\t\t<div class=\"elementor-column elementor-col-100 elementor-top-column elementor-element elementor-element-05865a4\" data-id=\"05865a4\" data-element_type=\"column\">\n\t\t\t<div class=\"elementor-widget-wrap elementor-element-populated\">\n\t\t\t\t\t\t\t\t<div class=\"elementor-element elementor-element-63a1bab elementor-tabs-view-horizontal elementor-widget elementor-widget-tabs\" data-id=\"63a1bab\" data-element_type=\"widget\" data-widget_type=\"tabs.default\">\n\t\t\t\t<div class=\"elementor-widget-container\">\n\t\t\t\t\t<div class=\"elementor-tabs\">\n\t\t\t<div class=\"elementor-tabs-wrapper\" role=\"tablist\" >\n\t\t\t\t\t\t\t\t\t<div id=\"elementor-tab-title-1041\" class=\"elementor-tab-title elementor-tab-desktop-title\" aria-selected=\"true\" data-tab=\"1\" role=\"tab\" tabindex=\"0\" aria-controls=\"elementor-tab-content-1041\" aria-expanded=\"false\">Descripci\u00f3n General de la Carrera<\/div>\n\t\t\t\t\t\t\t\t\t<div id=\"elementor-tab-title-1042\" class=\"elementor-tab-title elementor-tab-desktop-title\" aria-selected=\"false\" data-tab=\"2\" role=\"tab\" tabindex=\"-1\" aria-controls=\"elementor-tab-content-1042\" aria-expanded=\"false\">Malla Curricular<\/div>\n\t\t\t\t\t\t\t\t\t<div id=\"elementor-tab-title-1043\" class=\"elementor-tab-title elementor-tab-desktop-title\" aria-selected=\"false\" data-tab=\"3\" role=\"tab\" tabindex=\"-1\" aria-controls=\"elementor-tab-content-1043\" aria-expanded=\"false\">Docentes<\/div>\n\t\t\t\t\t\t\t\t\t<div id=\"elementor-tab-title-1044\" class=\"elementor-tab-title elementor-tab-desktop-title\" aria-selected=\"false\" data-tab=\"4\" role=\"tab\" tabindex=\"-1\" aria-controls=\"elementor-tab-content-1044\" aria-expanded=\"false\">Datos Generales<\/div>\n\t\t\t\t\t\t\t\t\t<div id=\"elementor-tab-title-1045\" class=\"elementor-tab-title elementor-tab-desktop-title\" aria-selected=\"false\" data-tab=\"5\" role=\"tab\" tabindex=\"-1\" aria-controls=\"elementor-tab-content-1045\" aria-expanded=\"false\">Gesti\u00f3n y Proceso Estudiantil<\/div>\n\t\t\t\t\t\t\t<\/div>\n\t\t\t<div class=\"elementor-tabs-content-wrapper\" role=\"tablist\" aria-orientation=\"vertical\">\n\t\t\t\t\t\t\t\t\t<div class=\"elementor-tab-title elementor-tab-mobile-title\" aria-selected=\"true\" data-tab=\"1\" role=\"tab\" tabindex=\"0\" aria-controls=\"elementor-tab-content-1041\" aria-expanded=\"false\">Descripci\u00f3n General de la Carrera<\/div>\n\t\t\t\t\t<div id=\"elementor-tab-content-1041\" class=\"elementor-tab-content elementor-clearfix\" data-tab=\"1\" role=\"tabpanel\" aria-labelledby=\"elementor-tab-title-1041\" tabindex=\"0\" hidden=\"false\"><ul><li>Nombre de la Carrera:\u00a0 \u00a0 \u00a0 \u00a0 \u00a0 \u00a0 \u00a0 \u00a0 \u00a0 \u00a0 \u00a0 Software<\/li><li>T\u00edtulo que otorga:\u00a0 \u00a0 \u00a0 \u00a0 \u00a0 \u00a0 \u00a0 \u00a0 \u00a0 \u00a0 \u00a0 \u00a0 \u00a0 \u00a0 \u00a0 Ingeniero\/a de Software<\/li><li>Modalidad de Aprendizaje:\u00a0 \u00a0 \u00a0 \u00a0 \u00a0 \u00a0 \u00a0 Presencial<\/li><li>N\u00fameros de periodos ordinarios:\u00a0 \u00a08<\/li><\/ul><p style=\"text-align: justify\"><span style=\"text-decoration: underline\">Objetivo General:<\/span><\/p><p style=\"text-align: justify\">Formar Ingenieros de software que a partir del desarrollo de software, datos, redes y gesti\u00f3n de proyectos que contribuyan al desarrollo de las TIC, a la generaci\u00f3n de la riqueza nacional, al incremento de las exportaciones de alta, media y baja intensidad tecnol\u00f3gica al mejoramiento continuo-sist\u00e9mico de las organizaciones con \u00e9tica y responsabilidad social.<\/p><p><span style=\"text-decoration: underline\">Perfil de Ingreso:<\/span><\/p><ul style=\"text-align: justify\"><li>-Inter\u00e9s general por el manejo y uso de la computadora, dispositivos m\u00f3viles y dem\u00e1s dispositivos inform\u00e1ticos, as\u00ed como de su software.<\/li><li>-Capacidad de an\u00e1lisis, s\u00edntesis y abstracci\u00f3n.<\/li><li>-Predisposici\u00f3n para trabajar en actividades cient\u00edficas y acad\u00e9micas.<\/li><li>-Habilidad para trabajar en grupo de manera cort\u00e9s y comprometida.<\/li><li>-Actitud responsable con compromiso social para el mejoramiento de la calidad de vida de la poblaci\u00f3n. En general, el perfil de ingreso es determinado por las competencias y habilidades evaluadas a trav\u00e9s del Sistema Nacional de Nivelaci\u00f3n y Admisi\u00f3n en el Examen Integrado, Ser Bachiller, o el mecanismo que a futuro se considere para el proceso.<\/li><\/ul><p><span style=\"text-decoration: underline\">Requisitos de Ingreso:<\/span><\/p><ul style=\"text-align: justify\"><li>-Poseer t\u00edtulo de bachiller o su equivalente, de conformidad con la Ley.<\/li><li>-Haber cumplido los requisitos normados por el Sistema de Nivelaci\u00f3n y Admisi\u00f3n.<\/li><li>-Cumplir con la entrega de documentaci\u00f3n personal y habilitante en la secretar\u00eda general de la Universidad.<\/li><li>-Para casos de movilidad interna o externa cumplir con los requisitos establecidos en el Art. 96 del Reglamento de R\u00e9gimen Acad\u00e9mico para cambios.<\/li><\/ul><p><span style=\"text-decoration: underline\">Requisitos de Graduaci\u00f3n:<\/span><\/p><ul><li>-Haber aprobado las asignaturas de las unidades b\u00e1sica y profesional del plan curricular de la Carrera.<\/li><li>-Acreditar nivel de suficiencia B1 en un idioma extranjero por medio del certificado emitido u homologado por el Instituto de idiomas de la Universidad en sus diferentes modalidades: Cursos complementarios o Convenio con Institutos acreditados.<\/li><li>-Aprobar el trabajo de integraci\u00f3n curricular de conformidad con lo establecido en el Reglamento Interno de R\u00e9gimen Acad\u00e9mico.<\/li><li>-Acreditar el cumplimiento de los requisitos de titulaci\u00f3n establecidos en la LOES: pr\u00e1cticas laborales y de servicio comunitario seg\u00fan lo aprobado en el proyecto de carrera.<\/li><\/ul><p><span style=\"text-decoration: underline\">Modalidades de Titulaci\u00f3n:<\/span><\/p><ul><li style=\"list-style-type: none\"><ul><li>-Examen de grado o de fin de carrera<\/li><li>-Proyectos de investigaci\u00f3n<\/li><li>-Proyectos integradores<\/li><li>-Sistematizaci\u00f3n de Experiencias<\/li><\/ul><\/li><\/ul><p><span style=\"text-decoration: underline\">Campo Ocupacional:<\/span><\/p><p style=\"text-align: justify\">El Ingeniero en Software es un profesional creativo y comunicativo que hace uso adecuado de las herramientas y materiales espec\u00edficos de su profesi\u00f3n y dirige, crea, asesora o innova con soluciones integradas de sistemas de software y de datos al servicio de personas y organizaciones de diversos campos de actuaci\u00f3n, sustentado en est\u00e1ndares, manifiestos, buenas pr\u00e1cticas, modelos, metodolog\u00edas de administraci\u00f3n del ciclo de vida de los productos software y sus tecnolog\u00edas de implementaci\u00f3n adecuadas.<\/p><\/div>\n\t\t\t\t\t\t\t\t\t<div class=\"elementor-tab-title elementor-tab-mobile-title\" aria-selected=\"false\" data-tab=\"2\" role=\"tab\" tabindex=\"-1\" aria-controls=\"elementor-tab-content-1042\" aria-expanded=\"false\">Malla Curricular<\/div>\n\t\t\t\t\t<div id=\"elementor-tab-content-1042\" class=\"elementor-tab-content elementor-clearfix\" data-tab=\"2\" role=\"tabpanel\" aria-labelledby=\"elementor-tab-title-1042\" tabindex=\"0\" hidden=\"hidden\"><p><a href=\"https:\/\/carreras.uleam.edu.ec\/extension-chone\/wp-content\/uploads\/sites\/78\/2024\/07\/MALLA-SOFTWARE.pdf\" target=\"_blank\" rel=\"noopener\"><img loading=\"lazy\" decoding=\"async\" class=\"aligncenter wp-image-932 size-large\" src=\"https:\/\/carreras.uleam.edu.ec\/extension-chone\/wp-content\/uploads\/sites\/78\/2024\/07\/malla-software-878x1024.png\" alt=\"\" width=\"878\" height=\"1024\" srcset=\"https:\/\/carreras.uleam.edu.ec\/extension-chone\/wp-content\/uploads\/sites\/78\/2024\/07\/malla-software-878x1024.png 878w, https:\/\/carreras.uleam.edu.ec\/extension-chone\/wp-content\/uploads\/sites\/78\/2024\/07\/malla-software-257x300.png 257w, https:\/\/carreras.uleam.edu.ec\/extension-chone\/wp-content\/uploads\/sites\/78\/2024\/07\/malla-software-768x896.png 768w, https:\/\/carreras.uleam.edu.ec\/extension-chone\/wp-content\/uploads\/sites\/78\/2024\/07\/malla-software-1317x1536.png 1317w, https:\/\/carreras.uleam.edu.ec\/extension-chone\/wp-content\/uploads\/sites\/78\/2024\/07\/malla-software-1756x2048.png 1756w\" sizes=\"auto, (max-width: 878px) 100vw, 878px\" \/><\/a><\/p><\/div>\n\t\t\t\t\t\t\t\t\t<div class=\"elementor-tab-title elementor-tab-mobile-title\" aria-selected=\"false\" data-tab=\"3\" role=\"tab\" tabindex=\"-1\" aria-controls=\"elementor-tab-content-1043\" aria-expanded=\"false\">Docentes<\/div>\n\t\t\t\t\t<div id=\"elementor-tab-content-1043\" class=\"elementor-tab-content elementor-clearfix\" data-tab=\"3\" role=\"tabpanel\" aria-labelledby=\"elementor-tab-title-1043\" tabindex=\"0\" hidden=\"hidden\"><ul><li>Andrade Acosta Nilo Walker, Ing.<\/li><li>Barreiro Vera Bella Aurora, Lic.<\/li><li>Briones Mera Junior Antonio, Lic.<\/li><li>Castillo Bravo Eliecer Francisco, Lic.<\/li><li>Cornejo Moreira Frank Aquino, Ing.<\/li><li>Delgado Cede\u00f1o Miguel Fabi\u00e1n, Ing.<\/li><li>Garc\u00eda Mera Jes\u00fas Alberto, Ing.<\/li><li>Mendoza Loor Jorge Luis, Lic.<\/li><li>Minaya Vera Cristhian Gustavo, Lic.<\/li><li>Villa Palma Cristhian Marcony, Ing.<\/li><li>Zambrano V\u00e9lez Jonathan David, Ing.<\/li><li>Zambrano Villegas Yenny Alexandra, Lic.<\/li><li>Zambrano Zambrano Michael Alejandro, Ing.<\/li><\/ul><\/div>\n\t\t\t\t\t\t\t\t\t<div class=\"elementor-tab-title elementor-tab-mobile-title\" aria-selected=\"false\" data-tab=\"4\" role=\"tab\" tabindex=\"-1\" aria-controls=\"elementor-tab-content-1044\" aria-expanded=\"false\">Datos Generales<\/div>\n\t\t\t\t\t<div id=\"elementor-tab-content-1044\" class=\"elementor-tab-content elementor-clearfix\" data-tab=\"4\" role=\"tabpanel\" aria-labelledby=\"elementor-tab-title-1044\" tabindex=\"0\" hidden=\"hidden\"><ul><li style=\"text-align: center\">Lic. Martha Lorena Mendoza Navarrete, Mgtr.<\/li><li style=\"text-align: center\">COORDINADORA DE CARRERA<\/li><li style=\"text-align: center\"><a href=\"mailto:martha.mendoza@uleam.edu.ec\">martha.mendoza@uleam.edu.ec<\/a><\/li><\/ul><hr \/><ul style=\"text-align: center\"><li>Econ. Martha Alejandra Vera Bravo<\/li><li>SECRETARIA<\/li><li><a href=\"mailto:martha.vera@uleam.edu.ec\">martha.vera@uleam.edu.ec<\/a><\/li><\/ul><hr \/><ul><li style=\"text-align: center\">HORARIO DE ATENCI\u00d3N:<\/li><li style=\"text-align: center\">08:00 a 12:00 14:00 a 18:00<\/li><\/ul><\/div>\n\t\t\t\t\t\t\t\t\t<div class=\"elementor-tab-title elementor-tab-mobile-title\" aria-selected=\"false\" data-tab=\"5\" role=\"tab\" tabindex=\"-1\" aria-controls=\"elementor-tab-content-1045\" aria-expanded=\"false\">Gesti\u00f3n y Proceso Estudiantil<\/div>\n\t\t\t\t\t<div id=\"elementor-tab-content-1045\" class=\"elementor-tab-content elementor-clearfix\" data-tab=\"5\" role=\"tabpanel\" aria-labelledby=\"elementor-tab-title-1045\" tabindex=\"0\" hidden=\"hidden\"><ul><li>\u21d2\u00a0<a href=\"https:\/\/carreras.uleam.edu.ec\/extension-chone\/wp-content\/uploads\/sites\/78\/2024\/07\/PRACTICA-LABORABLES-SOFTWARE.png\" target=\"_blank\" rel=\"noopener\">Pr\u00e1cticas Pre-profesionales<\/a><\/li><li>\u21d2 <a href=\"https:\/\/carreras.uleam.edu.ec\/extension-chone\/wp-content\/uploads\/sites\/78\/2025\/03\/COMISIONES-SOFTWARE.png\" target=\"_blank\" rel=\"noopener\">Comisiones<\/a><\/li><li>\u21d2 <a href=\"https:\/\/departamentos.uleam.edu.ec\/gestion-aseguramiento-calidad\/2019\/04\/08\/matricula\/\">Matr\u00edcula<\/a><\/li><li>\u21d2 <a href=\"https:\/\/departamentos.uleam.edu.ec\/gestion-aseguramiento-calidad\/reingreso-de-estudiantes\/\">Reingreso de estudiantes<\/a><\/li><li>\u21d2 <a href=\"https:\/\/departamentos.uleam.edu.ec\/gestion-aseguramiento-calidad\/homologacion-de-estudios-por-analisis-comparativo-de-contenidos\/\">Homologaci\u00f3n de Estudios por An\u00e1lisis \u00a0Comparativo de Contenidos<\/a><\/li><\/ul><\/div>\n\t\t\t\t\t\t\t<\/div>\n\t\t<\/div>\n\t\t\t\t<\/div>\n\t\t\t\t<\/div>\n\t\t\t\t\t<\/div>\n\t\t<\/div>\n\t\t\t\t\t\t\t<\/div>\n\t\t<\/section>\n\t\t\t\t\t\t<\/div>\n\t\t\t\t\t<\/div>\n\t\t","protected":false},"excerpt":{"rendered":"<p>Descripci\u00f3n General de la Carrera Malla Curricular Docentes Datos Generales Gesti\u00f3n y Proceso Estudiantil Descripci\u00f3n General de la Carrera Nombre de la Carrera:\u00a0 \u00a0 \u00a0 \u00a0 \u00a0 \u00a0 \u00a0 \u00a0 \u00a0 \u00a0 \u00a0 Software T\u00edtulo que otorga:\u00a0 \u00a0 \u00a0 \u00a0 [&hellip;]<\/p>\n","protected":false},"author":7,"featured_media":0,"parent":0,"menu_order":0,"comment_status":"closed","ping_status":"closed","template":"","meta":{"_acf_changed":false,"footnotes":""},"class_list":["post-164","page","type-page","status-publish","hentry"],"acf":[],"_links":{"self":[{"href":"https:\/\/carreras.uleam.edu.ec\/extension-chone\/wp-json\/wp\/v2\/pages\/164","targetHints":{"allow":["GET"]}}],"collection":[{"href":"https:\/\/carreras.uleam.edu.ec\/extension-chone\/wp-json\/wp\/v2\/pages"}],"about":[{"href":"https:\/\/carreras.uleam.edu.ec\/extension-chone\/wp-json\/wp\/v2\/types\/page"}],"author":[{"embeddable":true,"href":"https:\/\/carreras.uleam.edu.ec\/extension-chone\/wp-json\/wp\/v2\/users\/7"}],"replies":[{"embeddable":true,"href":"https:\/\/carreras.uleam.edu.ec\/extension-chone\/wp-json\/wp\/v2\/comments?post=164"}],"version-history":[{"count":40,"href":"https:\/\/carreras.uleam.edu.ec\/extension-chone\/wp-json\/wp\/v2\/pages\/164\/revisions"}],"predecessor-version":[{"id":1063,"href":"https:\/\/carreras.uleam.edu.ec\/extension-chone\/wp-json\/wp\/v2\/pages\/164\/revisions\/1063"}],"wp:attachment":[{"href":"https:\/\/carreras.uleam.edu.ec\/extension-chone\/wp-json\/wp\/v2\/media?parent=164"}],"curies":[{"name":"wp","href":"https:\/\/api.w.org\/{rel}","templated":true}]}}