{"id":704,"date":"2023-09-04T14:48:19","date_gmt":"2023-09-04T14:48:19","guid":{"rendered":"https:\/\/carreras.uleam.edu.ec\/extension-chone\/?page_id=704"},"modified":"2025-03-14T16:35:01","modified_gmt":"2025-03-14T16:35:01","slug":"carrera-ingenieria-electrica","status":"publish","type":"page","link":"https:\/\/carreras.uleam.edu.ec\/extension-chone\/carrera-ingenieria-electrica\/","title":{"rendered":"Carrera Electricidad"},"content":{"rendered":"\t\t<div data-elementor-type=\"wp-page\" data-elementor-id=\"704\" class=\"elementor elementor-704\" data-elementor-settings=\"[]\">\n\t\t\t\t\t\t\t<div class=\"elementor-section-wrap\">\n\t\t\t\t\t\t\t<section class=\"elementor-section elementor-top-section elementor-element elementor-element-333c1c9 elementor-section-boxed elementor-section-height-default elementor-section-height-default\" data-id=\"333c1c9\" data-element_type=\"section\">\n\t\t\t\t\t\t<div class=\"elementor-container elementor-column-gap-default\">\n\t\t\t\t\t<div class=\"elementor-column elementor-col-100 elementor-top-column elementor-element elementor-element-acfcc88\" data-id=\"acfcc88\" data-element_type=\"column\">\n\t\t\t<div class=\"elementor-widget-wrap elementor-element-populated\">\n\t\t\t\t\t\t\t\t<div class=\"elementor-element elementor-element-8d79846 elementor-tabs-view-horizontal elementor-widget elementor-widget-tabs\" data-id=\"8d79846\" data-element_type=\"widget\" data-widget_type=\"tabs.default\">\n\t\t\t\t<div class=\"elementor-widget-container\">\n\t\t\t\t\t<div class=\"elementor-tabs\">\n\t\t\t<div class=\"elementor-tabs-wrapper\" role=\"tablist\" >\n\t\t\t\t\t\t\t\t\t<div id=\"elementor-tab-title-1481\" class=\"elementor-tab-title elementor-tab-desktop-title\" aria-selected=\"true\" data-tab=\"1\" role=\"tab\" tabindex=\"0\" aria-controls=\"elementor-tab-content-1481\" aria-expanded=\"false\">Misi\u00f3n y Visi\u00f3n<\/div>\n\t\t\t\t\t\t\t\t\t<div id=\"elementor-tab-title-1482\" class=\"elementor-tab-title elementor-tab-desktop-title\" aria-selected=\"false\" data-tab=\"2\" role=\"tab\" tabindex=\"-1\" aria-controls=\"elementor-tab-content-1482\" aria-expanded=\"false\">Descripci\u00f3n General de la Carrera<\/div>\n\t\t\t\t\t\t\t\t\t<div id=\"elementor-tab-title-1483\" class=\"elementor-tab-title elementor-tab-desktop-title\" aria-selected=\"false\" data-tab=\"3\" role=\"tab\" tabindex=\"-1\" aria-controls=\"elementor-tab-content-1483\" aria-expanded=\"false\">Malla Curricular<\/div>\n\t\t\t\t\t\t\t\t\t<div id=\"elementor-tab-title-1484\" class=\"elementor-tab-title elementor-tab-desktop-title\" aria-selected=\"false\" data-tab=\"4\" role=\"tab\" tabindex=\"-1\" aria-controls=\"elementor-tab-content-1484\" aria-expanded=\"false\">Docentes<\/div>\n\t\t\t\t\t\t\t\t\t<div id=\"elementor-tab-title-1485\" class=\"elementor-tab-title elementor-tab-desktop-title\" aria-selected=\"false\" data-tab=\"5\" role=\"tab\" tabindex=\"-1\" aria-controls=\"elementor-tab-content-1485\" aria-expanded=\"false\">Datos Generales<\/div>\n\t\t\t\t\t\t\t\t\t<div id=\"elementor-tab-title-1486\" class=\"elementor-tab-title elementor-tab-desktop-title\" aria-selected=\"false\" data-tab=\"6\" role=\"tab\" tabindex=\"-1\" aria-controls=\"elementor-tab-content-1486\" aria-expanded=\"false\">Gesti\u00f3n y Proceso Estudiantil<\/div>\n\t\t\t\t\t\t\t<\/div>\n\t\t\t<div class=\"elementor-tabs-content-wrapper\" role=\"tablist\" aria-orientation=\"vertical\">\n\t\t\t\t\t\t\t\t\t<div class=\"elementor-tab-title elementor-tab-mobile-title\" aria-selected=\"true\" data-tab=\"1\" role=\"tab\" tabindex=\"0\" aria-controls=\"elementor-tab-content-1481\" aria-expanded=\"false\">Misi\u00f3n y Visi\u00f3n<\/div>\n\t\t\t\t\t<div id=\"elementor-tab-content-1481\" class=\"elementor-tab-content elementor-clearfix\" data-tab=\"1\" role=\"tabpanel\" aria-labelledby=\"elementor-tab-title-1481\" tabindex=\"0\" hidden=\"false\"><p style=\"text-align: justify\"><span style=\"text-decoration: underline\">Misi\u00f3n<\/span><\/p><p style=\"text-align: justify\">La Facultad de Ingenier\u00eda, Industria y Construcci\u00f3n, se centra en el compromiso con la sociedad de formar profesionales creativos, emprendedores y competentes, con s\u00f3lidos conocimientos, en arquitectura y urbanismo, que contribuyan significativamente al mejoramiento de las condiciones de vida de la comunidad, fortaleciendo la identidad cultural de la regi\u00f3n y el pa\u00eds.<\/p><p style=\"text-align: justify\"><span style=\"text-decoration: underline\">Visi\u00f3n<\/span><\/p><p style=\"text-align: justify\">Alcanzar en el a\u00f1o 2019 la excelencia acad\u00e9mica fundamentada en la investigaci\u00f3n, constituy\u00e9ndose en un referente anal\u00edtico, cr\u00edtico y reflexivo en el quehacer urbano-arquitect\u00f3nico, bajo un enfoque bioc\u00e9ntrico, human\u00edstico y pragm\u00e1tico de la regi\u00f3n y del pa\u00eds.<\/p><\/div>\n\t\t\t\t\t\t\t\t\t<div class=\"elementor-tab-title elementor-tab-mobile-title\" aria-selected=\"false\" data-tab=\"2\" role=\"tab\" tabindex=\"-1\" aria-controls=\"elementor-tab-content-1482\" aria-expanded=\"false\">Descripci\u00f3n General de la Carrera<\/div>\n\t\t\t\t\t<div id=\"elementor-tab-content-1482\" class=\"elementor-tab-content elementor-clearfix\" data-tab=\"2\" role=\"tabpanel\" aria-labelledby=\"elementor-tab-title-1482\" tabindex=\"0\" hidden=\"hidden\"><ul><li style=\"text-align: justify\">Nombre de la Carrera:\u00a0\u00a0\u00a0\u00a0\u00a0\u00a0\u00a0\u00a0\u00a0\u00a0\u00a0\u00a0\u00a0\u00a0\u00a0\u00a0\u00a0\u00a0\u00a0\u00a0\u00a0\u00a0 Electricidad<\/li><li style=\"text-align: justify\">T\u00edtulo que otorga:\u00a0\u00a0\u00a0\u00a0\u00a0\u00a0\u00a0\u00a0\u00a0\u00a0\u00a0\u00a0\u00a0\u00a0\u00a0\u00a0\u00a0\u00a0\u00a0\u00a0\u00a0\u00a0\u00a0\u00a0\u00a0\u00a0\u00a0\u00a0\u00a0\u00a0 Ingeniero\/a El\u00e9ctrico\/a<\/li><li style=\"text-align: justify\">Modalidad de Aprendizaje:\u00a0\u00a0\u00a0\u00a0\u00a0\u00a0\u00a0\u00a0\u00a0\u00a0\u00a0\u00a0\u00a0\u00a0 Presencial<\/li><li style=\"text-align: justify\">N\u00fameros de periodos ordinarios:\u00a0\u00a0\u00a0 9<\/li><\/ul><p style=\"text-align: justify\"><span style=\"text-decoration: underline\">Objetivo General:<\/span><\/p><p style=\"text-align: justify\">Formar ingenieros\/as el\u00e9ctricos \/as capaces de resolver problemas relacionados con la generaci\u00f3n, transportaci\u00f3n, distribuci\u00f3n y control de la energ\u00eda el\u00e9ctrica, aportando significativamente al cambio de la matriz productiva; que coadyuven al desarrollo nacional, con una visi\u00f3n t\u00e9cnica, cient\u00edfica y human\u00edstica que responda a las necesidades reales de la sociedad y particularmente al sector productivo.<\/p><p style=\"text-align: justify\"><span style=\"text-decoration: underline\">Perfil de Ingreso:<\/span><\/p><p style=\"text-align: justify\">El aspirante a esta carrera deber\u00e1 caracterizarse por tener:<\/p><ul style=\"text-align: justify\"><li>&#8211; Comunicarse en lengua materna, utilizando los diferentes tipos de lenguaje.<\/li><li>&#8211; Utilizar de manera eficiente las diferentes formas de pensamiento: anal\u00edtico, sist\u00e9mico, deductivo, argumentativo, cr\u00edtico y creativo en la soluci\u00f3n de problemas.<\/li><li>&#8211; Trabajar en equipo con diversidad cultural y social.<\/li><li>&#8211; Utilizar la tecnolog\u00eda como soporte de sus procesos de aprendizaje.<\/li><li>&#8211; Demostrar inter\u00e9s por su auto preparaci\u00f3n y formaci\u00f3n profesional.<\/li><li>&#8211; Disposici\u00f3n para el desarrollo de h\u00e1bitos saludables y deportivos.<\/li><\/ul><p style=\"text-align: justify\"><span style=\"text-decoration: underline\">Requisitos de Ingreso:<\/span><\/p><ul style=\"text-align: justify\"><li>Poseer t\u00edtulo de bachiller o su equivalente debidamente reconocido por el ministerio de educaci\u00f3n.<\/li><li>&#8211; Haber cumplido con los requisitos normados por el sistema de nivelaci\u00f3n y admisi\u00f3n, el mismo que observara los principios de igualdad de oportunidades, m\u00e9rito y capacidad.<\/li><li>&#8211; Cumplir con la entrega de documentaci\u00f3n personal y habilitante en secretaria de carrera.<\/li><li>&#8211; En casos especiales, certificados de reconocimiento y homologaci\u00f3n de estudios de otras IES de conformidad con los art. 81, 82 y 83 del Reglamento de R\u00e9gimen Acad\u00e9mico del CES.<\/li><\/ul><p style=\"text-align: justify\"><span style=\"text-decoration: underline\">Requisitos de Graduaci\u00f3n:<\/span><\/p><ul style=\"text-align: justify\"><li>&#8211; Haber aprobado la malla curricular, incluyendo las practicas preprofesionales y vinculaci\u00f3n con la colectividad.<\/li><li>&#8211; Haber aprobado una modalidad de titulaci\u00f3n dentro de lo establecido en las normas institucionales.<\/li><li>&#8211; Acreditar suficiencia en la competencia comunicativa a nivel B1 -MCER del Idioma Ingl\u00e9s.<\/li><\/ul><p style=\"text-align: justify\"><span style=\"text-decoration: underline\">Modalidades de Titulaci\u00f3n:<\/span><\/p><ul style=\"text-align: justify\"><li>&#8211; Proyectos de investigaci\u00f3n<\/li><li>&#8211; Proyectos T\u00e9cnicos<\/li><\/ul><p style=\"text-align: justify\"><span style=\"text-decoration: underline\">Perfil de Egreso:<\/span><\/p><ul style=\"text-align: justify\"><li>&#8211; El desempe\u00f1o del Ingeniero El\u00e9ctrico de la Universidad Laica Eloy Alfaro de Manab\u00ed est\u00e1 orientado a las empresas de generaci\u00f3n, transmisi\u00f3n y distribuci\u00f3n de la energ\u00eda el\u00e9ctrica, y en los sistemas el\u00e9ctricos industriales, aplicando equipos con tecnolog\u00eda de punta, que le permitan fomentar la producci\u00f3n en forma \u00f3ptima y su aplicaci\u00f3n en los sistemas residenciales, comerciales e industriales.<\/li><li>\u00a0<\/li><li>&#8211; Conocer los fundamentos te\u00f3ricos relacionados a los fen\u00f3menos el\u00e9ctricos de la transformaci\u00f3n e innovaci\u00f3n de la energ\u00eda el\u00e9ctrica en el contexto de la energ\u00eda global; desde la explotaci\u00f3n de los recursos naturales hasta su utilizaci\u00f3n con fines energ\u00e9ticos de manera sostenible, sustentable, y comprender los procesos de producci\u00f3n, transporte, distribuci\u00f3n y comercializaci\u00f3n de la energ\u00eda el\u00e9ctrica racionalizada<\/li><\/ul><p style=\"text-align: justify\"><span style=\"text-decoration: underline\">Perfil Profesional:<\/span><\/p><ul style=\"text-align: justify\"><li>&#8211; El Ingeniero El\u00e9ctrico de la Universidad Laica Eloy Alfaro de Manab\u00ed es un profesional innovador, con s\u00f3lida formaci\u00f3n en ciencias b\u00e1sicas, human\u00edsticas, organizacionales y tecnol\u00f3gicas, consciente del compromiso social para el desarrollo de la regi\u00f3n y el pa\u00eds en la participaci\u00f3n de proyectos, con las siguientes fortalezas:<\/li><li>&#8211; Capacidad de identificaci\u00f3n, an\u00e1lisis, y soluci\u00f3n a problemas propios de la ingenier\u00eda el\u00e9ctrica y afines.<\/li><li>&#8211; S\u00f3lida formaci\u00f3n cient\u00edfica e investigativa en el campo energ\u00e9tico, que permitir\u00e1 la participaci\u00f3n en la actualizaci\u00f3n y transformaci\u00f3n del sector el\u00e9ctrico y electr\u00f3nico, implementando y\/o creando nuevas metodolog\u00edas.<\/li><li>&#8211; Capacidad para la planeaci\u00f3n, el dise\u00f1o, la construcci\u00f3n y gesti\u00f3n de proyectos de generaci\u00f3n, transmisi\u00f3n, distribuci\u00f3n, comercializaci\u00f3n, utilizaci\u00f3n y control de la energ\u00eda el\u00e9ctrica.<\/li><li>&#8211; Capacidad para la planeaci\u00f3n, el dise\u00f1o e implementaci\u00f3n de proyectos de automatizaci\u00f3n de m\u00e1quinas y procesos industriales.<\/li><li>&#8211; Alto sentido de trabajo interdisciplinario y liderazgo para conformar, dirigir y gestionar equipos de profesionales o sistemas organizacionales<\/li><li>&#8211; Capacidad para realizar auditor\u00edas energ\u00e9ticas, orientadas al uso racional y ahorro de la energ\u00eda el\u00e9ctrica.<\/li><\/ul><p style=\"text-align: justify\">COMPETENCIAS<\/p><p style=\"text-align: justify\"><u>Competencias gen\u00e9ricas<\/u><\/p><ul style=\"text-align: justify\"><li>&#8211; Capacidad de abstracci\u00f3n, an\u00e1lisis y s\u00edntesis<\/li><li>&#8211; Comunicaci\u00f3n en un segundo idioma<\/li><li>&#8211; Responsabilidad social y compromiso ciudadano<\/li><li>&#8211; Capacidad de comunicaci\u00f3n oral y escrita<\/li><li>&#8211; Capacidad de aplicar los conocimientos en la pr\u00e1ctica<\/li><\/ul><p style=\"text-align: justify\"><u>Competencias espec\u00edficas<\/u><\/p><ul><li style=\"text-align: justify\">&#8211; Eval\u00faa sistemas de generaci\u00f3n, subestaci\u00f3n, transmisi\u00f3n, distribuci\u00f3n de la energ\u00eda el\u00e9ctrica utilizando tecnolog\u00eda de punta.<\/li><li style=\"text-align: justify\">&#8211; Capacidad de abstracci\u00f3n, an\u00e1lisis y s\u00edntesis sobre tecnolog\u00eda y equipos de \u00faltima generaci\u00f3n en \u00e1rea de la energ\u00eda el\u00e9ctrica en un segundo idioma.<\/li><li style=\"text-align: justify\">&#8211; Dise\u00f1a, construye y opera sistemas de generaci\u00f3n, subestaciones, sistemas de transmisi\u00f3n, sistemas de distribuci\u00f3n de la energ\u00eda el\u00e9ctrica.<\/li><li style=\"text-align: justify\">&#8211; Utiliza las diversas capacidades multidisciplinaria de trabajo en equipo, delegando funciones y logrando resultados globales de calidad.<\/li><li style=\"text-align: justify\">&#8211; Capacidad y habilidad para tomar las decisiones correctas que conlleven la soluci\u00f3n de los problemas en forma segura y eficiente.<\/li><li style=\"text-align: justify\">&#8211; Habilidad para el uso de las tecnolog\u00edas de la informaci\u00f3n y la comunicaci\u00f3n que le permita su aplicabilidad e inserci\u00f3n en el mercado laboral.<\/li><li style=\"text-align: justify\">&#8211; Capacidad de formular y gestionar proyectos innovadores, comprometidos con el medio sociocultural, medio ambiente y la calidad de vida.<\/li><li style=\"text-align: justify\">&#8211; Capacidad de dise\u00f1ar e implementar sistemas de automatizaci\u00f3n de m\u00e1quinas y procesos industriales.<\/li><\/ul><\/div>\n\t\t\t\t\t\t\t\t\t<div class=\"elementor-tab-title elementor-tab-mobile-title\" aria-selected=\"false\" data-tab=\"3\" role=\"tab\" tabindex=\"-1\" aria-controls=\"elementor-tab-content-1483\" aria-expanded=\"false\">Malla Curricular<\/div>\n\t\t\t\t\t<div id=\"elementor-tab-content-1483\" class=\"elementor-tab-content elementor-clearfix\" data-tab=\"3\" role=\"tabpanel\" aria-labelledby=\"elementor-tab-title-1483\" tabindex=\"0\" hidden=\"hidden\"><p style=\"text-align: center\"><a href=\"https:\/\/carreras.uleam.edu.ec\/extension-chone\/wp-content\/uploads\/sites\/78\/2024\/07\/MALLA-ELECTRICIDAD.pdf\" target=\"_blank\" rel=\"noopener\"><img loading=\"lazy\" decoding=\"async\" class=\"alignnone wp-image-839 size-large\" src=\"https:\/\/carreras.uleam.edu.ec\/extension-chone\/wp-content\/uploads\/sites\/78\/2024\/07\/malla-electricidad-1024x633.png\" alt=\"\" width=\"1024\" height=\"633\" srcset=\"https:\/\/carreras.uleam.edu.ec\/extension-chone\/wp-content\/uploads\/sites\/78\/2024\/07\/malla-electricidad-1024x633.png 1024w, https:\/\/carreras.uleam.edu.ec\/extension-chone\/wp-content\/uploads\/sites\/78\/2024\/07\/malla-electricidad-300x186.png 300w, https:\/\/carreras.uleam.edu.ec\/extension-chone\/wp-content\/uploads\/sites\/78\/2024\/07\/malla-electricidad-768x475.png 768w, https:\/\/carreras.uleam.edu.ec\/extension-chone\/wp-content\/uploads\/sites\/78\/2024\/07\/malla-electricidad-1536x950.png 1536w, https:\/\/carreras.uleam.edu.ec\/extension-chone\/wp-content\/uploads\/sites\/78\/2024\/07\/malla-electricidad-2048x1267.png 2048w\" sizes=\"auto, (max-width: 1024px) 100vw, 1024px\" \/><\/a><\/p><\/div>\n\t\t\t\t\t\t\t\t\t<div class=\"elementor-tab-title elementor-tab-mobile-title\" aria-selected=\"false\" data-tab=\"4\" role=\"tab\" tabindex=\"-1\" aria-controls=\"elementor-tab-content-1484\" aria-expanded=\"false\">Docentes<\/div>\n\t\t\t\t\t<div id=\"elementor-tab-content-1484\" class=\"elementor-tab-content elementor-clearfix\" data-tab=\"4\" role=\"tabpanel\" aria-labelledby=\"elementor-tab-title-1484\" tabindex=\"0\" hidden=\"hidden\"><ul><li>Alc\u00edvar Intriago Andres Aladino, Arq.<\/li><li>\u00c1vila Vera Sim\u00f3n Alberto, Ing.<\/li><li>Due\u00f1as Vera Miguel \u00c1ngel, Ing.<\/li><li>Garc\u00eda Flores De V\u00e1lgaz Galo Roberto, Ing.<\/li><li>Loor Sol\u00f3rzano Orley Teodocio, Ing.<\/li><\/ul><\/div>\n\t\t\t\t\t\t\t\t\t<div class=\"elementor-tab-title elementor-tab-mobile-title\" aria-selected=\"false\" data-tab=\"5\" role=\"tab\" tabindex=\"-1\" aria-controls=\"elementor-tab-content-1485\" aria-expanded=\"false\">Datos Generales<\/div>\n\t\t\t\t\t<div id=\"elementor-tab-content-1485\" class=\"elementor-tab-content elementor-clearfix\" data-tab=\"5\" role=\"tabpanel\" aria-labelledby=\"elementor-tab-title-1485\" tabindex=\"0\" hidden=\"hidden\"><ul><li style=\"text-align: center\">Lic. Martha Lorena Mendoza Navarrete<\/li><li style=\"text-align: center\">COORDINADORA DE CARRERA<\/li><li style=\"text-align: center\"><a href=\"mailto:martha.mendoza@uleam.edu.ec\">martha.mendoza@uleam.edu.ec<\/a><\/li><\/ul><hr \/><ul><li style=\"text-align: center\">Econ. Martha Alejandra Vera Bravo<\/li><li style=\"text-align: center\">SECRETARIA<\/li><li style=\"text-align: center\"><a href=\"mailto:martha.vera@uleam.edu.ec\">martha.vera@uleam.edu.ec<\/a><\/li><li><hr \/><\/li><li style=\"text-align: center\"><p style=\"text-align: center\"><u>Horario de Atenci\u00f3n: <\/u><\/p><p>08:00 a 12:00<\/p><\/li><li style=\"text-align: center\">14:00 a 18:00<\/li><\/ul><\/div>\n\t\t\t\t\t\t\t\t\t<div class=\"elementor-tab-title elementor-tab-mobile-title\" aria-selected=\"false\" data-tab=\"6\" role=\"tab\" tabindex=\"-1\" aria-controls=\"elementor-tab-content-1486\" aria-expanded=\"false\">Gesti\u00f3n y Proceso Estudiantil<\/div>\n\t\t\t\t\t<div id=\"elementor-tab-content-1486\" class=\"elementor-tab-content elementor-clearfix\" data-tab=\"6\" role=\"tabpanel\" aria-labelledby=\"elementor-tab-title-1486\" tabindex=\"0\" hidden=\"hidden\"><ul><li>\u21d2<a href=\"https:\/\/carreras.uleam.edu.ec\/extension-chone\/wp-content\/uploads\/sites\/78\/2024\/07\/PRACTICA-PRE.png\" target=\"_blank\" rel=\"noopener\">\u00a0Pr\u00e1cticas Pre-profesionales<\/a><\/li><li>\u21d2\u00a0<a href=\"https:\/\/carreras.uleam.edu.ec\/extension-chone\/wp-content\/uploads\/sites\/78\/2025\/03\/COMISIONES-ELECTRICIDAD.png\" target=\"_blank\" rel=\"noopener\">Comisiones<\/a><\/li><li>\u21d2\u00a0<a href=\"https:\/\/departamentos.uleam.edu.ec\/gestion-aseguramiento-calidad\/2019\/04\/08\/matricula\/\">Matr\u00edcula<\/a><\/li><li>\u21d2\u00a0<a href=\"https:\/\/departamentos.uleam.edu.ec\/gestion-aseguramiento-calidad\/reingreso-de-estudiantes\/\">Reingreso de estudiantes<\/a><\/li><li>\u21d2\u00a0<a href=\"https:\/\/departamentos.uleam.edu.ec\/gestion-aseguramiento-calidad\/homologacion-de-estudios-por-analisis-comparativo-de-contenidos\/\">Homologaci\u00f3n de Estudios por An\u00e1lisis Comparativo de Contenidos<\/a><\/li><\/ul><\/div>\n\t\t\t\t\t\t\t<\/div>\n\t\t<\/div>\n\t\t\t\t<\/div>\n\t\t\t\t<\/div>\n\t\t\t\t\t<\/div>\n\t\t<\/div>\n\t\t\t\t\t\t\t<\/div>\n\t\t<\/section>\n\t\t\t\t\t\t<\/div>\n\t\t\t\t\t<\/div>\n\t\t","protected":false},"excerpt":{"rendered":"<p>Misi\u00f3n y Visi\u00f3n Descripci\u00f3n General de la Carrera Malla Curricular Docentes Datos Generales Gesti\u00f3n y Proceso Estudiantil Misi\u00f3n y Visi\u00f3n Misi\u00f3n La Facultad de Ingenier\u00eda, Industria y Construcci\u00f3n, se centra en el compromiso con la sociedad de formar profesionales creativos, [&hellip;]<\/p>\n","protected":false},"author":7,"featured_media":0,"parent":0,"menu_order":0,"comment_status":"closed","ping_status":"closed","template":"","meta":{"_acf_changed":false,"footnotes":""},"class_list":["post-704","page","type-page","status-publish","hentry"],"acf":[],"_links":{"self":[{"href":"https:\/\/carreras.uleam.edu.ec\/extension-chone\/wp-json\/wp\/v2\/pages\/704","targetHints":{"allow":["GET"]}}],"collection":[{"href":"https:\/\/carreras.uleam.edu.ec\/extension-chone\/wp-json\/wp\/v2\/pages"}],"about":[{"href":"https:\/\/carreras.uleam.edu.ec\/extension-chone\/wp-json\/wp\/v2\/types\/page"}],"author":[{"embeddable":true,"href":"https:\/\/carreras.uleam.edu.ec\/extension-chone\/wp-json\/wp\/v2\/users\/7"}],"replies":[{"embeddable":true,"href":"https:\/\/carreras.uleam.edu.ec\/extension-chone\/wp-json\/wp\/v2\/comments?post=704"}],"version-history":[{"count":27,"href":"https:\/\/carreras.uleam.edu.ec\/extension-chone\/wp-json\/wp\/v2\/pages\/704\/revisions"}],"predecessor-version":[{"id":1089,"href":"https:\/\/carreras.uleam.edu.ec\/extension-chone\/wp-json\/wp\/v2\/pages\/704\/revisions\/1089"}],"wp:attachment":[{"href":"https:\/\/carreras.uleam.edu.ec\/extension-chone\/wp-json\/wp\/v2\/media?parent=704"}],"curies":[{"name":"wp","href":"https:\/\/api.w.org\/{rel}","templated":true}]}}