{"id":22,"date":"2022-09-09T03:45:51","date_gmt":"2022-09-09T03:45:51","guid":{"rendered":"https:\/\/carreras.uleam.edu.ec\/extension-pedernales\/?page_id=22"},"modified":"2024-01-26T13:54:33","modified_gmt":"2024-01-26T13:54:33","slug":"inicio","status":"publish","type":"page","link":"https:\/\/carreras.uleam.edu.ec\/extension-pedernales\/","title":{"rendered":"Inicio"},"content":{"rendered":"\t\t<div data-elementor-type=\"wp-page\" data-elementor-id=\"22\" class=\"elementor elementor-22\" data-elementor-settings=\"[]\">\n\t\t\t\t\t\t\t<div class=\"elementor-section-wrap\">\n\t\t\t\t\t\t\t<section class=\"elementor-section elementor-top-section elementor-element elementor-element-b42382b elementor-section-full_width elementor-section-height-default elementor-section-height-default\" data-id=\"b42382b\" data-element_type=\"section\">\n\t\t\t\t\t\t<div class=\"elementor-container elementor-column-gap-default\">\n\t\t\t\t\t<div class=\"elementor-column elementor-col-100 elementor-top-column elementor-element elementor-element-e91e1d9\" data-id=\"e91e1d9\" data-element_type=\"column\">\n\t\t\t<div class=\"elementor-widget-wrap elementor-element-populated\">\n\t\t\t\t\t\t\t\t<div class=\"elementor-element elementor-element-26e88e9 elementor-widget elementor-widget-image\" data-id=\"26e88e9\" data-element_type=\"widget\" data-widget_type=\"image.default\">\n\t\t\t\t<div class=\"elementor-widget-container\">\n\t\t\t\t\t\t\t\t\t\t\t\t\t\t\t<img loading=\"lazy\" decoding=\"async\" width=\"3236\" height=\"882\" src=\"https:\/\/carreras.uleam.edu.ec\/extension-pedernales\/wp-content\/uploads\/sites\/80\/2022\/09\/CABECERA-PEDERNALES.png\" class=\"attachment-full size-full\" alt=\"\" srcset=\"https:\/\/carreras.uleam.edu.ec\/extension-pedernales\/wp-content\/uploads\/sites\/80\/2022\/09\/CABECERA-PEDERNALES.png 3236w, https:\/\/carreras.uleam.edu.ec\/extension-pedernales\/wp-content\/uploads\/sites\/80\/2022\/09\/CABECERA-PEDERNALES-300x82.png 300w, https:\/\/carreras.uleam.edu.ec\/extension-pedernales\/wp-content\/uploads\/sites\/80\/2022\/09\/CABECERA-PEDERNALES-1024x279.png 1024w, https:\/\/carreras.uleam.edu.ec\/extension-pedernales\/wp-content\/uploads\/sites\/80\/2022\/09\/CABECERA-PEDERNALES-768x209.png 768w, https:\/\/carreras.uleam.edu.ec\/extension-pedernales\/wp-content\/uploads\/sites\/80\/2022\/09\/CABECERA-PEDERNALES-1536x419.png 1536w, https:\/\/carreras.uleam.edu.ec\/extension-pedernales\/wp-content\/uploads\/sites\/80\/2022\/09\/CABECERA-PEDERNALES-2048x558.png 2048w\" sizes=\"auto, (max-width: 3236px) 100vw, 3236px\" \/>\t\t\t\t\t\t\t\t\t\t\t\t\t\t\t<\/div>\n\t\t\t\t<\/div>\n\t\t\t\t\t<\/div>\n\t\t<\/div>\n\t\t\t\t\t\t\t<\/div>\n\t\t<\/section>\n\t\t\t\t<section class=\"elementor-section elementor-top-section elementor-element elementor-element-b471c91 elementor-section-boxed elementor-section-height-default elementor-section-height-default\" data-id=\"b471c91\" data-element_type=\"section\">\n\t\t\t\t\t\t<div class=\"elementor-container elementor-column-gap-default\">\n\t\t\t\t\t<div class=\"elementor-column elementor-col-100 elementor-top-column elementor-element elementor-element-c62d5cf\" data-id=\"c62d5cf\" data-element_type=\"column\">\n\t\t\t<div class=\"elementor-widget-wrap elementor-element-populated\">\n\t\t\t\t\t\t\t\t<div class=\"elementor-element elementor-element-c95e457 elementor-tabs-view-horizontal elementor-widget elementor-widget-tabs\" data-id=\"c95e457\" data-element_type=\"widget\" data-widget_type=\"tabs.default\">\n\t\t\t\t<div class=\"elementor-widget-container\">\n\t\t\t\t\t<div class=\"elementor-tabs\">\n\t\t\t<div class=\"elementor-tabs-wrapper\" role=\"tablist\" >\n\t\t\t\t\t\t\t\t\t<div id=\"elementor-tab-title-2111\" class=\"elementor-tab-title elementor-tab-desktop-title\" aria-selected=\"true\" data-tab=\"1\" role=\"tab\" tabindex=\"0\" aria-controls=\"elementor-tab-content-2111\" aria-expanded=\"false\">Promocional de la Extensi\u00f3n Pedernales <\/div>\n\t\t\t\t\t\t\t\t\t<div id=\"elementor-tab-title-2112\" class=\"elementor-tab-title elementor-tab-desktop-title\" aria-selected=\"false\" data-tab=\"2\" role=\"tab\" tabindex=\"-1\" aria-controls=\"elementor-tab-content-2112\" aria-expanded=\"false\">Carreras<\/div>\n\t\t\t\t\t\t\t\t\t<div id=\"elementor-tab-title-2113\" class=\"elementor-tab-title elementor-tab-desktop-title\" aria-selected=\"false\" data-tab=\"3\" role=\"tab\" tabindex=\"-1\" aria-controls=\"elementor-tab-content-2113\" aria-expanded=\"false\">Autoridades<\/div>\n\t\t\t\t\t\t\t\t\t<div id=\"elementor-tab-title-2114\" class=\"elementor-tab-title elementor-tab-desktop-title\" aria-selected=\"false\" data-tab=\"4\" role=\"tab\" tabindex=\"-1\" aria-controls=\"elementor-tab-content-2114\" aria-expanded=\"false\">Misi\u00f3n y Visi\u00f3n<\/div>\n\t\t\t\t\t\t\t\t\t<div id=\"elementor-tab-title-2115\" class=\"elementor-tab-title elementor-tab-desktop-title\" aria-selected=\"false\" data-tab=\"5\" role=\"tab\" tabindex=\"-1\" aria-controls=\"elementor-tab-content-2115\" aria-expanded=\"false\">Organigrama<\/div>\n\t\t\t\t\t\t\t\t\t<div id=\"elementor-tab-title-2116\" class=\"elementor-tab-title elementor-tab-desktop-title\" aria-selected=\"false\" data-tab=\"6\" role=\"tab\" tabindex=\"-1\" aria-controls=\"elementor-tab-content-2116\" aria-expanded=\"false\">Convenios<\/div>\n\t\t\t\t\t\t\t<\/div>\n\t\t\t<div class=\"elementor-tabs-content-wrapper\" role=\"tablist\" aria-orientation=\"vertical\">\n\t\t\t\t\t\t\t\t\t<div class=\"elementor-tab-title elementor-tab-mobile-title\" aria-selected=\"true\" data-tab=\"1\" role=\"tab\" tabindex=\"0\" aria-controls=\"elementor-tab-content-2111\" aria-expanded=\"false\">Promocional de la Extensi\u00f3n Pedernales <\/div>\n\t\t\t\t\t<div id=\"elementor-tab-content-2111\" class=\"elementor-tab-content elementor-clearfix\" data-tab=\"1\" role=\"tabpanel\" aria-labelledby=\"elementor-tab-title-2111\" tabindex=\"0\" hidden=\"false\"><p><iframe loading=\"lazy\" title=\"Extensi\u00f3n Pedernales  \ud83d\udd34EN VIVO EXPO-ULEAM 2024\" width=\"500\" height=\"281\" src=\"https:\/\/www.youtube.com\/embed\/LKGpGREE03E?feature=oembed\" frameborder=\"0\" allow=\"accelerometer; autoplay; clipboard-write; encrypted-media; gyroscope; picture-in-picture; web-share\" referrerpolicy=\"strict-origin-when-cross-origin\" allowfullscreen><\/iframe><\/p><\/div>\n\t\t\t\t\t\t\t\t\t<div class=\"elementor-tab-title elementor-tab-mobile-title\" aria-selected=\"false\" data-tab=\"2\" role=\"tab\" tabindex=\"-1\" aria-controls=\"elementor-tab-content-2112\" aria-expanded=\"false\">Carreras<\/div>\n\t\t\t\t\t<div id=\"elementor-tab-content-2112\" class=\"elementor-tab-content elementor-clearfix\" data-tab=\"2\" role=\"tabpanel\" aria-labelledby=\"elementor-tab-title-2112\" tabindex=\"0\" hidden=\"hidden\"><div class=\"elementor-element elementor-element-60dca8d elementor-widget elementor-widget-text-editor\" data-id=\"60dca8d\" data-element_type=\"widget\" data-widget_type=\"text-editor.default\"><div class=\"elementor-widget-container\"><div class=\"elementor-text-editor elementor-clearfix\"><ul><li><span style=\"color: #000000\"><a style=\"color: #000000\" role=\"link\" href=\"https:\/\/carreras.uleam.edu.ec\/extension-pedernales\/carrera-de-administracion-de-empresas-extension-pedernales\/\"><strong>Administraci\u00f3n de Empresas<\/strong><\/a><\/span><\/li><li><span style=\"color: #000000\"><a style=\"color: #000000\" role=\"link\" href=\"https:\/\/carreras.uleam.edu.ec\/extension-pedernales\/carrera-de-turismo-extension-pedernales\/\"><strong>Turismo<\/strong><\/a><\/span><\/li><li><span style=\"color: #000000\"><a style=\"color: #000000\" role=\"link\" href=\"https:\/\/carreras.uleam.edu.ec\/extension-pedernales\/carrera-de-agropecuaria-extension-pedernales\/\"><strong>Agropecuaria<\/strong><\/a><\/span><\/li><li><span style=\"color: #000000\"><a style=\"color: #000000\" role=\"link\" href=\"https:\/\/carreras.uleam.edu.ec\/extension-pedernales\/carrera-de-biologia-extension-pedernales\/\"><strong>Biolog\u00eda<\/strong><\/a><\/span><\/li><li><span style=\"color: #000000\"><a style=\"color: #000000\" role=\"link\" href=\"https:\/\/carreras.uleam.edu.ec\/extension-pedernales\/carrera-de-arquitectura-extension-pedernales\/\"><strong>Arquitectura<\/strong><\/a><\/span><\/li><li><span style=\"color: #000000\"><a style=\"color: #000000\" role=\"link\" href=\"https:\/\/carreras.uleam.edu.ec\/extension-pedernales\/carrera-de-economia-extension-pedernales\/\"><strong>Econom\u00eda<\/strong><\/a> <\/span><\/li><li><span style=\"color: #000000\"><strong><a style=\"color: #000000\" role=\"link\" href=\"https:\/\/carreras.uleam.edu.ec\/extension-pedernales\/carrera-agronegocios\/\">Agronegocios<\/a><\/strong><\/span><\/li><li><span style=\"color: #000000\"><a style=\"color: #000000\" role=\"link\" href=\"https:\/\/carreras.uleam.edu.ec\/extension-pedernales\/carrera-educacion-inicial\/\"><b>Educaci\u00f3n Inicial<\/b><\/a><\/span><\/li><li><span style=\"color: #000000\"><a style=\"color: #000000\" role=\"link\" href=\"https:\/\/carreras.uleam.edu.ec\/extension-pedernales\/carrera-enfermeria\/\"><strong>Enfermer\u00eda<\/strong><\/a><\/span><\/li><li><span style=\"color: #000000\"><strong><a style=\"color: #000000\" href=\"https:\/\/carreras.uleam.edu.ec\/extension-pedernales\/carrera-de-derecho\/\">Derecho<\/a><\/strong><\/span><\/li><li><span style=\"color: #000000\"><strong><a style=\"color: #000000\" href=\"https:\/\/carreras.uleam.edu.ec\/extension-pedernales\/carrera-de-educacion-basica\/\">Educaci\u00f3n B\u00e1sica<\/a><\/strong><\/span><\/li><\/ul><p>\u00a0<\/p><\/div><\/div><\/div><\/div>\n\t\t\t\t\t\t\t\t\t<div class=\"elementor-tab-title elementor-tab-mobile-title\" aria-selected=\"false\" data-tab=\"3\" role=\"tab\" tabindex=\"-1\" aria-controls=\"elementor-tab-content-2113\" aria-expanded=\"false\">Autoridades<\/div>\n\t\t\t\t\t<div id=\"elementor-tab-content-2113\" class=\"elementor-tab-content elementor-clearfix\" data-tab=\"3\" role=\"tabpanel\" aria-labelledby=\"elementor-tab-title-2113\" tabindex=\"0\" hidden=\"hidden\"><p><img loading=\"lazy\" decoding=\"async\" class=\"alignnone wp-image-280 size-large\" src=\"https:\/\/carreras.uleam.edu.ec\/extension-pedernales\/wp-content\/uploads\/sites\/80\/2023\/01\/DECANOS-EXTENSIONES-PEDERNALES--1024x576.png\" alt=\"\" width=\"1024\" height=\"576\" srcset=\"https:\/\/carreras.uleam.edu.ec\/extension-pedernales\/wp-content\/uploads\/sites\/80\/2023\/01\/DECANOS-EXTENSIONES-PEDERNALES--1024x576.png 1024w, https:\/\/carreras.uleam.edu.ec\/extension-pedernales\/wp-content\/uploads\/sites\/80\/2023\/01\/DECANOS-EXTENSIONES-PEDERNALES--300x169.png 300w, https:\/\/carreras.uleam.edu.ec\/extension-pedernales\/wp-content\/uploads\/sites\/80\/2023\/01\/DECANOS-EXTENSIONES-PEDERNALES--768x432.png 768w, https:\/\/carreras.uleam.edu.ec\/extension-pedernales\/wp-content\/uploads\/sites\/80\/2023\/01\/DECANOS-EXTENSIONES-PEDERNALES--1536x864.png 1536w, https:\/\/carreras.uleam.edu.ec\/extension-pedernales\/wp-content\/uploads\/sites\/80\/2023\/01\/DECANOS-EXTENSIONES-PEDERNALES--2048x1152.png 2048w\" sizes=\"auto, (max-width: 1024px) 100vw, 1024px\" \/><\/p><p style=\"text-align: center\"><a href=\"mailto:derli.alava@uleam.edu.ec\">derli.alava@uleam.edu.ec<\/a><\/p><hr \/><p style=\"text-align: center\">Ing. Jacinto Atanacio Andrade Almeida, Mgs. &#8211;\u00a0 PRIMER VOCAL PRINCIPAL AL CONSEJO DE EXTENSI\u00d3N<\/p><p style=\"text-align: center\">Ing. Segundo Pablo Zamora Macias, Mgs. &#8211; SEGUNDO VOCAL PRINCIPAL AL CONSEJO DE EXTENSI\u00d3N<\/p><hr \/><p style=\"text-align: center\">Ing. Ana Katherine Palacios Due\u00f1as<\/p><p style=\"text-align: center\"><strong>Secretaria de Extensi\u00f3n<\/strong><\/p><p style=\"text-align: center\"><a href=\"mailto:ana.palacios@uleam.edu.ec\">ana.palacios@uleam.edu.ec<\/a><\/p><p style=\"text-align: center\"><strong>Horario de atenci\u00f3n de secretar\u00eda: <\/strong>de 08:00 a 20:00<\/p><\/div>\n\t\t\t\t\t\t\t\t\t<div class=\"elementor-tab-title elementor-tab-mobile-title\" aria-selected=\"false\" data-tab=\"4\" role=\"tab\" tabindex=\"-1\" aria-controls=\"elementor-tab-content-2114\" aria-expanded=\"false\">Misi\u00f3n y Visi\u00f3n<\/div>\n\t\t\t\t\t<div id=\"elementor-tab-content-2114\" class=\"elementor-tab-content elementor-clearfix\" data-tab=\"4\" role=\"tabpanel\" aria-labelledby=\"elementor-tab-title-2114\" tabindex=\"0\" hidden=\"hidden\"><p>Misi\u00f3n:<\/p><p style=\"padding-left: 40px\">La Extensi\u00f3n Pedernales de la Universidad Laica \u201cEloy Alfaro\u201d de Manab\u00ed, es una instituci\u00f3n comprometida a formar profesionales competentes basados en la investigaci\u00f3n cient\u00edfica, vinculaci\u00f3n con la colectividad, innovaci\u00f3n y tecnolog\u00eda con oportunidades de igualdad, identidad cultural, protecci\u00f3n al medio ambiente, valores \u00e9ticos y morales para responder al mejoramiento de la calidad de vida del cant\u00f3n Pedernales, la Provincia y el pa\u00eds.<\/p><p>Visi\u00f3n:<\/p><p style=\"padding-left: 40px\">El Campus Pedernales de la Universidad Laica \u201cEloy Alfaro\u201d de Manab\u00ed, ser\u00e1 una instituci\u00f3n moderna de reconocido prestigio y credibilidad que busca ser l\u00edder en la pr\u00e1ctica del laicismo y en la formaci\u00f3n de profesionales con dominio en la investigaci\u00f3n cient\u00edfica y social, con manejo de sistemas productivos, comprometidos en la defensa del medio ambiente con capacidad en la soluci\u00f3n de problemas con \u00e9tica, solidaridad humana, justicia y paz para que contribuyan de manera activa y permanente en el desarrollo del cant\u00f3n Pedernales, la Provincia y el Pa\u00eds.<\/p><\/div>\n\t\t\t\t\t\t\t\t\t<div class=\"elementor-tab-title elementor-tab-mobile-title\" aria-selected=\"false\" data-tab=\"5\" role=\"tab\" tabindex=\"-1\" aria-controls=\"elementor-tab-content-2115\" aria-expanded=\"false\">Organigrama<\/div>\n\t\t\t\t\t<div id=\"elementor-tab-content-2115\" class=\"elementor-tab-content elementor-clearfix\" data-tab=\"5\" role=\"tabpanel\" aria-labelledby=\"elementor-tab-title-2115\" tabindex=\"0\" hidden=\"hidden\"><\/div>\n\t\t\t\t\t\t\t\t\t<div class=\"elementor-tab-title elementor-tab-mobile-title\" aria-selected=\"false\" data-tab=\"6\" role=\"tab\" tabindex=\"-1\" aria-controls=\"elementor-tab-content-2116\" aria-expanded=\"false\">Convenios<\/div>\n\t\t\t\t\t<div id=\"elementor-tab-content-2116\" class=\"elementor-tab-content elementor-clearfix\" data-tab=\"6\" role=\"tabpanel\" aria-labelledby=\"elementor-tab-title-2116\" tabindex=\"0\" hidden=\"hidden\"><p style=\"padding-left: 200px\"><a href=\"https:\/\/departamentos.uleam.edu.ec\/procuraduria\/convenios\/\" target=\"_blank\" rel=\"noopener\"><img loading=\"lazy\" decoding=\"async\" class=\"size-medium wp-image-220 aligncenter\" src=\"https:\/\/carreras.uleam.edu.ec\/extension-pedernales\/wp-content\/uploads\/sites\/80\/2023\/01\/convenios-300x256.png\" alt=\"\" width=\"300\" height=\"256\" srcset=\"https:\/\/carreras.uleam.edu.ec\/extension-pedernales\/wp-content\/uploads\/sites\/80\/2023\/01\/convenios-300x256.png 300w, https:\/\/carreras.uleam.edu.ec\/extension-pedernales\/wp-content\/uploads\/sites\/80\/2023\/01\/convenios-768x656.png 768w, https:\/\/carreras.uleam.edu.ec\/extension-pedernales\/wp-content\/uploads\/sites\/80\/2023\/01\/convenios.png 854w\" sizes=\"auto, (max-width: 300px) 100vw, 300px\" \/><\/a><\/p><\/div>\n\t\t\t\t\t\t\t<\/div>\n\t\t<\/div>\n\t\t\t\t<\/div>\n\t\t\t\t<\/div>\n\t\t\t\t\t<\/div>\n\t\t<\/div>\n\t\t\t\t\t\t\t<\/div>\n\t\t<\/section>\n\t\t\t\t\t\t<\/div>\n\t\t\t\t\t<\/div>\n\t\t","protected":false},"excerpt":{"rendered":"<p>Promocional de la Extensi\u00f3n Pedernales Carreras Autoridades Misi\u00f3n y Visi\u00f3n Organigrama Convenios Promocional de la Extensi\u00f3n Pedernales Carreras Administraci\u00f3n de Empresas Turismo Agropecuaria Biolog\u00eda Arquitectura Econom\u00eda Agronegocios Educaci\u00f3n Inicial Enfermer\u00eda Derecho Educaci\u00f3n B\u00e1sica \u00a0 Autoridades derli.alava@uleam.edu.ec Ing. Jacinto Atanacio Andrade [&hellip;]<\/p>\n","protected":false},"author":7,"featured_media":0,"parent":0,"menu_order":0,"comment_status":"closed","ping_status":"closed","template":"elementor_canvas","meta":{"_acf_changed":false,"footnotes":""},"class_list":["post-22","page","type-page","status-publish","hentry"],"acf":[],"_links":{"self":[{"href":"https:\/\/carreras.uleam.edu.ec\/extension-pedernales\/wp-json\/wp\/v2\/pages\/22","targetHints":{"allow":["GET"]}}],"collection":[{"href":"https:\/\/carreras.uleam.edu.ec\/extension-pedernales\/wp-json\/wp\/v2\/pages"}],"about":[{"href":"https:\/\/carreras.uleam.edu.ec\/extension-pedernales\/wp-json\/wp\/v2\/types\/page"}],"author":[{"embeddable":true,"href":"https:\/\/carreras.uleam.edu.ec\/extension-pedernales\/wp-json\/wp\/v2\/users\/7"}],"replies":[{"embeddable":true,"href":"https:\/\/carreras.uleam.edu.ec\/extension-pedernales\/wp-json\/wp\/v2\/comments?post=22"}],"version-history":[{"count":54,"href":"https:\/\/carreras.uleam.edu.ec\/extension-pedernales\/wp-json\/wp\/v2\/pages\/22\/revisions"}],"predecessor-version":[{"id":417,"href":"https:\/\/carreras.uleam.edu.ec\/extension-pedernales\/wp-json\/wp\/v2\/pages\/22\/revisions\/417"}],"wp:attachment":[{"href":"https:\/\/carreras.uleam.edu.ec\/extension-pedernales\/wp-json\/wp\/v2\/media?parent=22"}],"curies":[{"name":"wp","href":"https:\/\/api.w.org\/{rel}","templated":true}]}}