{"id":1079,"date":"2025-09-09T21:08:56","date_gmt":"2025-09-09T21:08:56","guid":{"rendered":"https:\/\/carreras.uleam.edu.ec\/facultad-ciencias-administrativas-contables\/?page_id=1079"},"modified":"2025-09-09T21:11:46","modified_gmt":"2025-09-09T21:11:46","slug":"proyectos-de-vinculacion","status":"publish","type":"page","link":"https:\/\/carreras.uleam.edu.ec\/facultad-ciencias-administrativas-contables\/proyectos-de-vinculacion\/","title":{"rendered":"PROYECTOS DE VINCULACI\u00d3N"},"content":{"rendered":"\n<p>Los proyectos de vinculaci\u00f3n con la sociedad son los siguientes:<\/p>\n\n\n\n<p>\u00abEmpod\u00e9rate Comercialmente Manta\u00bb <strong>(Docente responsable: Ing. Carlos Alberto Velasco Delgado, Mg.)<\/strong><\/p>\n\n\n\n<p>\u201cFortalecimiento de las Actividades Econ\u00f3micas, Comerciales y Administrativas de las Familias Migrantes Refugiadas y Comunidad Acogida, del cant\u00f3n de Manta, Provincia de Manab\u00ed Periodo 2023-2025\u201d <strong>(Docente responsable: Abog. N\u00e9stor Iv\u00e1n Ochoa Soledispa, Mg.)<\/strong><\/p>\n\n\n\n<p><strong>PRINCIPALES LOGROS DE LA CARRERA DE MERCADOTECNIA<\/strong><\/p>\n\n\n\n<p>Los principales logros de la carrera de Mercadotecnia son los siguientes:<\/p>\n\n\n\n<ul class=\"wp-block-list\">\n<li>El 43,48% de los docentes posee t\u00edtulo de doctor (PhD), mientras que el porcentaje restante se encuentra actualmente cursando estudios doctorales.<\/li>\n\n\n\n<li>La carrera ofrece la Maestr\u00eda en Mercadotecnia con menci\u00f3n en Estrategia Digital. Actualmente en este periodo 2025-2 ofertar\u00e1 con el 40% de descuento, fortaleciendo la formaci\u00f3n de cuarto nivel.<\/li>\n\n\n\n<li>Cuenta con la revista acad\u00e9mica Journal Business Science indexada a Latindex 2.0, orientada a la difusi\u00f3n y fortalecimiento de la producci\u00f3n cient\u00edfica de docentes e investigadores externos.<\/li>\n\n\n\n<li>La carrera tiene una Malla Curricular de ocho niveles con un enfoque biling\u00fce, dise\u00f1ada para responder a las demandas del contexto empresarial.<\/li>\n\n\n\n<li>Los estudiantes han participado en pr\u00e1cticas preprofesionales remuneradas en Disney y han accedido a convenios de homologaci\u00f3n de asignaturas con la Universidad Internacional de La Rioja (UNIR), Espa\u00f1a.<\/li>\n\n\n\n<li>El 39,13% de los docentes posee certificaci\u00f3n de investigador acreditado por la Senescyt, lo que garantiza la calidad y el rigor acad\u00e9mico en los procesos de investigaci\u00f3n.<\/li>\n\n\n\n<li>La carrera ha logrado titular a estudiantes con discapacidad f\u00edsica y con s\u00edndrome de Down, promoviendo la inclusi\u00f3n y la igualdad de oportunidades en la educaci\u00f3n superior.<\/li>\n<\/ul>\n","protected":false},"excerpt":{"rendered":"<p>Los proyectos de vinculaci\u00f3n con la sociedad son los siguientes: \u00abEmpod\u00e9rate Comercialmente Manta\u00bb (Docente responsable: Ing. Carlos Alberto Velasco Delgado, Mg.) \u201cFortalecimiento de las Actividades Econ\u00f3micas, Comerciales y Administrativas de las Familias Migrantes Refugiadas y Comunidad Acogida, del cant\u00f3n de [&hellip;]<\/p>\n","protected":false},"author":70,"featured_media":0,"parent":0,"menu_order":0,"comment_status":"closed","ping_status":"closed","template":"","meta":{"_acf_changed":false,"footnotes":""},"class_list":["post-1079","page","type-page","status-publish","hentry"],"acf":[],"_links":{"self":[{"href":"https:\/\/carreras.uleam.edu.ec\/facultad-ciencias-administrativas-contables\/wp-json\/wp\/v2\/pages\/1079","targetHints":{"allow":["GET"]}}],"collection":[{"href":"https:\/\/carreras.uleam.edu.ec\/facultad-ciencias-administrativas-contables\/wp-json\/wp\/v2\/pages"}],"about":[{"href":"https:\/\/carreras.uleam.edu.ec\/facultad-ciencias-administrativas-contables\/wp-json\/wp\/v2\/types\/page"}],"author":[{"embeddable":true,"href":"https:\/\/carreras.uleam.edu.ec\/facultad-ciencias-administrativas-contables\/wp-json\/wp\/v2\/users\/70"}],"replies":[{"embeddable":true,"href":"https:\/\/carreras.uleam.edu.ec\/facultad-ciencias-administrativas-contables\/wp-json\/wp\/v2\/comments?post=1079"}],"version-history":[{"count":3,"href":"https:\/\/carreras.uleam.edu.ec\/facultad-ciencias-administrativas-contables\/wp-json\/wp\/v2\/pages\/1079\/revisions"}],"predecessor-version":[{"id":1086,"href":"https:\/\/carreras.uleam.edu.ec\/facultad-ciencias-administrativas-contables\/wp-json\/wp\/v2\/pages\/1079\/revisions\/1086"}],"wp:attachment":[{"href":"https:\/\/carreras.uleam.edu.ec\/facultad-ciencias-administrativas-contables\/wp-json\/wp\/v2\/media?parent=1079"}],"curies":[{"name":"wp","href":"https:\/\/api.w.org\/{rel}","templated":true}]}}