{"id":7,"date":"2022-09-09T01:20:02","date_gmt":"2022-09-09T01:20:02","guid":{"rendered":"https:\/\/carreras.uleam.edu.ec\/facultad-ciencias-de-la-vida-y-tecnologicas\/?page_id=7"},"modified":"2025-03-14T20:56:23","modified_gmt":"2025-03-14T20:56:23","slug":"carrera-de-ingenieria-agropecuaria","status":"publish","type":"page","link":"https:\/\/carreras.uleam.edu.ec\/facultad-ciencias-de-la-vida-y-tecnologicas\/carrera-de-ingenieria-agropecuaria\/","title":{"rendered":"Carrera Agropecuaria"},"content":{"rendered":"\t\t<div data-elementor-type=\"wp-page\" data-elementor-id=\"7\" class=\"elementor elementor-7\" data-elementor-settings=\"[]\">\n\t\t\t\t\t\t\t<div class=\"elementor-section-wrap\">\n\t\t\t\t\t\t\t<section class=\"elementor-section elementor-top-section elementor-element elementor-element-477f28d elementor-section-boxed elementor-section-height-default elementor-section-height-default\" data-id=\"477f28d\" data-element_type=\"section\">\n\t\t\t\t\t\t<div class=\"elementor-container elementor-column-gap-default\">\n\t\t\t\t\t<div class=\"elementor-column elementor-col-100 elementor-top-column elementor-element elementor-element-3352b4a\" data-id=\"3352b4a\" data-element_type=\"column\">\n\t\t\t<div class=\"elementor-widget-wrap elementor-element-populated\">\n\t\t\t\t\t\t\t\t<div class=\"elementor-element elementor-element-814d15e elementor-tabs-view-horizontal elementor-widget elementor-widget-tabs\" data-id=\"814d15e\" data-element_type=\"widget\" data-widget_type=\"tabs.default\">\n\t\t\t\t<div class=\"elementor-widget-container\">\n\t\t\t\t\t<div class=\"elementor-tabs\">\n\t\t\t<div class=\"elementor-tabs-wrapper\" role=\"tablist\" >\n\t\t\t\t\t\t\t\t\t<div id=\"elementor-tab-title-1351\" class=\"elementor-tab-title elementor-tab-desktop-title\" aria-selected=\"true\" data-tab=\"1\" role=\"tab\" tabindex=\"0\" aria-controls=\"elementor-tab-content-1351\" aria-expanded=\"false\">Bienvenidos<\/div>\n\t\t\t\t\t\t\t\t\t<div id=\"elementor-tab-title-1352\" class=\"elementor-tab-title elementor-tab-desktop-title\" aria-selected=\"false\" data-tab=\"2\" role=\"tab\" tabindex=\"-1\" aria-controls=\"elementor-tab-content-1352\" aria-expanded=\"false\">Descripci\u00f3n General de la Carrera<\/div>\n\t\t\t\t\t\t\t\t\t<div id=\"elementor-tab-title-1353\" class=\"elementor-tab-title elementor-tab-desktop-title\" aria-selected=\"false\" data-tab=\"3\" role=\"tab\" tabindex=\"-1\" aria-controls=\"elementor-tab-content-1353\" aria-expanded=\"false\">Malla<\/div>\n\t\t\t\t\t\t\t\t\t<div id=\"elementor-tab-title-1354\" class=\"elementor-tab-title elementor-tab-desktop-title\" aria-selected=\"false\" data-tab=\"4\" role=\"tab\" tabindex=\"-1\" aria-controls=\"elementor-tab-content-1354\" aria-expanded=\"false\">Docentes<\/div>\n\t\t\t\t\t\t\t\t\t<div id=\"elementor-tab-title-1355\" class=\"elementor-tab-title elementor-tab-desktop-title\" aria-selected=\"false\" data-tab=\"5\" role=\"tab\" tabindex=\"-1\" aria-controls=\"elementor-tab-content-1355\" aria-expanded=\"false\">Datos Generales<\/div>\n\t\t\t\t\t\t\t\t\t<div id=\"elementor-tab-title-1356\" class=\"elementor-tab-title elementor-tab-desktop-title\" aria-selected=\"false\" data-tab=\"6\" role=\"tab\" tabindex=\"-1\" aria-controls=\"elementor-tab-content-1356\" aria-expanded=\"false\">Gesti\u00f3n y Proceso Estudiantil<\/div>\n\t\t\t\t\t\t\t<\/div>\n\t\t\t<div class=\"elementor-tabs-content-wrapper\" role=\"tablist\" aria-orientation=\"vertical\">\n\t\t\t\t\t\t\t\t\t<div class=\"elementor-tab-title elementor-tab-mobile-title\" aria-selected=\"true\" data-tab=\"1\" role=\"tab\" tabindex=\"0\" aria-controls=\"elementor-tab-content-1351\" aria-expanded=\"false\">Bienvenidos<\/div>\n\t\t\t\t\t<div id=\"elementor-tab-content-1351\" class=\"elementor-tab-content elementor-clearfix\" data-tab=\"1\" role=\"tabpanel\" aria-labelledby=\"elementor-tab-title-1351\" tabindex=\"0\" hidden=\"false\"><p><iframe loading=\"lazy\" title=\"CARRERA AGROPECUARIA\" width=\"500\" height=\"281\" src=\"https:\/\/www.youtube.com\/embed\/2Xivydp1VEM?feature=oembed\" frameborder=\"0\" allow=\"accelerometer; autoplay; clipboard-write; encrypted-media; gyroscope; picture-in-picture; web-share\" referrerpolicy=\"strict-origin-when-cross-origin\" allowfullscreen><\/iframe><\/p><\/div>\n\t\t\t\t\t\t\t\t\t<div class=\"elementor-tab-title elementor-tab-mobile-title\" aria-selected=\"false\" data-tab=\"2\" role=\"tab\" tabindex=\"-1\" aria-controls=\"elementor-tab-content-1352\" aria-expanded=\"false\">Descripci\u00f3n General de la Carrera<\/div>\n\t\t\t\t\t<div id=\"elementor-tab-content-1352\" class=\"elementor-tab-content elementor-clearfix\" data-tab=\"2\" role=\"tabpanel\" aria-labelledby=\"elementor-tab-title-1352\" tabindex=\"0\" hidden=\"hidden\"><p style=\"text-align: justify\">Instituci\u00f3n:\u00a0\u00a0\u00a0\u00a0\u00a0\u00a0\u00a0\u00a0\u00a0\u00a0\u00a0\u00a0\u00a0\u00a0\u00a0\u00a0\u00a0\u00a0\u00a0\u00a0\u00a0\u00a0\u00a0\u00a0\u00a0\u00a0\u00a0\u00a0\u00a0\u00a0 Universidad Laica Eloy Alfaro de Manab\u00ed<\/p><p style=\"text-align: justify\">Nombre de la carrera:\u00a0\u00a0\u00a0\u00a0\u00a0\u00a0\u00a0\u00a0\u00a0\u00a0 \u00a0 Agropecuaria<\/p><p style=\"text-align: justify\">Titulaci\u00f3n: \u00a0\u00a0\u00a0\u00a0\u00a0\u00a0\u00a0\u00a0\u00a0\u00a0\u00a0\u00a0\u00a0\u00a0\u00a0\u00a0\u00a0\u00a0\u00a0 \u00a0\u00a0 \u00a0\u00a0\u00a0\u00a0\u00a0\u00a0\u00a0\u00a0 Ingeniero\/a Agropecuario\/a<\/p><p style=\"text-align: justify\">R\u00e9gimen acad\u00e9mico CES:\u00a0\u00a0\u00a0 \u00a0 2020<\/p><p style=\"text-align: justify\">Nivel de formaci\u00f3n:\u00a0\u00a0\u00a0 \u00a0\u00a0\u00a0\u00a0\u00a0\u00a0\u00a0\u00a0\u00a0 \u00a0\u00a0 Tercer Nivel<\/p><p style=\"text-align: justify\">Modalidad:\u00a0\u00a0\u00a0\u00a0\u00a0\u00a0\u00a0\u00a0\u00a0\u00a0\u00a0\u00a0\u00a0\u00a0\u00a0\u00a0\u00a0\u00a0\u00a0\u00a0 \u00a0 \u00a0\u00a0 \u00a0\u00a0\u00a0\u00a0\u00a0 Presencial<\/p><p style=\"text-align: justify\">Registro de SENESCYT:\u00a0\u00a0\u00a0\u00a0\u00a0\u00a0\u00a0\u00a0 1016-5-650811B01-2938<\/p><p style=\"text-align: justify\">\u00c1rea del conocimiento: \u00a0\u00a0 \u00a0 \u00a0\u00a0\u00a0 Agricultura, silvicultura, pesca y veterinaria<\/p><p style=\"text-align: justify\">Sub\u00e1rea del conocimiento: \u00a0 Agricultura<\/p><p style=\"text-align: justify\">Sub\u00e1rea espec\u00edfica conocimiento: \u00a0 Producci\u00f3n agr\u00edcola y ganadera<\/p><p style=\"text-align: justify\">Duraci\u00f3n de la carrera: \u00a0\u00a0\u00a0\u00a0\u00a0\u00a0 \u00a0\u00a0 Nueve (9) semestres<\/p><p style=\"text-align: justify\">Total, Horas \/ Cr\u00e9ditos:\u00a0\u00a0\u00a0\u00a0\u00a0\u00a0\u00a0\u00a0\u00a0 6480 \/ 720<\/p><p style=\"text-align: justify\">Sistema de calificaci\u00f3n: \u00a0\u00a0\u00a0\u00a0\u00a0\u00a0\u00a0 10\/10, nota m\u00ednima de aprobaci\u00f3n 14\/20<\/p><p style=\"text-align: justify\">Modalidad de aprendizaje\u00a0\u00a0 \u00a0\u00a0\u00a0 Presencial<\/p><p style=\"text-align: justify\">Numero de periodos ordinarios 9 periodos\u00a0<\/p><p style=\"text-align: justify\">Objetivo general:<\/p><p style=\"text-align: justify\">Formar profesionales en la Ingenier\u00eda Agropecuaria competentes para diagnosticar, planificar, organizar y ejecutar acciones que potencien el desarrollo agropecuario y equidad social, en el marco de la soberan\u00eda alimentaria y la matriz productiva del pa\u00eds, con responsabilidad, empat\u00eda y trabajo en equipo, que los hagan agentes de cambio de las condiciones de su entorno laboral, que tributen al desarrollo sostenible a nivel local, regional y nacional.<\/p><p style=\"text-align: justify\">Perfil de ingreso:<\/p><p style=\"text-align: justify\">El aspirante a esta carrera deber\u00e1 caracterizarse por tener:<\/p><ul style=\"text-align: justify\"><li>Pensar rigurosamente<\/li><li>Razonar num\u00e9ricamente<\/li><li>Emprender<\/li><li>Aprender por el resto de su vida<\/li><li>Utilizar herramientas tecnol\u00f3gicas reflexiva y pragm\u00e1ticamente<\/li><li>Comprender su realidad natural<\/li><li>Actuar como ciudadano responsable<\/li><li>Cuidar de su salud y bienestar personal<\/li><\/ul><p style=\"text-align: justify\">Estas habilidades se eval\u00faan a trav\u00e9s del Sistema Nacional de Nivelaci\u00f3n y Admisi\u00f3n en el examen integrado Ser Bachiller o el mecanismo que a futuro se considere para el proceso.<\/p><p style=\"text-align: justify\">Requisitos de ingreso:<\/p><ul style=\"text-align: justify\"><li>Poseer t\u00edtulo de bachiller o su equivalente debidamente reconocido por el Ministerio de Educaci\u00f3n<\/li><li>Haber cumplido los requisitos normados por el Sistema de Nivelaci\u00f3n y Admisi\u00f3n, el mismo que observar\u00e1 los principios de igualdad de oportunidades, m\u00e9rito y capacidad.<\/li><li>Cumplir con la entrega de documentaci\u00f3n personal y habilitante en Secretar\u00eda General<\/li><\/ul><p style=\"text-align: justify\">Requisitos de graduaci\u00f3n:<\/p><ul style=\"text-align: justify\"><li>Haber aprobado la malla curricular incluyendo las pr\u00e1cticas preprofesionales y vinculaci\u00f3n con la colectividad.<\/li><li>Haber aprobado una modalidad de titulaci\u00f3n dentro de lo establecido en las normativas institucionales.<\/li><li>Acreditar suficiencia en la competencia comunicativa a nivel B2 \u2013 MCER. (revisar anexo de responsabilidad institucional)<\/li><\/ul><p style=\"text-align: justify\">Modalidades de titulaci\u00f3n:<\/p><ul style=\"text-align: justify\"><li>Examen de grado o de fin de carrera<\/li><li>Proyectos de investigaci\u00f3n<\/li><li>Emprendimientos<\/li><\/ul><p style=\"text-align: justify\">Campo ocupacional:<\/p><p style=\"text-align: justify\">El graduado podr\u00e1 desempe\u00f1arse como: Administrador de empresas agropecuarias que planifica, ejecuta y controla el manejo de la producci\u00f3n agropecuaria; asesor que dise\u00f1a, supervisa y maneja la producci\u00f3n agropecuaria; microempresario que emprende en procesos productivos.<\/p><p style=\"text-align: justify\">Perfil de egreso:<\/p><ul><li>Desarrolla valores, actitudes y cualidades para el Buen Vivir, que promuevan la \u00e9tica, el pensamiento laico y la responsabilidad ciudadana en la trayectoria profesional.<\/li><li>Demuestra capacidades de autoformaci\u00f3n y autorregulaci\u00f3n favoreciendo su formaci\u00f3n integral continua.<\/li><li>Adquiere capacidad para trabajar en equipos.<\/li><li>Resuelve problemas propios del sector agropecuario aplicando estrategias asertivas en el \u00e1mbito de su profesi\u00f3n.<\/li><li>Aplica los fundamentos te\u00f3ricos de las ciencias b\u00e1sicas necesarias para la pr\u00e1ctica de la ingenier\u00eda en la sociedad actual, y la atenci\u00f3n de la crisis alimentaria, la soberan\u00eda alimentaria y la baja productividad del sector agropecuario.<\/li><li>Desarrolla conocimientos propios del sector agropecuario nacional e internaci\u00f3n considerando aspectos sociales, culturales comerciales, econ\u00f3micos, normas legislativas, y articulaci\u00f3n con la matriz productiva.<\/li><li>Conoce, maneja, eval\u00faa y mejora los suelos dedicados a la producci\u00f3n de especies vegetales y animales con el fin de mejorar la productividad agropecuaria.<\/li><li style=\"text-align: justify\">Expresarse oral, escrita y digitalmente de manera correcta.<\/li><li style=\"text-align: justify\">Desarrolla proyectos de investigaci\u00f3n, en el \u00e1mbito de su competencia, para la identificaci\u00f3n, diagn\u00f3stico y\/o soluci\u00f3n de problemas del sector agropecuario.<\/li><li style=\"text-align: justify\">Utiliza recursos TIC para ampliar las fuentes de informaci\u00f3n e interacciones en la generaci\u00f3n de ambientes de aprendizaje abiertos, democr\u00e1ticos, interculturales e inclusivos<\/li><li style=\"text-align: justify\">Propone m\u00e9todos apropiados para desarrollar procesos investigativos para el descubrimiento cient\u00edfico de los sistemas de producci\u00f3n agropecuaria.<\/li><li style=\"text-align: justify\">Utiliza tecnolog\u00eda de punta en los procesos agroproductivos para garantizar la sostenibilidad y sustentabilidad.<\/li><li style=\"text-align: justify\">Aporta con tecnolog\u00edas alternativas limpias de conservaci\u00f3n de los recursos naturales, de la flora y la fauna para proteger la biodiversidad de la regi\u00f3n y promover el desarrollo sostenible y sustentable de los sistemas agroproductivos.<\/li><li style=\"text-align: justify\">Maneja los sistemas de producci\u00f3n agr\u00edcolas para el consumo humano con el fin de asegurar la soberan\u00eda alimentaria.<\/li><li style=\"text-align: justify\">Maneja los sistemas de producci\u00f3n pecuaria para el consumo humano con el fin de asegurar la soberan\u00eda alimentaria.<\/li><li style=\"text-align: justify\">Conoce los m\u00e9todos y t\u00e9cnicas para el manejo del pos cosecha y la conservaci\u00f3n de los alimentos pecuarios en relaci\u00f3n a los \u00edndices, normas de calidad que exigen a nivel nacional e internacional y de esta manera alcanzar los niveles exitosos de producci\u00f3n y rentabilidad.<\/li><li style=\"text-align: justify\">Maneja eficientemente el recurso agua en los diferentes sistemas de producci\u00f3n agropecuarios.<\/li><li style=\"text-align: justify\">Rescata y revaloriza los saberes ancestrales agropecuarios con el fin de validarlos, ajustarlos y darles aprovechamiento prospectivo.<\/li><\/ul><\/div>\n\t\t\t\t\t\t\t\t\t<div class=\"elementor-tab-title elementor-tab-mobile-title\" aria-selected=\"false\" data-tab=\"3\" role=\"tab\" tabindex=\"-1\" aria-controls=\"elementor-tab-content-1353\" aria-expanded=\"false\">Malla<\/div>\n\t\t\t\t\t<div id=\"elementor-tab-content-1353\" class=\"elementor-tab-content elementor-clearfix\" data-tab=\"3\" role=\"tabpanel\" aria-labelledby=\"elementor-tab-title-1353\" tabindex=\"0\" hidden=\"hidden\"><p><a href=\"https:\/\/carreras.uleam.edu.ec\/facultad-ciencias-de-la-vida-y-tecnologicas\/wp-content\/uploads\/sites\/73\/2023\/01\/MALLA-REAJUSTADA-2022-FINAL.pdf\" target=\"_blank\" rel=\"noopener\"><img loading=\"lazy\" decoding=\"async\" class=\"alignnone wp-image-269 size-large\" src=\"https:\/\/carreras.uleam.edu.ec\/facultad-ciencias-de-la-vida-y-tecnologicas\/wp-content\/uploads\/sites\/73\/2023\/01\/MALLA-REAJUSTADA-2022-FINAL-1024x660.png\" alt=\"\" width=\"1024\" height=\"660\" srcset=\"https:\/\/carreras.uleam.edu.ec\/facultad-ciencias-de-la-vida-y-tecnologicas\/wp-content\/uploads\/sites\/73\/2023\/01\/MALLA-REAJUSTADA-2022-FINAL-1024x660.png 1024w, https:\/\/carreras.uleam.edu.ec\/facultad-ciencias-de-la-vida-y-tecnologicas\/wp-content\/uploads\/sites\/73\/2023\/01\/MALLA-REAJUSTADA-2022-FINAL-300x193.png 300w, https:\/\/carreras.uleam.edu.ec\/facultad-ciencias-de-la-vida-y-tecnologicas\/wp-content\/uploads\/sites\/73\/2023\/01\/MALLA-REAJUSTADA-2022-FINAL-768x495.png 768w, https:\/\/carreras.uleam.edu.ec\/facultad-ciencias-de-la-vida-y-tecnologicas\/wp-content\/uploads\/sites\/73\/2023\/01\/MALLA-REAJUSTADA-2022-FINAL-1536x990.png 1536w, https:\/\/carreras.uleam.edu.ec\/facultad-ciencias-de-la-vida-y-tecnologicas\/wp-content\/uploads\/sites\/73\/2023\/01\/MALLA-REAJUSTADA-2022-FINAL-2048x1320.png 2048w\" sizes=\"auto, (max-width: 1024px) 100vw, 1024px\" \/><\/a>Contenido de la pesta\u00f1a<\/p><\/div>\n\t\t\t\t\t\t\t\t\t<div class=\"elementor-tab-title elementor-tab-mobile-title\" aria-selected=\"false\" data-tab=\"4\" role=\"tab\" tabindex=\"-1\" aria-controls=\"elementor-tab-content-1354\" aria-expanded=\"false\">Docentes<\/div>\n\t\t\t\t\t<div id=\"elementor-tab-content-1354\" class=\"elementor-tab-content elementor-clearfix\" data-tab=\"4\" role=\"tabpanel\" aria-labelledby=\"elementor-tab-title-1354\" tabindex=\"0\" hidden=\"hidden\"><ul><li>Ing. Byron Rolando Alc\u00edvar Arteaga, Mg.<\/li><li>Ing. Paola Rosalin Alc\u00edvar Vaca, Mg.<\/li><li>Ing. Mariana del Carmen Avellan Chancay, Mg.<\/li><li>Ing. Orley Francisco Ca\u00f1arte Garc\u00eda, Mg.<\/li><li>Dr. Elizalde Exequiel C\u00e1rdenas Reyes, Mg.<\/li><li>Ing. Jimmy Javier Cevallos Zambrano, Mg.<\/li><li>Ing. Jeniffer Paulina Espinoza Zambrano, Mg.<\/li><li>Ing. George Adalberto Garc\u00eda Mera, Mg.<\/li><li>Ing. \u00c1ngel Monserrate Guzm\u00e1n Cede\u00f1o, Ph.D<\/li><li>Ing. Xavier Eloy Mata Loor, Mg.<\/li><li>Ing. D\u00eddimo Alexander Mendoza Intriago, Mg.<\/li><li>Ing. Valter Francisco Mero Rosado, Mg.<\/li><li>Dr. Ram\u00f3n Antonio Molina Basurto, Mg.<\/li><li>Ing. Mar\u00eda Bel\u00e9n Mu\u00f1oz Men\u00e9ndez, Mg.<\/li><li>Ing. Diego Javier Nev\u00e1rez P\u00e9rez, Mg.<\/li><li>Ing. Juan Carlos Palacios Pe\u00f1afiel, Mg.<\/li><li>Ing. Cristhian Sim\u00f3n Rivadeneira Barcia, Mg.<\/li><li>Ing. Liz Sabrina Trueba Mac\u00edas, Mg.<\/li><li>Ing. Miguel Bol\u00edvar Zambrano Reyes, Mg.<\/li><\/ul><\/div>\n\t\t\t\t\t\t\t\t\t<div class=\"elementor-tab-title elementor-tab-mobile-title\" aria-selected=\"false\" data-tab=\"5\" role=\"tab\" tabindex=\"-1\" aria-controls=\"elementor-tab-content-1355\" aria-expanded=\"false\">Datos Generales<\/div>\n\t\t\t\t\t<div id=\"elementor-tab-content-1355\" class=\"elementor-tab-content elementor-clearfix\" data-tab=\"5\" role=\"tabpanel\" aria-labelledby=\"elementor-tab-title-1355\" tabindex=\"0\" hidden=\"hidden\"><ul><li style=\"text-align: center\">Ing. Liz Sabrina Trueba Mac\u00edas, Mgtr.<\/li><li style=\"text-align: center\">DIRECTORA DE CARRERA<\/li><li style=\"text-align: center\"><a href=\"mailto:liz.trueba@uleam.edu.ec\">liz.trueba@uleam.edu.ec<\/a><\/li><\/ul><hr \/><ul style=\"text-align: center\"><li>Lucia Gabriela Loor Vera<\/li><li>SECRETARIA<\/li><li><span style=\"color: #0462c1\">lucia.loor@uleam.edu.ec<\/span><\/li><\/ul><hr \/><ul><li style=\"text-align: center\">HORARIO DE ATENCI\u00d3N:<\/li><li style=\"text-align: center\">DE 08:00 A 17:00\u00a0<\/li><li style=\"text-align: center\">Lunes \u2013 Viernes<\/li><li style=\"text-align: center\">\u00a0<\/li><\/ul><\/div>\n\t\t\t\t\t\t\t\t\t<div class=\"elementor-tab-title elementor-tab-mobile-title\" aria-selected=\"false\" data-tab=\"6\" role=\"tab\" tabindex=\"-1\" aria-controls=\"elementor-tab-content-1356\" aria-expanded=\"false\">Gesti\u00f3n y Proceso Estudiantil<\/div>\n\t\t\t\t\t<div id=\"elementor-tab-content-1356\" class=\"elementor-tab-content elementor-clearfix\" data-tab=\"6\" role=\"tabpanel\" aria-labelledby=\"elementor-tab-title-1356\" tabindex=\"0\" hidden=\"hidden\"><ul><li>\u21d2\u00a0Pr\u00e1cticas Pre-profesionales<\/li><li>\u21d2 <a href=\"https:\/\/departamentos.uleam.edu.ec\/gestion-aseguramiento-calidad\/2019\/04\/08\/matricula\/\">Matr\u00edcula<\/a><\/li><li>\u21d2 <a href=\"https:\/\/departamentos.uleam.edu.ec\/gestion-aseguramiento-calidad\/reingreso-de-estudiantes\/\">Reingreso de estudiantes<\/a><\/li><li>\u21d2 <a href=\"https:\/\/departamentos.uleam.edu.ec\/gestion-aseguramiento-calidad\/homologacion-de-estudios-por-analisis-comparativo-de-contenidos\/\">Homologaci\u00f3n de Estudios por An\u00e1lisis Comparativo de Contenidos<\/a><\/li><\/ul><\/div>\n\t\t\t\t\t\t\t<\/div>\n\t\t<\/div>\n\t\t\t\t<\/div>\n\t\t\t\t<\/div>\n\t\t\t\t\t<\/div>\n\t\t<\/div>\n\t\t\t\t\t\t\t<\/div>\n\t\t<\/section>\n\t\t\t\t\t\t<\/div>\n\t\t\t\t\t<\/div>\n\t\t","protected":false},"excerpt":{"rendered":"<p>Bienvenidos Descripci\u00f3n General de la Carrera Malla Docentes Datos Generales Gesti\u00f3n y Proceso Estudiantil Bienvenidos Descripci\u00f3n General de la Carrera Instituci\u00f3n:\u00a0\u00a0\u00a0\u00a0\u00a0\u00a0\u00a0\u00a0\u00a0\u00a0\u00a0\u00a0\u00a0\u00a0\u00a0\u00a0\u00a0\u00a0\u00a0\u00a0\u00a0\u00a0\u00a0\u00a0\u00a0\u00a0\u00a0\u00a0\u00a0\u00a0 Universidad Laica Eloy Alfaro de Manab\u00ed Nombre de la carrera:\u00a0\u00a0\u00a0\u00a0\u00a0\u00a0\u00a0\u00a0\u00a0\u00a0 \u00a0 Agropecuaria Titulaci\u00f3n: \u00a0\u00a0\u00a0\u00a0\u00a0\u00a0\u00a0\u00a0\u00a0\u00a0\u00a0\u00a0\u00a0\u00a0\u00a0\u00a0\u00a0\u00a0\u00a0 \u00a0\u00a0 \u00a0\u00a0\u00a0\u00a0\u00a0\u00a0\u00a0\u00a0 Ingeniero\/a Agropecuario\/a R\u00e9gimen [&hellip;]<\/p>\n","protected":false},"author":7,"featured_media":0,"parent":0,"menu_order":0,"comment_status":"closed","ping_status":"closed","template":"","meta":{"_acf_changed":false,"footnotes":""},"class_list":["post-7","page","type-page","status-publish","hentry"],"acf":[],"_links":{"self":[{"href":"https:\/\/carreras.uleam.edu.ec\/facultad-ciencias-de-la-vida-y-tecnologicas\/wp-json\/wp\/v2\/pages\/7","targetHints":{"allow":["GET"]}}],"collection":[{"href":"https:\/\/carreras.uleam.edu.ec\/facultad-ciencias-de-la-vida-y-tecnologicas\/wp-json\/wp\/v2\/pages"}],"about":[{"href":"https:\/\/carreras.uleam.edu.ec\/facultad-ciencias-de-la-vida-y-tecnologicas\/wp-json\/wp\/v2\/types\/page"}],"author":[{"embeddable":true,"href":"https:\/\/carreras.uleam.edu.ec\/facultad-ciencias-de-la-vida-y-tecnologicas\/wp-json\/wp\/v2\/users\/7"}],"replies":[{"embeddable":true,"href":"https:\/\/carreras.uleam.edu.ec\/facultad-ciencias-de-la-vida-y-tecnologicas\/wp-json\/wp\/v2\/comments?post=7"}],"version-history":[{"count":46,"href":"https:\/\/carreras.uleam.edu.ec\/facultad-ciencias-de-la-vida-y-tecnologicas\/wp-json\/wp\/v2\/pages\/7\/revisions"}],"predecessor-version":[{"id":424,"href":"https:\/\/carreras.uleam.edu.ec\/facultad-ciencias-de-la-vida-y-tecnologicas\/wp-json\/wp\/v2\/pages\/7\/revisions\/424"}],"wp:attachment":[{"href":"https:\/\/carreras.uleam.edu.ec\/facultad-ciencias-de-la-vida-y-tecnologicas\/wp-json\/wp\/v2\/media?parent=7"}],"curies":[{"name":"wp","href":"https:\/\/api.w.org\/{rel}","templated":true}]}}