{"id":660,"date":"2025-11-26T15:20:33","date_gmt":"2025-11-26T15:20:33","guid":{"rendered":"https:\/\/carreras.uleam.edu.ec\/facultad-ciencias-sociales-derecho-y-bienestar\/?page_id=660"},"modified":"2025-11-27T20:23:30","modified_gmt":"2025-11-27T20:23:30","slug":"carrera-de-gestion-publica-y-desarrollo","status":"publish","type":"page","link":"https:\/\/carreras.uleam.edu.ec\/facultad-ciencias-sociales-derecho-y-bienestar\/carrera-de-gestion-publica-y-desarrollo\/","title":{"rendered":"Carrera de Gesti\u00f3n P\u00fablica y Desarrollo"},"content":{"rendered":"\t\t<div data-elementor-type=\"wp-page\" data-elementor-id=\"660\" class=\"elementor elementor-660\" data-elementor-settings=\"[]\">\n\t\t\t\t\t\t\t<div class=\"elementor-section-wrap\">\n\t\t\t\t\t\t\t<section class=\"elementor-section elementor-top-section elementor-element elementor-element-d7f72bb elementor-section-boxed elementor-section-height-default elementor-section-height-default\" data-id=\"d7f72bb\" data-element_type=\"section\">\n\t\t\t\t\t\t<div class=\"elementor-container elementor-column-gap-default\">\n\t\t\t\t\t<div class=\"elementor-column elementor-col-100 elementor-top-column elementor-element elementor-element-9909154\" data-id=\"9909154\" data-element_type=\"column\">\n\t\t\t<div class=\"elementor-widget-wrap elementor-element-populated\">\n\t\t\t\t\t\t\t\t<div class=\"elementor-element elementor-element-972034a elementor-tabs-view-horizontal elementor-widget elementor-widget-tabs\" data-id=\"972034a\" data-element_type=\"widget\" data-widget_type=\"tabs.default\">\n\t\t\t\t<div class=\"elementor-widget-container\">\n\t\t\t\t\t<div class=\"elementor-tabs\">\n\t\t\t<div class=\"elementor-tabs-wrapper\" role=\"tablist\" >\n\t\t\t\t\t\t\t\t\t<div id=\"elementor-tab-title-1581\" class=\"elementor-tab-title elementor-tab-desktop-title\" aria-selected=\"true\" data-tab=\"1\" role=\"tab\" tabindex=\"0\" aria-controls=\"elementor-tab-content-1581\" aria-expanded=\"false\">Descripci\u00f3n General de la Carrera<\/div>\n\t\t\t\t\t\t\t\t\t<div id=\"elementor-tab-title-1582\" class=\"elementor-tab-title elementor-tab-desktop-title\" aria-selected=\"false\" data-tab=\"2\" role=\"tab\" tabindex=\"-1\" aria-controls=\"elementor-tab-content-1582\" aria-expanded=\"false\">Malla Curricular<\/div>\n\t\t\t\t\t\t\t\t\t<div id=\"elementor-tab-title-1583\" class=\"elementor-tab-title elementor-tab-desktop-title\" aria-selected=\"false\" data-tab=\"3\" role=\"tab\" tabindex=\"-1\" aria-controls=\"elementor-tab-content-1583\" aria-expanded=\"false\">Docentes<\/div>\n\t\t\t\t\t\t\t\t\t<div id=\"elementor-tab-title-1584\" class=\"elementor-tab-title elementor-tab-desktop-title\" aria-selected=\"false\" data-tab=\"4\" role=\"tab\" tabindex=\"-1\" aria-controls=\"elementor-tab-content-1584\" aria-expanded=\"false\">Datos Generales<\/div>\n\t\t\t\t\t\t\t\t\t<div id=\"elementor-tab-title-1585\" class=\"elementor-tab-title elementor-tab-desktop-title\" aria-selected=\"false\" data-tab=\"5\" role=\"tab\" tabindex=\"-1\" aria-controls=\"elementor-tab-content-1585\" aria-expanded=\"false\">Gesti\u00f3n y Proceso Estudiantil<\/div>\n\t\t\t\t\t\t\t<\/div>\n\t\t\t<div class=\"elementor-tabs-content-wrapper\" role=\"tablist\" aria-orientation=\"vertical\">\n\t\t\t\t\t\t\t\t\t<div class=\"elementor-tab-title elementor-tab-mobile-title\" aria-selected=\"true\" data-tab=\"1\" role=\"tab\" tabindex=\"0\" aria-controls=\"elementor-tab-content-1581\" aria-expanded=\"false\">Descripci\u00f3n General de la Carrera<\/div>\n\t\t\t\t\t<div id=\"elementor-tab-content-1581\" class=\"elementor-tab-content elementor-clearfix\" data-tab=\"1\" role=\"tabpanel\" aria-labelledby=\"elementor-tab-title-1581\" tabindex=\"0\" hidden=\"false\"><p>RESOLUCI\u00d3N DEL CES: <a href=\"https:\/\/carreras.uleam.edu.ec\/facultad-ciencias-sociales-derecho-y-bienestar\/wp-content\/uploads\/sites\/72\/2025\/11\/RPC-SO-43-No.660-2025.pdf\" target=\"_blank\" rel=\"noopener\">RPC-SO-43- No.660-2025<\/a><\/p><ul><li style=\"text-align: justify\">Carrera:\u00a0 \u00a0 \u00a0 \u00a0 \u00a0 \u00a0 \u00a0 \u00a0 \u00a0\u00a0 \u00a0 \u00a0 \u00a0 \u00a0 \u00a0 \u00a0 \u00a0 \u00a0 \u00a0 \u00a0 \u00a0 \u00a0 \u00a0GESTI\u00d3N PUBLICA Y DESARROLLO<\/li><li style=\"text-align: justify\">Modalidad de aprendizaje:\u00a0 \u00a0 \u00a0 \u00a0 \u00a0 \u00a0Semipresencial<\/li><li style=\"text-align: justify\">T\u00edtulo que otorga:\u00a0 \u00a0 \u00a0 \u00a0 \u00a0 \u00a0 \u00a0 \u00a0 \u00a0 \u00a0 \u00a0 \u00a0 \u00a0 \u00a0Licenciado en Gesti\u00f3n P\u00fablica y Desarrollo<\/li><li style=\"text-align: justify\">N\u00famero de periodos ordinarios:\u00a0 8 semestres<\/li><\/ul><p style=\"text-align: justify\"><span style=\"text-decoration: underline\">Objetivo General<\/span><\/p><p style=\"text-align: justify\">Formar Licenciados en Gesti\u00f3n P\u00fablica y Desarrollo integrales, proactivos y competentes con fundamentos te\u00f3ricos, pr\u00e1cticos y sist\u00e9micos alineados a temas de gobernanza, administraci\u00f3n y gesti\u00f3n de los recursos p\u00fablicos para dar respuesta a las necesidades del territorio en funci\u00f3n de las capacidades locales para alcanzar el desarrollo sostenible.<\/p><p style=\"text-align: justify\"><span style=\"text-decoration: underline\">Objetivos Espec\u00edficos<\/span>\u00a0<\/p><ol style=\"text-align: justify\"><li>Generar capacidades desde la pr\u00e1ctica para la implementaci\u00f3n de modelos de gesti\u00f3n adaptados, contextualizados mediante las pr\u00e1cticas preprofesionales.<\/li><\/ol><ol style=\"text-align: justify\" start=\"2\"><li>Promover intercambios de conocimientos sobre gesti\u00f3n p\u00fablica desde las experiencias en las instituciones p\u00fablicas, reduciendo la ineficiencia.<\/li><\/ol><p style=\"text-align: justify\"><span style=\"text-decoration: underline\">Perfil de ingreso<\/span>\u00a0\u00a0\u00a0\u00a0\u00a0\u00a0\u00a0\u00a0\u00a0\u00a0\u00a0\u00a0\u00a0\u00a0\u00a0\u00a0\u00a0\u00a0\u00a0\u00a0\u00a0\u00a0\u00a0\u00a0<\/p><p style=\"text-align: justify\">Adem\u00e1s de los requisitos del art\u00edculo 82 (LOES) el art\u00edculo 13 del R\u00e9gimen Acad\u00e9mico, el futuro profesional en Gesti\u00f3n P\u00fablica y Desarrollo debe contar con las siguientes habilidades:\u00a0<\/p><p style=\"text-align: justify\">Habilidades Blandas:<\/p><ul style=\"text-align: justify\"><li>Pensamiento anal\u00edtico, cr\u00edtico y reflexivo aplicado a la lectura, investigaci\u00f3n y resoluci\u00f3n de problemas.<\/li><li>Constancia y responsabilidad.<\/li><li>Capacidad organizativa y trabajo en equipo.<\/li><li>Habilidades de comunicaci\u00f3n verbal y escrita.<\/li><\/ul><p style=\"text-align: justify\">Habilidades Duras:<\/p><ul style=\"text-align: justify\"><li>Conocimientos b\u00e1sicos de matem\u00e1ticas y contabilidad.<\/li><li>Manejo de herramientas inform\u00e1ticas.<\/li><\/ul><p style=\"text-align: justify\"><span style=\"text-decoration: underline\">Requisitos de ingreso<\/span><\/p><p style=\"text-align: justify\">Los requisitos de ingreso ser\u00e1n los contemplados en el Art\u00edculo 13 del Reglamento de R\u00e9gimen Acad\u00e9mico, cuyo texto dice:<\/p><p style=\"text-align: justify\">Ingreso a tercer nivel. &#8211; Para el ingreso al tercer nivel, se requiere poseer t\u00edtulo de bachiller o su equivalente, de conformidad con la Ley Org\u00e1nica de Educaci\u00f3n Superior.<\/p><p style=\"text-align: justify\">En el caso de las IES p\u00fablicas, haber cumplido los requisitos normados por el Sistema de Nivelaci\u00f3n y Admisi\u00f3n, que observar\u00e1 los principios de igualdad de oportunidades, libertad de elecci\u00f3n de carrera y de m\u00e9ritos.<\/p><p style=\"text-align: justify\">Las IES aceptar\u00e1n los t\u00edtulos de bachiller obtenidos en el extranjero, reconocidos o equiparados por el Ministerio de Educaci\u00f3n. Para tal efecto, las IES podr\u00e1n implementar plazos especiales para la presentaci\u00f3n de la documentaci\u00f3n, que contemplen el tiempo que el Ministerio de Educaci\u00f3n requiere para el reconocimiento o equiparaci\u00f3n de estos estudios.<\/p><p style=\"text-align: justify\">Los mismos que se encuentran en concordancia con el Art\u00edculo 82 de la LOES.<\/p><p style=\"text-align: justify\">En situaciones espec\u00edficas, certificados de reconocimiento y homologaci\u00f3n de estudios de otras IES seg\u00fan el Art\u00edculo 63 y 64 del Reglamento de R\u00e9gimen Acad\u00e9mico.<\/p><p style=\"text-align: justify\"><span style=\"text-decoration: underline\">Requisitos de titulaci\u00f3n:<\/span><\/p><ul style=\"text-align: justify\"><li>Aprobar la malla curricular, incluyendo las pr\u00e1cticas preprofesionales y vinculaci\u00f3n con la colectividad.<\/li><li>Aprobar el trabajo de integraci\u00f3n curricular, seg\u00fan el Reglamento Interno de R\u00e9gimen Acad\u00e9mico.<\/li><\/ul><p style=\"text-align: justify\">Acreditar suficiencia en la competencia comunicativa en ingl\u00e9s a nivel B1 \u2013 MCER a trav\u00e9s de la preparaci\u00f3n brindada por el Centro de Idiomas ULEAM para el examen de certificaci\u00f3n comunicativa otorgado por alguna certificadora reconocida.<\/p><p style=\"text-align: justify\"><span style=\"text-decoration: underline\">Modalidades de titulaci\u00f3n\u00a0<\/span><\/p><p style=\"text-align: justify\">Las modalidades de titulaci\u00f3n para la Carrera Gesti\u00f3n P\u00fablica y Desarrollo son:<\/p><ul style=\"text-align: justify\"><li>Art\u00edculo Acad\u00e9mico.<\/li><li>Proyecto de Investigaci\u00f3n.<\/li><li>Proyecto Integrador.<\/li><\/ul><p style=\"text-align: justify\"><span style=\"text-decoration: underline\">Perfil Profesional<\/span><\/p><p style=\"text-align: justify\">El profesional con Licenciatura en Gesti\u00f3n P\u00fablica y Desarrollo est\u00e1 en capacidad de:<\/p><ul style=\"text-align: justify\"><li>Conocer el conjunto de teor\u00edas, herramientas y pr\u00e1cticas interdisciplinarias con capacidad de resoluci\u00f3n de problemas que se producen en los escenarios de la administraci\u00f3n e implementaci\u00f3n de las pol\u00edticas p\u00fablicas.<\/li><li>Gerenciar y dirigir al personal administrativo con pensamiento social y \u00e9tico para liderar organizaciones p\u00fablicas en funci\u00f3n del desarrollo sectorial, social y p\u00fablico en los diferentes niveles de gobierno.<\/li><li>Asesorar a los distintos niveles del gobierno para la acertada toma de decisiones, que gu\u00eden la implementaci\u00f3n de pol\u00edticas p\u00fablicas enfocadas en el desarrollo de los distintos niveles de gobiernos.<\/li><li>Analizar las normas que constan en el marco jur\u00eddico vigente, que orienten las acciones dentro de la administraci\u00f3n p\u00fablica, analizando los principios, normas y t\u00e9cnicas de las finanzas, tributaci\u00f3n, presupuesto, entre otras.<\/li><li>Planificar, organizar, dirigir y controlar estrat\u00e9gicamente las instituciones p\u00fablicas, demostrando efectividad, transparencia y responsabilidad social en su correcta gesti\u00f3n y supervisi\u00f3n de bienes p\u00fablicos; ejerciendo el liderazgo y el trabajo en equipo para el logro y consecuci\u00f3n de metas en la organizaci\u00f3n con el apoyo de las tecnolog\u00edas, comprometidos con la realidad y las necesidades del territorio.<\/li><\/ul><p style=\"text-align: justify\"><span style=\"text-decoration: underline\">Campo ocupacional<\/span><\/p><p style=\"text-align: justify\">El profesional en Gesti\u00f3n P\u00fablica y Desarrollo puede laborar en puestos como:<\/p><p style=\"text-align: justify\">Direcci\u00f3n, Jefatura, Analistas, Asesor\u00eda, Consultor\u00eda y Operaciones, ya sea en<\/p><p style=\"text-align: justify\">las instituciones gubernamentales, no Gubernamentales, y semip\u00fablicas.<\/p><p style=\"text-align: justify\"><span style=\"text-decoration: underline\">Perfil de egreso<\/span>\u00a0\u00a0\u00a0\u00a0\u00a0\u00a0\u00a0\u00a0\u00a0\u00a0\u00a0\u00a0\u00a0\u00a0\u00a0\u00a0\u00a0\u00a0\u00a0\u00a0\u00a0\u00a0\u00a0\u00a0\u00a0\u00a0<\/p><p style=\"text-align: justify\">\u00bfQu\u00e9 resultados de aprendizaje y competencias profesionales son necesarias para el futuro desempe\u00f1o profesional?<\/p><p style=\"text-align: justify\">Las competencias profesionales adquiridas les permitir\u00e1n demostrar las capacidades, habilidades y destrezas en las ciencias administrativas, econ\u00f3micas, legales, pol\u00edticas y geogr\u00e1ficas para su gesti\u00f3n en las instituciones p\u00fablicas, con principios \u00e9ticos, valores y respeto a la normativa p\u00fablica; aportando a la construcci\u00f3n de una convivencia social, a trav\u00e9s del dise\u00f1o e implementaci\u00f3n de sistemas de gesti\u00f3n y pol\u00edticas p\u00fablicas, acorde a las necesidades y tensiones del entorno, con el uso de tecnolog\u00edas emergentes y metodolog\u00eda cient\u00edfica.<\/p><p style=\"text-align: justify\">Competencias Te\u00f3ricas<\/p><ul style=\"text-align: justify\"><li>Comprender las disciplinas que abordan la administraci\u00f3n p\u00fablica<\/li><li>Comprender desarrollos sociales, pol\u00edticos y econ\u00f3micos<\/li><li>Explorar conceptos claves a trav\u00e9s de fronteras institucionales dentro del sector p\u00fablico<\/li><li>Comprender el dominio p\u00fablico<\/li><li>Reconocer, analizar e interpretar la realidad social, pol\u00edtica o administrativa de Ecuador<\/li><li>Creaci\u00f3n de redes y cooperaci\u00f3n con otras organizaciones.<\/li><\/ul><p style=\"text-align: justify\">Competencias Profesionales<\/p><ul style=\"text-align: justify\"><li>Comprender y saber realizar las operaciones de la contabilidad p\u00fablica y saber analizar los indicadores contables y financieros.<\/li><li>Conocer los aspectos m\u00e1s relevantes de la historia pol\u00edtica y social contempor\u00e1nea<\/li><li>Analizar y resolver problemas desde la perspectiva de terceros (pol\u00edticos, profesionales, ciudadanos y representantes de organizaciones c\u00edvicas)<\/li><li>Incorporar la \u00e9tica del servicio y los valores p\u00fablicos<\/li><li>Comprender la intervenci\u00f3n del sector p\u00fablico en la econom\u00eda, sus caracter\u00edsticas y efectos econ\u00f3micos<\/li><li>Conocer e implementar planes de manejo y sistemas de monitoreo ambiental.<\/li><li>Utilizar los conocimientos te\u00f3ricos de las disciplinas relacionadas con la administraci\u00f3n p\u00fablica para analizar y resolver problemas del \u00e1mbito p\u00fablico<\/li><li>Conocer y saber aplicar los principios econ\u00f3micos y el r\u00e9gimen jur\u00eddico de los ingresos de la administraci\u00f3n p\u00fablica<\/li><li>Utilizar los resultados de la investigaci\u00f3n para la toma de decisiones o propuestas de pol\u00edticas<\/li><li>Conocer la planificaci\u00f3n, coordinaci\u00f3n y gesti\u00f3n presupuestaria de proyectos<\/li><li>Conocer la metodolog\u00eda de an\u00e1lisis de las pol\u00edticas p\u00fablicas y las fases del proceso de su elaboraci\u00f3n<\/li><li>Conocer los sistemas y t\u00e9cnicas b\u00e1sicas de control interno y externos de la administraci\u00f3n p\u00fablica<\/li><li>Manejar problemas relacionados con el entorno econ\u00f3mico, realidad pol\u00edtica, jur\u00eddica y social<\/li><li>Articular y aplicar perspectiva de servicio p\u00fablico<\/li><li>Utilizar aplicaciones inform\u00e1ticas para la gesti\u00f3n administrativa y financiera<\/li><li>Comprender y aplicar el r\u00e9gimen jur\u00eddico de la contrataci\u00f3n, de la instituci\u00f3n y de la gesti\u00f3n patrimonial de la administraci\u00f3n p\u00fablica<\/li><li>Conocer los indicadores b\u00e1sicos de la Gesti\u00f3n P\u00fablica<\/li><li>Analizar y gestionar las operaciones de tesorer\u00eda y las operaciones financieras que lleve a cabo la administraci\u00f3n p\u00fablica<\/li><li>Comparar y evaluar diferentes sistemas de administraci\u00f3n p\u00fablica<\/li><\/ul><p style=\"text-align: justify\">Competencias Comunicativas<\/p><ul style=\"text-align: justify\"><li>Negociar con pol\u00edticos, expertos, ciudadanos y representantes de organizaciones c\u00edvicas<\/li><li>Comunicarse e interactuar en un contexto intercultural<\/li><li>Comunicarse e interactuar en el \u00e1mbito p\u00fablico con pol\u00edticos, expertos, ciudadanos y representantes de organizaciones c\u00edvicas<\/li><li>Orientar al ciudadano, al cliente interno y a la sociedad.<\/li><\/ul><p style=\"text-align: justify\">Competencias Investigativas<\/p><ul style=\"text-align: justify\"><li>Analizar y resolver problemas relacionados con la administraci\u00f3n y gesti\u00f3n p\u00fablica aplicando m\u00e9todos cient\u00edficos adecuados<\/li><li>Utilizar m\u00e9todos y t\u00e9cnicas de investigaci\u00f3n socio cient\u00edfica, incluida la estad\u00edstica<\/li><li>Realizar investigaci\u00f3n aplicada respecto a un problema determinado, con ello se pretende que el estudiante mediante la identificaci\u00f3n del proceso de investigaci\u00f3n en la Gesti\u00f3n P\u00fablica analice, comprenda y redacte la problem\u00e1tica de investigaci\u00f3n en el campo amplio de las ciencias administrativas.<\/li><li>Tomar decisiones basadas en evidencia, interpretaci\u00f3n y aplicaci\u00f3n de agendas pol\u00edticas, anticipaci\u00f3n de tendencias futuras en los servicios p\u00fablicos y la adaptaci\u00f3n de actividades para adecuarse a contextos espec\u00edficos de servicios p\u00fablicos<\/li><li>Estar familiarizado con los avances de la investigaci\u00f3n en la gesti\u00f3n p\u00fablica. Seleccionar y aplicar m\u00e9todos, t\u00e9cnicas y procedimientos adecuados como herramientas para analizar y resolver problemas<\/li><\/ul><p style=\"text-align: justify\">Competencia Tecnol\u00f3gicas<\/p><ul><li style=\"text-align: justify\">Usar sistemas de red y t\u00e9cnicas en el Sistema de Informaci\u00f3n Geogr\u00e1fica<\/li><li style=\"text-align: justify\">Gestionar en el contexto del Gobierno como: Gesti\u00f3n de Proyectos y Finanzas<\/li><\/ul><\/div>\n\t\t\t\t\t\t\t\t\t<div class=\"elementor-tab-title elementor-tab-mobile-title\" aria-selected=\"false\" data-tab=\"2\" role=\"tab\" tabindex=\"-1\" aria-controls=\"elementor-tab-content-1582\" aria-expanded=\"false\">Malla Curricular<\/div>\n\t\t\t\t\t<div id=\"elementor-tab-content-1582\" class=\"elementor-tab-content elementor-clearfix\" data-tab=\"2\" role=\"tabpanel\" aria-labelledby=\"elementor-tab-title-1582\" tabindex=\"0\" hidden=\"hidden\"><p><a href=\"https:\/\/carreras.uleam.edu.ec\/facultad-ciencias-sociales-derecho-y-bienestar\/wp-content\/uploads\/sites\/72\/2025\/11\/Anexo-7.-Malla-Gestion-Publica-y-Desarrollo-29-10-2025-con-competencias.pdf\" target=\"_blank\" rel=\"noopener\"><img loading=\"lazy\" decoding=\"async\" class=\"alignnone wp-image-677 size-large\" src=\"https:\/\/carreras.uleam.edu.ec\/facultad-ciencias-sociales-derecho-y-bienestar\/wp-content\/uploads\/sites\/72\/2025\/11\/MALLA-GESTION-1024x607.png\" alt=\"\" width=\"1024\" height=\"607\" srcset=\"https:\/\/carreras.uleam.edu.ec\/facultad-ciencias-sociales-derecho-y-bienestar\/wp-content\/uploads\/sites\/72\/2025\/11\/MALLA-GESTION-1024x607.png 1024w, https:\/\/carreras.uleam.edu.ec\/facultad-ciencias-sociales-derecho-y-bienestar\/wp-content\/uploads\/sites\/72\/2025\/11\/MALLA-GESTION-300x178.png 300w, https:\/\/carreras.uleam.edu.ec\/facultad-ciencias-sociales-derecho-y-bienestar\/wp-content\/uploads\/sites\/72\/2025\/11\/MALLA-GESTION-768x455.png 768w, https:\/\/carreras.uleam.edu.ec\/facultad-ciencias-sociales-derecho-y-bienestar\/wp-content\/uploads\/sites\/72\/2025\/11\/MALLA-GESTION-1536x910.png 1536w, https:\/\/carreras.uleam.edu.ec\/facultad-ciencias-sociales-derecho-y-bienestar\/wp-content\/uploads\/sites\/72\/2025\/11\/MALLA-GESTION-2048x1213.png 2048w\" sizes=\"auto, (max-width: 1024px) 100vw, 1024px\" \/><\/a><\/p><\/div>\n\t\t\t\t\t\t\t\t\t<div class=\"elementor-tab-title elementor-tab-mobile-title\" aria-selected=\"false\" data-tab=\"3\" role=\"tab\" tabindex=\"-1\" aria-controls=\"elementor-tab-content-1583\" aria-expanded=\"false\">Docentes<\/div>\n\t\t\t\t\t<div id=\"elementor-tab-content-1583\" class=\"elementor-tab-content elementor-clearfix\" data-tab=\"3\" role=\"tabpanel\" aria-labelledby=\"elementor-tab-title-1583\" tabindex=\"0\" hidden=\"hidden\"><p style=\"text-align: center\">EN PROCESO DE ACTUALIZACI\u00d3N<\/p><\/div>\n\t\t\t\t\t\t\t\t\t<div class=\"elementor-tab-title elementor-tab-mobile-title\" aria-selected=\"false\" data-tab=\"4\" role=\"tab\" tabindex=\"-1\" aria-controls=\"elementor-tab-content-1584\" aria-expanded=\"false\">Datos Generales<\/div>\n\t\t\t\t\t<div id=\"elementor-tab-content-1584\" class=\"elementor-tab-content elementor-clearfix\" data-tab=\"4\" role=\"tabpanel\" aria-labelledby=\"elementor-tab-title-1584\" tabindex=\"0\" hidden=\"hidden\"><div style=\"text-align: center\"><div class=\"x_elementToProof\" aria-hidden=\"true\">\u00a0<\/div><\/div><div style=\"text-align: center\"><div class=\"x_elementToProof\"><span data-olk-copy-source=\"MessageBody\">Lic. Diana Azucena Castro Bail\u00f3n<\/span><\/div><\/div><div style=\"text-align: center\">SECRETARIA DE CARRERA<\/div><div style=\"text-align: center\"><a href=\"mailto:diana.castro@uleam.edu.ec\">diana.castro@uleam.edu.ec<\/a>\u00a0\u00a0<\/div><div style=\"text-align: center\"><div class=\"x_elementToProof\">Horario de atenci\u00f3n:<\/div><\/div><div><div class=\"x_elementToProof\" style=\"text-align: center\">08:30 a 15:30<\/div><\/div><\/div>\n\t\t\t\t\t\t\t\t\t<div class=\"elementor-tab-title elementor-tab-mobile-title\" aria-selected=\"false\" data-tab=\"5\" role=\"tab\" tabindex=\"-1\" aria-controls=\"elementor-tab-content-1585\" aria-expanded=\"false\">Gesti\u00f3n y Proceso Estudiantil<\/div>\n\t\t\t\t\t<div id=\"elementor-tab-content-1585\" class=\"elementor-tab-content elementor-clearfix\" data-tab=\"5\" role=\"tabpanel\" aria-labelledby=\"elementor-tab-title-1585\" tabindex=\"0\" hidden=\"hidden\"><p style=\"text-align: center\">EN PROCESO DE ACTUALIZACI\u00d3N<\/p><\/div>\n\t\t\t\t\t\t\t<\/div>\n\t\t<\/div>\n\t\t\t\t<\/div>\n\t\t\t\t<\/div>\n\t\t\t\t\t<\/div>\n\t\t<\/div>\n\t\t\t\t\t\t\t<\/div>\n\t\t<\/section>\n\t\t\t\t\t\t<\/div>\n\t\t\t\t\t<\/div>\n\t\t","protected":false},"excerpt":{"rendered":"<p>Descripci\u00f3n General de la Carrera Malla Curricular Docentes Datos Generales Gesti\u00f3n y Proceso Estudiantil Descripci\u00f3n General de la Carrera RESOLUCI\u00d3N DEL CES: RPC-SO-43- No.660-2025 Carrera:\u00a0 \u00a0 \u00a0 \u00a0 \u00a0 \u00a0 \u00a0 \u00a0 \u00a0\u00a0 \u00a0 \u00a0 \u00a0 \u00a0 \u00a0 \u00a0 \u00a0 [&hellip;]<\/p>\n","protected":false},"author":7,"featured_media":0,"parent":0,"menu_order":0,"comment_status":"closed","ping_status":"closed","template":"","meta":{"_acf_changed":false,"footnotes":""},"class_list":["post-660","page","type-page","status-publish","hentry"],"acf":[],"_links":{"self":[{"href":"https:\/\/carreras.uleam.edu.ec\/facultad-ciencias-sociales-derecho-y-bienestar\/wp-json\/wp\/v2\/pages\/660","targetHints":{"allow":["GET"]}}],"collection":[{"href":"https:\/\/carreras.uleam.edu.ec\/facultad-ciencias-sociales-derecho-y-bienestar\/wp-json\/wp\/v2\/pages"}],"about":[{"href":"https:\/\/carreras.uleam.edu.ec\/facultad-ciencias-sociales-derecho-y-bienestar\/wp-json\/wp\/v2\/types\/page"}],"author":[{"embeddable":true,"href":"https:\/\/carreras.uleam.edu.ec\/facultad-ciencias-sociales-derecho-y-bienestar\/wp-json\/wp\/v2\/users\/7"}],"replies":[{"embeddable":true,"href":"https:\/\/carreras.uleam.edu.ec\/facultad-ciencias-sociales-derecho-y-bienestar\/wp-json\/wp\/v2\/comments?post=660"}],"version-history":[{"count":41,"href":"https:\/\/carreras.uleam.edu.ec\/facultad-ciencias-sociales-derecho-y-bienestar\/wp-json\/wp\/v2\/pages\/660\/revisions"}],"predecessor-version":[{"id":714,"href":"https:\/\/carreras.uleam.edu.ec\/facultad-ciencias-sociales-derecho-y-bienestar\/wp-json\/wp\/v2\/pages\/660\/revisions\/714"}],"wp:attachment":[{"href":"https:\/\/carreras.uleam.edu.ec\/facultad-ciencias-sociales-derecho-y-bienestar\/wp-json\/wp\/v2\/media?parent=660"}],"curies":[{"name":"wp","href":"https:\/\/api.w.org\/{rel}","templated":true}]}}