{"id":1794,"date":"2025-02-17T10:56:51","date_gmt":"2025-02-17T15:56:51","guid":{"rendered":"https:\/\/carreras.uleam.edu.ec\/facultad-de-educacion-turismo-artes-y-humanidades\/?page_id=1794"},"modified":"2025-03-14T16:24:00","modified_gmt":"2025-03-14T21:24:00","slug":"carrera-gestion-hotelera-internacional","status":"publish","type":"page","link":"https:\/\/carreras.uleam.edu.ec\/facultad-de-educacion-turismo-artes-y-humanidades\/carrera-gestion-hotelera-internacional\/","title":{"rendered":"Carrera Gesti\u00f3n Hotelera Internacional"},"content":{"rendered":"\t\t<div data-elementor-type=\"wp-page\" data-elementor-id=\"1794\" class=\"elementor elementor-1794\" data-elementor-settings=\"[]\">\n\t\t\t\t\t\t\t<div class=\"elementor-section-wrap\">\n\t\t\t\t\t\t\t<section class=\"elementor-section elementor-top-section elementor-element elementor-element-286cbb3 elementor-section-boxed elementor-section-height-default elementor-section-height-default\" data-id=\"286cbb3\" data-element_type=\"section\">\n\t\t\t\t\t\t<div class=\"elementor-container elementor-column-gap-default\">\n\t\t\t\t\t<div class=\"elementor-column elementor-col-100 elementor-top-column elementor-element elementor-element-dd48187\" data-id=\"dd48187\" data-element_type=\"column\">\n\t\t\t<div class=\"elementor-widget-wrap elementor-element-populated\">\n\t\t\t\t\t\t\t\t<div class=\"elementor-element elementor-element-08079e3 elementor-tabs-view-horizontal elementor-widget elementor-widget-tabs\" data-id=\"08079e3\" data-element_type=\"widget\" data-widget_type=\"tabs.default\">\n\t\t\t\t<div class=\"elementor-widget-container\">\n\t\t\t\t\t<div class=\"elementor-tabs\">\n\t\t\t<div class=\"elementor-tabs-wrapper\" role=\"tablist\" >\n\t\t\t\t\t\t\t\t\t<div id=\"elementor-tab-title-8411\" class=\"elementor-tab-title elementor-tab-desktop-title\" aria-selected=\"true\" data-tab=\"1\" role=\"tab\" tabindex=\"0\" aria-controls=\"elementor-tab-content-8411\" aria-expanded=\"false\">Descripci\u00f3n General de la Carrera<\/div>\n\t\t\t\t\t\t\t\t\t<div id=\"elementor-tab-title-8412\" class=\"elementor-tab-title elementor-tab-desktop-title\" aria-selected=\"false\" data-tab=\"2\" role=\"tab\" tabindex=\"-1\" aria-controls=\"elementor-tab-content-8412\" aria-expanded=\"false\">Malla Curricular<\/div>\n\t\t\t\t\t\t\t\t\t<div id=\"elementor-tab-title-8413\" class=\"elementor-tab-title elementor-tab-desktop-title\" aria-selected=\"false\" data-tab=\"3\" role=\"tab\" tabindex=\"-1\" aria-controls=\"elementor-tab-content-8413\" aria-expanded=\"false\">Docentes<\/div>\n\t\t\t\t\t\t\t\t\t<div id=\"elementor-tab-title-8414\" class=\"elementor-tab-title elementor-tab-desktop-title\" aria-selected=\"false\" data-tab=\"4\" role=\"tab\" tabindex=\"-1\" aria-controls=\"elementor-tab-content-8414\" aria-expanded=\"false\">Datos Generales<\/div>\n\t\t\t\t\t\t\t\t\t<div id=\"elementor-tab-title-8415\" class=\"elementor-tab-title elementor-tab-desktop-title\" aria-selected=\"false\" data-tab=\"5\" role=\"tab\" tabindex=\"-1\" aria-controls=\"elementor-tab-content-8415\" aria-expanded=\"false\">Gesti\u00f3n y Proceso Estudiantil<\/div>\n\t\t\t\t\t\t\t<\/div>\n\t\t\t<div class=\"elementor-tabs-content-wrapper\" role=\"tablist\" aria-orientation=\"vertical\">\n\t\t\t\t\t\t\t\t\t<div class=\"elementor-tab-title elementor-tab-mobile-title\" aria-selected=\"true\" data-tab=\"1\" role=\"tab\" tabindex=\"0\" aria-controls=\"elementor-tab-content-8411\" aria-expanded=\"false\">Descripci\u00f3n General de la Carrera<\/div>\n\t\t\t\t\t<div id=\"elementor-tab-content-8411\" class=\"elementor-tab-content elementor-clearfix\" data-tab=\"1\" role=\"tabpanel\" aria-labelledby=\"elementor-tab-title-8411\" tabindex=\"0\" hidden=\"false\"><ul><li>Nombre de la carrera:\u00a0\u00a0\u00a0\u00a0\u00a0\u00a0\u00a0\u00a0\u00a0\u00a0\u00a0\u00a0\u00a0\u00a0\u00a0\u00a0\u00a0\u00a0\u00a0\u00a0\u00a0\u00a0\u00a0 Gesti\u00f3n Hotelera Internacional<\/li><li>Titulaci\u00f3n:\u00a0\u00a0\u00a0\u00a0\u00a0\u00a0\u00a0\u00a0\u00a0\u00a0\u00a0\u00a0\u00a0\u00a0\u00a0\u00a0\u00a0\u00a0\u00a0\u00a0\u00a0\u00a0\u00a0\u00a0\u00a0\u00a0\u00a0\u00a0\u00a0\u00a0\u00a0\u00a0\u00a0\u00a0\u00a0\u00a0\u00a0\u00a0\u00a0\u00a0\u00a0\u00a0\u00a0 Licenciado\/a en Turismo Sostenible<br \/>N\u00famero de per\u00edodos acad\u00e9micos:\u00a0 8 niveles<\/li><li>Modalidad de estudio\/aprendizaje: Presencial<\/li><\/ul><p>Requisitos de ingreso \u00a0<\/p><ul><li>T\u00edtulo de bachiller o su equivalente seg\u00fan la ley.\u202f<\/li><li>Contar con un cupo asignado para la carrera mediante los mecanismos establecidos por la IES.\u202f<\/li><li>Cumplir con los requerimientos establecidos en el manual de procedimientos de matr\u00edculas de la Uleam.\u202f<\/li><li>En casos de movilidad interna o externa cumplir con los requisitos establecidos en el Reglamento Interno de R\u00e9gimen Acad\u00e9mico para movilidad y el manual de procedimiento de homologaci\u00f3n de estudios por an\u00e1lisis comparativo de contenidos.\u202f\u202f<\/li><\/ul><p>Los mismos que se encuentran en concordancia con el Art\u00edculo 82 de la LOES.\u00a0<\/p><p>Perfil de ingreso\u00a0<\/p><p>El postulante a la Carrera de Gesti\u00f3n Hotelera Internacional, debe ser una persona con las siguientes habilidades y destrezas:\u202f\u00a0<\/p><ul><li>Poseer conocimientos b\u00e1sicos de matem\u00e1ticas, ciencias sociales y comunicaci\u00f3n.\u202f<\/li><li>Tener disposici\u00f3n de servicio y empat\u00eda.<\/li><li>Tener sentido de compromiso social.<\/li><li>Poseer cualidades \u00e9ticas y morales.<\/li><li>Tener habilidades para el aprendizaje de lenguas extrajeras.\u202f\u202f<\/li><li>Tener destreza para el uso de nuevas tecnolog\u00edas.<\/li><\/ul><p>Perfil de egreso\u00a0\u00a0<\/p><p>Los resultados de aprendizaje y competencias de los profesionales de la carrera de Gesti\u00f3n Hotelera Internacional estar\u00e1n orientados por cada una de las asignaturas de su malla curricular, as\u00ed como los programas y proyectos de investigaci\u00f3n y vinculaci\u00f3n, seg\u00fan los n\u00facleos multidisciplinarios se reconocen las siguientes competencias relacionadas con el \u00e1rea del conocimiento y formaci\u00f3n:\u202f<strong>\u202f<\/strong>\u00a0<\/p><ol><li>Conocer los fundamentos y principales modelos administrativos en materia de Gesti\u00f3n Hotelera, de restaurantes y afines.\u202f\u202f\u00a0<\/li><li>Comprender, elaborar y ejecutar procesos de gesti\u00f3n de la empresa, enfocados en la gesti\u00f3n de calidad y en la prestaci\u00f3n de servicios de alojamiento y alimentaci\u00f3n.\u00a0<\/li><li>Dise\u00f1ar proyectos emprendedores de corte innovador que favorezcan a la sostenibilidad y a la preservaci\u00f3n del medio ambiente en todo momento de la cadena de proceso, teniendo como herramienta principal el uso de las TICS conexo a las habilidades duras.\u202f\u00a0<\/li><li>Comprender el ecosistema del sistema tur\u00edstico local y la organizaci\u00f3n administrativa y operativa de un establecimiento de alojamiento, de restauraci\u00f3n o afines.\u202f\u202f\u00a0<\/li><li>Comunicarse en ingl\u00e9s con los Stakeholders de las empresas de alojamiento, restauraci\u00f3n y otras vinculadas con el sector de los servicios para poder intercambiar criterios y brindar una oferta con proyecci\u00f3n internacional.\u202f\u00a0<\/li><\/ol><p>Requisito de aprendizaje de una lengua extranjera\u00a0<\/p><p>Aprobaci\u00f3n de la suficiencia de la lengua extranjera seg\u00fan lo que indica el Reglamento de R\u00e9gimen Acad\u00e9mico (Nivel B2 del Marco Com\u00fan Europeo, como requisito para la titulaci\u00f3n). Suficiencia avalada por el Instituto de Idiomas la universidad.<\/p><p>Se ofertar\u00e1 tambi\u00e9n una asignatura introductoria <span style=\"text-decoration: underline\">al idioma extranjero franc\u00e9s<\/span> que responda a un nivel de suficiencia A1, y una segunda asignatura de franc\u00e9s t\u00e9cnico, con objetivo espec\u00edfico alineado a la oferta de productos y servicios de alojamiento y restauraci\u00f3n.\u00a0<\/p><p><span style=\"text-decoration: underline\">IMPORTANTE:<\/span> No es necesario ser biling\u00fce para ingresar a esa carrera, lo importante es tener las ganas y la predisposici\u00f3n de aprender idiomas extranjeros.<\/p><\/div>\n\t\t\t\t\t\t\t\t\t<div class=\"elementor-tab-title elementor-tab-mobile-title\" aria-selected=\"false\" data-tab=\"2\" role=\"tab\" tabindex=\"-1\" aria-controls=\"elementor-tab-content-8412\" aria-expanded=\"false\">Malla Curricular<\/div>\n\t\t\t\t\t<div id=\"elementor-tab-content-8412\" class=\"elementor-tab-content elementor-clearfix\" data-tab=\"2\" role=\"tabpanel\" aria-labelledby=\"elementor-tab-title-8412\" tabindex=\"0\" hidden=\"hidden\"><p><a href=\"https:\/\/carreras.uleam.edu.ec\/facultad-de-educacion-turismo-artes-y-humanidades\/wp-content\/uploads\/sites\/75\/2025\/02\/Malla_Gestion-Hotelera-Internacional-2024-actualizacion_corregida3.pdf\" target=\"_blank\" rel=\"noopener\"><img loading=\"lazy\" decoding=\"async\" class=\"alignnone wp-image-1851 size-large\" src=\"https:\/\/carreras.uleam.edu.ec\/facultad-de-educacion-turismo-artes-y-humanidades\/wp-content\/uploads\/sites\/75\/2025\/02\/malla-gestion-1024x987.png\" alt=\"\" width=\"1024\" height=\"987\" srcset=\"https:\/\/carreras.uleam.edu.ec\/facultad-de-educacion-turismo-artes-y-humanidades\/wp-content\/uploads\/sites\/75\/2025\/02\/malla-gestion-1024x987.png 1024w, https:\/\/carreras.uleam.edu.ec\/facultad-de-educacion-turismo-artes-y-humanidades\/wp-content\/uploads\/sites\/75\/2025\/02\/malla-gestion-300x289.png 300w, https:\/\/carreras.uleam.edu.ec\/facultad-de-educacion-turismo-artes-y-humanidades\/wp-content\/uploads\/sites\/75\/2025\/02\/malla-gestion-768x740.png 768w, https:\/\/carreras.uleam.edu.ec\/facultad-de-educacion-turismo-artes-y-humanidades\/wp-content\/uploads\/sites\/75\/2025\/02\/malla-gestion-1536x1480.png 1536w, https:\/\/carreras.uleam.edu.ec\/facultad-de-educacion-turismo-artes-y-humanidades\/wp-content\/uploads\/sites\/75\/2025\/02\/malla-gestion-2048x1973.png 2048w\" sizes=\"auto, (max-width: 1024px) 100vw, 1024px\" \/><\/a><\/p><\/div>\n\t\t\t\t\t\t\t\t\t<div class=\"elementor-tab-title elementor-tab-mobile-title\" aria-selected=\"false\" data-tab=\"3\" role=\"tab\" tabindex=\"-1\" aria-controls=\"elementor-tab-content-8413\" aria-expanded=\"false\">Docentes<\/div>\n\t\t\t\t\t<div id=\"elementor-tab-content-8413\" class=\"elementor-tab-content elementor-clearfix\" data-tab=\"3\" role=\"tabpanel\" aria-labelledby=\"elementor-tab-title-8413\" tabindex=\"0\" hidden=\"hidden\"><p>En proceso de actualizaci\u00f3n<\/p><\/div>\n\t\t\t\t\t\t\t\t\t<div class=\"elementor-tab-title elementor-tab-mobile-title\" aria-selected=\"false\" data-tab=\"4\" role=\"tab\" tabindex=\"-1\" aria-controls=\"elementor-tab-content-8414\" aria-expanded=\"false\">Datos Generales<\/div>\n\t\t\t\t\t<div id=\"elementor-tab-content-8414\" class=\"elementor-tab-content elementor-clearfix\" data-tab=\"4\" role=\"tabpanel\" aria-labelledby=\"elementor-tab-title-8414\" tabindex=\"0\" hidden=\"hidden\"><ul><li style=\"text-align: center\">Lcda. Sion Saltos Gabriela Janeth<\/li><li style=\"text-align: center\"><strong>DIRECTORA DE CARRERA<\/strong><\/li><li style=\"text-align: center\"><a href=\"mailto:gabriela.sion@uleam.edu.ec\">gabriela.sion@uleam.edu.ec<\/a><\/li><\/ul><hr \/><ul style=\"text-align: center\"><li>Ing. Jakeline Basurto Torres<\/li><li><strong>SECRETARIA DE CARRERA<\/strong><\/li><li><a href=\"mailto:jakeline.basurto@uleam.edu.ec\">jakeline.basurto@uleam.edu.ec<\/a><\/li><\/ul><hr \/><ul><li style=\"text-align: center\"><strong>HORARIO DE ATENCI\u00d3N:<\/strong><\/li><li style=\"text-align: center\">De lunes a viernes de 08:00 a 16:00<\/li><li style=\"text-align: center\">Oficinas administrativas: ingreso frente a las canchas m\u00faltiples (puerta de vidrio).<\/li><\/ul><\/div>\n\t\t\t\t\t\t\t\t\t<div class=\"elementor-tab-title elementor-tab-mobile-title\" aria-selected=\"false\" data-tab=\"5\" role=\"tab\" tabindex=\"-1\" aria-controls=\"elementor-tab-content-8415\" aria-expanded=\"false\">Gesti\u00f3n y Proceso Estudiantil<\/div>\n\t\t\t\t\t<div id=\"elementor-tab-content-8415\" class=\"elementor-tab-content elementor-clearfix\" data-tab=\"5\" role=\"tabpanel\" aria-labelledby=\"elementor-tab-title-8415\" tabindex=\"0\" hidden=\"hidden\"><p>CONVENIOS:<\/p><p>Instituciones con las que se mantiene convenio de pr\u00e1cticas laborales vigente:<\/p><ul><li>Hotel Oro Verde<\/li><li>MantaHost S.A. \u201cHotel MantaHost\u201d<\/li><li>Hotel Wyndham Manta.<\/li><li>Hotel Los Almendros<\/li><li>Hotel Caba\u00f1as Balandra<\/li><li>Fishturismo S.A. \u201cHotel Aquamarina\u201d<\/li><li>Empresa P\u00fablica de Producci\u00f3n y Desarrollo Estrat\u00e9gico de la ULEAM<\/li><li>Restaurante Humaliwo S.A.S.<\/li><li>Hotel Manakin<\/li><li>F\u00e1brica Ecuatoriana Ecuavau \u201cPoseid\u00f3n\u201d<\/li><li>Restaurante El Patio Outdoor<\/li><li>Centro de Eventos e Integraciones \u201cChiqui Johy\u201d<\/li><li>Fundaci\u00f3n Fuegos<\/li><li>Premium Burguers KrugPub<\/li><li>Restaurante Don Willy 2 (Santa Marianita)<\/li><li>Montecristi Golf Club (Montecristi)<\/li><li>Restaurante Danielita (Santa Ana)<\/li><li>Restaurante Manabita Sabor Fino (Jipijapa)<\/li><li>End\u00e9mico Ecuador \u201cHotel Jama Campay\u201d (Jama)<\/li><li>\u21d2\u00a0Pr\u00e1cticas Pre-profesionales<\/li><li>\u21d2\u00a0Comisiones\u00a0<\/li><li>\u21d2\u00a0<a href=\"https:\/\/departamentos.uleam.edu.ec\/gestion-aseguramiento-calidad\/2019\/04\/08\/matricula\/\">Matr\u00edcula<\/a><\/li><li>\u21d2\u00a0<a href=\"https:\/\/departamentos.uleam.edu.ec\/gestion-aseguramiento-calidad\/reingreso-de-estudiantes\/\">Reingreso de estudiantes<\/a><\/li><li>\u21d2\u00a0<a href=\"https:\/\/departamentos.uleam.edu.ec\/gestion-aseguramiento-calidad\/homologacion-de-estudios-por-analisis-comparativo-de-contenidos\/\">Homologaci\u00f3n de Estudios por An\u00e1lisis Comparativo de Contenidos<\/a><\/li><li>\u00a0<\/li><\/ul><\/div>\n\t\t\t\t\t\t\t<\/div>\n\t\t<\/div>\n\t\t\t\t<\/div>\n\t\t\t\t<\/div>\n\t\t\t\t\t<\/div>\n\t\t<\/div>\n\t\t\t\t\t\t\t<\/div>\n\t\t<\/section>\n\t\t\t\t\t\t<\/div>\n\t\t\t\t\t<\/div>\n\t\t","protected":false},"excerpt":{"rendered":"<p>Descripci\u00f3n General de la Carrera Malla Curricular Docentes Datos Generales Gesti\u00f3n y Proceso Estudiantil Descripci\u00f3n General de la Carrera Nombre de la carrera:\u00a0\u00a0\u00a0\u00a0\u00a0\u00a0\u00a0\u00a0\u00a0\u00a0\u00a0\u00a0\u00a0\u00a0\u00a0\u00a0\u00a0\u00a0\u00a0\u00a0\u00a0\u00a0\u00a0 Gesti\u00f3n Hotelera Internacional Titulaci\u00f3n:\u00a0\u00a0\u00a0\u00a0\u00a0\u00a0\u00a0\u00a0\u00a0\u00a0\u00a0\u00a0\u00a0\u00a0\u00a0\u00a0\u00a0\u00a0\u00a0\u00a0\u00a0\u00a0\u00a0\u00a0\u00a0\u00a0\u00a0\u00a0\u00a0\u00a0\u00a0\u00a0\u00a0\u00a0\u00a0\u00a0\u00a0\u00a0\u00a0\u00a0\u00a0\u00a0\u00a0 Licenciado\/a en Turismo SostenibleN\u00famero de per\u00edodos acad\u00e9micos:\u00a0 8 niveles Modalidad de estudio\/aprendizaje: Presencial [&hellip;]<\/p>\n","protected":false},"author":7,"featured_media":0,"parent":0,"menu_order":0,"comment_status":"closed","ping_status":"closed","template":"","meta":{"_acf_changed":false,"footnotes":""},"class_list":["post-1794","page","type-page","status-publish","hentry"],"acf":[],"_links":{"self":[{"href":"https:\/\/carreras.uleam.edu.ec\/facultad-de-educacion-turismo-artes-y-humanidades\/wp-json\/wp\/v2\/pages\/1794","targetHints":{"allow":["GET"]}}],"collection":[{"href":"https:\/\/carreras.uleam.edu.ec\/facultad-de-educacion-turismo-artes-y-humanidades\/wp-json\/wp\/v2\/pages"}],"about":[{"href":"https:\/\/carreras.uleam.edu.ec\/facultad-de-educacion-turismo-artes-y-humanidades\/wp-json\/wp\/v2\/types\/page"}],"author":[{"embeddable":true,"href":"https:\/\/carreras.uleam.edu.ec\/facultad-de-educacion-turismo-artes-y-humanidades\/wp-json\/wp\/v2\/users\/7"}],"replies":[{"embeddable":true,"href":"https:\/\/carreras.uleam.edu.ec\/facultad-de-educacion-turismo-artes-y-humanidades\/wp-json\/wp\/v2\/comments?post=1794"}],"version-history":[{"count":12,"href":"https:\/\/carreras.uleam.edu.ec\/facultad-de-educacion-turismo-artes-y-humanidades\/wp-json\/wp\/v2\/pages\/1794\/revisions"}],"predecessor-version":[{"id":1892,"href":"https:\/\/carreras.uleam.edu.ec\/facultad-de-educacion-turismo-artes-y-humanidades\/wp-json\/wp\/v2\/pages\/1794\/revisions\/1892"}],"wp:attachment":[{"href":"https:\/\/carreras.uleam.edu.ec\/facultad-de-educacion-turismo-artes-y-humanidades\/wp-json\/wp\/v2\/media?parent=1794"}],"curies":[{"name":"wp","href":"https:\/\/api.w.org\/{rel}","templated":true}]}}