{"id":1822,"date":"2025-02-17T11:48:32","date_gmt":"2025-02-17T16:48:32","guid":{"rendered":"https:\/\/carreras.uleam.edu.ec\/facultad-de-educacion-turismo-artes-y-humanidades\/?page_id=1822"},"modified":"2025-05-08T14:48:37","modified_gmt":"2025-05-08T19:48:37","slug":"carrera-educacion-inclusiva","status":"publish","type":"page","link":"https:\/\/carreras.uleam.edu.ec\/facultad-de-educacion-turismo-artes-y-humanidades\/carrera-educacion-inclusiva\/","title":{"rendered":"Carrera Educaci\u00f3n Inclusiva\u00a0"},"content":{"rendered":"\t\t<div data-elementor-type=\"wp-page\" data-elementor-id=\"1822\" class=\"elementor elementor-1822\" data-elementor-settings=\"[]\">\n\t\t\t\t\t\t\t<div class=\"elementor-section-wrap\">\n\t\t\t\t\t\t\t<section class=\"elementor-section elementor-top-section elementor-element elementor-element-3e214ab elementor-section-boxed elementor-section-height-default elementor-section-height-default\" data-id=\"3e214ab\" data-element_type=\"section\">\n\t\t\t\t\t\t<div class=\"elementor-container elementor-column-gap-default\">\n\t\t\t\t\t<div class=\"elementor-column elementor-col-100 elementor-top-column elementor-element elementor-element-91b914a\" data-id=\"91b914a\" data-element_type=\"column\">\n\t\t\t<div class=\"elementor-widget-wrap elementor-element-populated\">\n\t\t\t\t\t\t\t\t<div class=\"elementor-element elementor-element-615b028 elementor-tabs-view-horizontal elementor-widget elementor-widget-tabs\" data-id=\"615b028\" data-element_type=\"widget\" data-widget_type=\"tabs.default\">\n\t\t\t\t<div class=\"elementor-widget-container\">\n\t\t\t\t\t<div class=\"elementor-tabs\">\n\t\t\t<div class=\"elementor-tabs-wrapper\" role=\"tablist\" >\n\t\t\t\t\t\t\t\t\t<div id=\"elementor-tab-title-1021\" class=\"elementor-tab-title elementor-tab-desktop-title\" aria-selected=\"true\" data-tab=\"1\" role=\"tab\" tabindex=\"0\" aria-controls=\"elementor-tab-content-1021\" aria-expanded=\"false\">Descripci\u00f3n General de la Carrera<\/div>\n\t\t\t\t\t\t\t\t\t<div id=\"elementor-tab-title-1022\" class=\"elementor-tab-title elementor-tab-desktop-title\" aria-selected=\"false\" data-tab=\"2\" role=\"tab\" tabindex=\"-1\" aria-controls=\"elementor-tab-content-1022\" aria-expanded=\"false\">Malla Curricular<\/div>\n\t\t\t\t\t\t\t\t\t<div id=\"elementor-tab-title-1023\" class=\"elementor-tab-title elementor-tab-desktop-title\" aria-selected=\"false\" data-tab=\"3\" role=\"tab\" tabindex=\"-1\" aria-controls=\"elementor-tab-content-1023\" aria-expanded=\"false\">Docentes<\/div>\n\t\t\t\t\t\t\t\t\t<div id=\"elementor-tab-title-1024\" class=\"elementor-tab-title elementor-tab-desktop-title\" aria-selected=\"false\" data-tab=\"4\" role=\"tab\" tabindex=\"-1\" aria-controls=\"elementor-tab-content-1024\" aria-expanded=\"false\">Datos Generales<\/div>\n\t\t\t\t\t\t\t\t\t<div id=\"elementor-tab-title-1025\" class=\"elementor-tab-title elementor-tab-desktop-title\" aria-selected=\"false\" data-tab=\"5\" role=\"tab\" tabindex=\"-1\" aria-controls=\"elementor-tab-content-1025\" aria-expanded=\"false\">Gesti\u00f3n y Proceso Estudiantil<\/div>\n\t\t\t\t\t\t\t<\/div>\n\t\t\t<div class=\"elementor-tabs-content-wrapper\" role=\"tablist\" aria-orientation=\"vertical\">\n\t\t\t\t\t\t\t\t\t<div class=\"elementor-tab-title elementor-tab-mobile-title\" aria-selected=\"true\" data-tab=\"1\" role=\"tab\" tabindex=\"0\" aria-controls=\"elementor-tab-content-1021\" aria-expanded=\"false\">Descripci\u00f3n General de la Carrera<\/div>\n\t\t\t\t\t<div id=\"elementor-tab-content-1021\" class=\"elementor-tab-content elementor-clearfix\" data-tab=\"1\" role=\"tabpanel\" aria-labelledby=\"elementor-tab-title-1021\" tabindex=\"0\" hidden=\"false\"><p>Nombre de la Carrera: \u00a0 \u00a0 \u00a0 \u00a0 \u00a0 \u00a0 \u00a0 \u00a0 \u00a0\u00a0 Educaci\u00f3n Inclusiva<\/p><p>T\u00edtulo que otorga:\u00a0 \u00a0 \u00a0 \u00a0 \u00a0 \u00a0 \u00a0 \u00a0 \u00a0 \u00a0 \u00a0 \u00a0 \u00a0\u00a0 Licenciado\/a en Educaci\u00f3n Inclusiva<\/p><p>Modalidad de aprendizaje:\u00a0 \u00a0 \u00a0 \u00a0 \u00a0 \u00a0 Presencial<br \/>N\u00famero de per\u00edodos ordinarios:\u00a0 8 per\u00edodos acad\u00e9micos<\/p><p style=\"text-align: justify\">Objetivo general<\/p><p style=\"text-align: justify\">Formar docentes a nivel de grado, desde el humanismo social, para proporcionar atenci\u00f3n integral a los y las estudiantes con necesidades educativas espec\u00edficas, en los diferentes tipos y niveles de la educaci\u00f3n ordinaria y especializada; comprometidos con la investigaci\u00f3n, vinculaci\u00f3n, interculturalidad e inclusi\u00f3n; coherentes con los planes nacionales y locales de desarrollo.<\/p><p style=\"text-align: justify\">Perfil de ingreso:<\/p><p style=\"text-align: justify\">El aspirante a esta carrera deber\u00e1 ser capaz de:<\/p><ul style=\"text-align: justify\"><li>Utilizar de manera eficiente las diferentes formas de pensamiento: anal\u00edtico, sist\u00e9mico, deductivo, argumentativo, cr\u00edtico y creativo en la soluci\u00f3n de problemas.<\/li><li>Trabajar en equipos con diversidad cultural y social.<\/li><li>Utilizar la tecnolog\u00eda como soporte de sus procesos de aprendizaje.<\/li><li>Demostrar inter\u00e9s por su autopreparaci\u00f3n y formaci\u00f3n profesional.<\/li><li>Poseer sensibilidad y compromiso con las necesidades sociales y educativas de la poblaci\u00f3n diversa.<\/li><li>Mantener una actitud \u00e9tica, reflexiva y responsable en su desempe\u00f1o acad\u00e9mico y profesional.<\/li><li>Contar con un buen nivel de redacci\u00f3n.<\/li><li>Tener habilidades de lectura y escritura acordes al nivel de bachillerato.<\/li><\/ul><p style=\"text-align: justify\">Requisitos de ingreso<\/p><p style=\"text-align: justify\">El aspirante a esta carrera ser\u00e1 un bachiller capaz de:<\/p><ul style=\"text-align: justify\"><li>Poseer t\u00edtulo de bachiller o su equivalente, de conformidad con la ley.<\/li><li>cumplir con los requisitos establecidos por el sistema de admisi\u00f3n, en los que se observar\u00e1n los principios de igualdad de oportunidades, de libertad de elecci\u00f3n de carrera y de m\u00e9rito.<\/li><li>Copia de c\u00e9dula de ciudadan\u00eda.<\/li><li>Certificado de votaci\u00f3n, si correspondiera.<\/li><li>Dos fotos tama\u00f1o carnet.<\/li><li>Otros de acuerdo con las normativas nacional e institucional.<\/li><\/ul><p style=\"text-align: justify\">Perfil de egreso<\/p><p style=\"text-align: justify\">\u00bfQu\u00e9 resultados de aprendizaje y competencias profesionales son necesarias para el futuro desempe\u00f1o profesional?<\/p><ul style=\"text-align: justify\"><li><p><span style=\"text-decoration: underline\">[Conocimiento pedag\u00f3gico y psicol\u00f3gico]<\/span> Analiza las bases pedag\u00f3gicas, epistemol\u00f3gicas, psicol\u00f3gicas y el marco normativo ecuatoriano, que fundamentan la inclusi\u00f3n educativa y la pr\u00e1ctica de una educaci\u00f3n de calidad para todas y todos los ni\u00f1os, las ni\u00f1as y adolescentes en los niveles de educaci\u00f3n inicial, b\u00e1sica y bachillerato en el sistema educativo ecuatoriano, que derivan en la concreci\u00f3n y contextualizaci\u00f3n del curr\u00edculo nacional.<\/p><\/li><li><span style=\"text-decoration: underline\">[Actuaci\u00f3n profesional docente]<\/span> Identifica las necesidades de aprendizaje de los alumnos en situaci\u00f3n de vulnerabilidad, con discapacidad, con trastornos espec\u00edficos del aprendizaje, de conducta o de comunicaci\u00f3n, o bien con aptitudes sobresalientes para favorecer su proceso de inclusi\u00f3n educativa en t\u00e9rminos de aprendizaje, participaci\u00f3n, promoci\u00f3n y culminaci\u00f3n.<\/li><li><span style=\"text-decoration: underline\">[Competencia comunicativa]<\/span> Desarrolla estrategias para la accesibilidad cognitiva y comunicativa para promover la participaci\u00f3n activa de todos, con especial atenci\u00f3n en grupos en riesgo de exclusi\u00f3n educativa y social.<\/li><li><span style=\"text-decoration: underline\">[Competencia investigativa]<\/span> Investiga y sistematiza fen\u00f3menos en contextos escolares inclusivos y especializados, a trav\u00e9s de procedimientos de diagn\u00f3stico, planificaci\u00f3n, procesamiento y an\u00e1lisis de datos para dar respuesta a problemas socioeducativos, con \u00e9nfasis en las necesidades educativas espec\u00edficas asociadas y no asociadas a la discapacidad, para la difusi\u00f3n del conocimiento interdisciplinario.<\/li><li><span style=\"text-decoration: underline\">[Competencia recursiva y tecnol\u00f3gica]<\/span> Integra en el proceso educativo el uso de las TIC y recursos convencionales, para la planificaci\u00f3n y el desarrollo de los ambientes de aprendizaje y su evaluaci\u00f3n.<\/li><\/ul><p style=\"text-align: justify\">\u00bfQu\u00e9 resultados de aprendizaje relacionados con el manejo de m\u00e9todos, metodolog\u00edas, modelos, protocolos, procesos y procedimientos de car\u00e1cter profesional e investigativo se garantizar\u00e1n en la implementaci\u00f3n de la carrera?<\/p><ul style=\"text-align: justify\"><li><span style=\"text-decoration: underline\">[Dise\u00f1o curricular, evaluaci\u00f3n e integraci\u00f3n de las TIC]<\/span> Asesora y acompa\u00f1a a otros docentes y actores de la comunidad educativa en la planeaci\u00f3n, dise\u00f1o, desarrollo y seguimiento de propuestas inclusivas para responder a la diversidad del alumnado, aplicando sus conocimientos psicopedag\u00f3gicos, disciplinares, did\u00e1cticos y tecnol\u00f3gicos para propiciar espacios de aprendizaje globales e incluyentes.<\/li><li><span style=\"text-decoration: underline\">[Desarrollo curricular, did\u00e1ctica y aprendizaje]<\/span> Dise\u00f1a, media y eval\u00faa programas y planes individuales de intervenci\u00f3n para estudiantes con necesidades educativas espec\u00edficas, fundamentados en el trabajo en equipos transdisciplinarios, la evaluaci\u00f3n psicopedag\u00f3gica y la organizaci\u00f3n de la adecuaci\u00f3n curricular desde enfoques ecol\u00f3gicos y globales del desarrollo.<\/li><li><span style=\"text-decoration: underline\">[Acci\u00f3n tutorial e inclusiva]<\/span> Identifica oportunidades para eliminar las barreras para el aprendizaje y la participaci\u00f3n, considerando la diversidad del alumnado y con especial atenci\u00f3n en aquellos que se encuentran en riesgo exclusi\u00f3n por presentar necesidades educativas espec\u00edficas.<\/li><li><span style=\"text-decoration: underline\">[Integraci\u00f3n familiar y comunitaria]<\/span> Dise\u00f1a estrategias dirigidas a orientar a las familias de los estudiantes con necesidades educativas espec\u00edficas y de forma particular de estudiantes con discapacidad, para favorecer el aprendizaje y la participaci\u00f3n en el hogar y en el contexto social en que se desenvuelven.<\/li><\/ul><p style=\"text-align: justify\">\u00bfC\u00f3mo contribuye el futuro profesional al mejoramiento de la calidad de vida, el medio ambiente, el desarrollo productivo y la preservaci\u00f3n, difusi\u00f3n y enriquecimiento de las culturas y saberes?<\/p><ul style=\"text-align: justify\"><li><span style=\"text-decoration: underline\">[Desarrollo sostenible]<\/span> Genera un clima positivo de convivencia basado en el respeto a las diferencias individuales, el cuidado del medio ambiente, la interculturalidad, la pr\u00e1ctica de valores en la participaci\u00f3n democr\u00e1tica, la comprensi\u00f3n de la diversidad, promoviendo estrategias pedag\u00f3gicas inclusivas en los diversos niveles educativos en los que se inserta<\/li><li><span style=\"text-decoration: underline\">[Justicia social y sistema de protecci\u00f3n de derechos]<\/span> Detecta problemas en el campo educativo y socio-comunitario que afectan a la cultura, pol\u00edtica y pr\u00e1cticas inclusivas, proponiendo, a partir de la planificaci\u00f3n de proyectos y desde el enfoque ecol\u00f3gico, soluciones creativas para la facilitaci\u00f3n de funciones pedag\u00f3gicas de orientaci\u00f3n y sensibilizaci\u00f3n.<\/li><\/ul><p style=\"text-align: justify\">\u00bfCu\u00e1les son los valores y los principios, en el marco de un enfoque de derechos, igualdad e interculturalidad, pensamiento universal, cr\u00edtico y creativo, que se promover\u00e1n en la formaci\u00f3n profesional que ofrece la carrera?<\/p><ul style=\"text-align: justify\"><li><span style=\"text-decoration: underline\">[\u00c9tica y compromiso profesional] <\/span>Lidera equipos de trabajo multidisciplinarios y multiprofesionales, promoviendo la inclusi\u00f3n, el aprendizaje cooperativo y la producci\u00f3n colectiva de conocimientos y saberes, desde un testimonio responsable y \u00e9tico, su pr\u00e1ctica profesional como agente garantizador de los derechos de los sujetos de su campo de acci\u00f3n.<\/li><\/ul><p style=\"text-align: justify\">Requisito de aprendizaje de una segunda lengua<\/p><p style=\"text-align: justify\">Seg\u00fan el art\u00edculo 64 del Reglamento de R\u00e9gimen Acad\u00e9mico (a\u00f1o) \u201cEl aprendizaje de una segunda lengua ser\u00e1 requisito para la graduaci\u00f3n en las carreras de tercer nivel, de acuerdo con los siguientes niveles de suficiencia tomando como referencia el Marco Com\u00fan Europeo, o su equivalente, para lenguas: b) Para el tercer nivel de grado se requerir\u00e1 al menos el nivel B1\u201d. Este requisito estar\u00e1 a cargo del Centro de Idiomas de la Uleam.<\/p><p style=\"text-align: justify\">Perfil Profesional<\/p><p style=\"text-align: justify\">El educador inclusivo tiene un amplio campo de trabajo en el sistema de Educaci\u00f3n Inicial, Educaci\u00f3n General B\u00e1sica y Educaci\u00f3n Especializada, como profesional docente especialista en contextos escolares que responden a la diversidad del alumnado.<\/p><p style=\"text-align: justify\">En contextos escolares inclusivos promueve el desarrollo de la cultura, pol\u00edticas y pr\u00e1cticas inclusivas para brindar atenci\u00f3n de calidad a todos los ni\u00f1os, ni\u00f1as y adolescentes, con especial \u00e9nfasis en aquellos que presentan necesidades educativas espec\u00edficas; aplicando conocimientos psicopedag\u00f3gicos, disciplinares, did\u00e1cticos y tecnol\u00f3gicos para propiciar espacios de aprendizaje globales e incluyentes.<\/p><p style=\"text-align: justify\">El profesional de la carrera de educaci\u00f3n inclusiva juega un papel importante en el desarrollo y el seguimiento de procesos de inclusi\u00f3n en el sistema de escolarizaci\u00f3n ordinaria, de los estudiantes que experimentan situaciones de vulnerabilidad, necesidades educativas espec\u00edficas y de forma particular discapacidad. Lo que sit\u00faa al Educador Inclusivo como profesional que dispone de uno de los perfiles m\u00e1s aptos para el cumplimiento de la funci\u00f3n de Docente Pedagogo de Apoyo. Desde este rol, trabaja en estrecha colaboraci\u00f3n con los diferentes actores de la comunidad educativa, actuando desde la detecci\u00f3n, sensibilizaci\u00f3n, asesoramiento, intervenci\u00f3n y seguimiento.<\/p><p style=\"text-align: justify\">En contextos de instituciones especializadas se encarga de dise\u00f1ar y desarrollar proyectos educativos individuales que alinean el curr\u00edculo nacional a las necesidades educativas espec\u00edficas asociadas a la discapacidad del alumnado que no es susceptible de ser incluido en la educaci\u00f3n regular. Actuando desde un enfoque ecol\u00f3gico, funcional, global y centrado en la persona para favorecer el desarrollo de su potencial y calidad de vida.<\/p><p style=\"text-align: justify\">El educador inclusivo, trabaja en colaboraci\u00f3n con profesionales de la salud y el bienestar para brindar apoyo integral a los estudiantes que presentan situaciones de vulnerabilidad y sus familias, desde la perspectiva de atenci\u00f3n en equipos transdisciplinarios.<\/p><\/div>\n\t\t\t\t\t\t\t\t\t<div class=\"elementor-tab-title elementor-tab-mobile-title\" aria-selected=\"false\" data-tab=\"2\" role=\"tab\" tabindex=\"-1\" aria-controls=\"elementor-tab-content-1022\" aria-expanded=\"false\">Malla Curricular<\/div>\n\t\t\t\t\t<div id=\"elementor-tab-content-1022\" class=\"elementor-tab-content elementor-clearfix\" data-tab=\"2\" role=\"tabpanel\" aria-labelledby=\"elementor-tab-title-1022\" tabindex=\"0\" hidden=\"hidden\"><p><a href=\"https:\/\/carreras.uleam.edu.ec\/facultad-de-educacion-turismo-artes-y-humanidades\/wp-content\/uploads\/sites\/75\/2025\/02\/Anexo-7-Actual-Malla-Educacion-Inclusiva.pdf\" target=\"_blank\" rel=\"noopener\"><img loading=\"lazy\" decoding=\"async\" class=\"alignnone wp-image-1834 size-large\" src=\"https:\/\/carreras.uleam.edu.ec\/facultad-de-educacion-turismo-artes-y-humanidades\/wp-content\/uploads\/sites\/75\/2025\/02\/MALLA-EDUCACION-INCLUSIVA-1024x797.png\" alt=\"\" width=\"1024\" height=\"797\" srcset=\"https:\/\/carreras.uleam.edu.ec\/facultad-de-educacion-turismo-artes-y-humanidades\/wp-content\/uploads\/sites\/75\/2025\/02\/MALLA-EDUCACION-INCLUSIVA-1024x797.png 1024w, https:\/\/carreras.uleam.edu.ec\/facultad-de-educacion-turismo-artes-y-humanidades\/wp-content\/uploads\/sites\/75\/2025\/02\/MALLA-EDUCACION-INCLUSIVA-300x233.png 300w, https:\/\/carreras.uleam.edu.ec\/facultad-de-educacion-turismo-artes-y-humanidades\/wp-content\/uploads\/sites\/75\/2025\/02\/MALLA-EDUCACION-INCLUSIVA-768x597.png 768w, https:\/\/carreras.uleam.edu.ec\/facultad-de-educacion-turismo-artes-y-humanidades\/wp-content\/uploads\/sites\/75\/2025\/02\/MALLA-EDUCACION-INCLUSIVA-1536x1195.png 1536w, https:\/\/carreras.uleam.edu.ec\/facultad-de-educacion-turismo-artes-y-humanidades\/wp-content\/uploads\/sites\/75\/2025\/02\/MALLA-EDUCACION-INCLUSIVA-2048x1593.png 2048w\" sizes=\"auto, (max-width: 1024px) 100vw, 1024px\" \/><\/a><\/p><\/div>\n\t\t\t\t\t\t\t\t\t<div class=\"elementor-tab-title elementor-tab-mobile-title\" aria-selected=\"false\" data-tab=\"3\" role=\"tab\" tabindex=\"-1\" aria-controls=\"elementor-tab-content-1023\" aria-expanded=\"false\">Docentes<\/div>\n\t\t\t\t\t<div id=\"elementor-tab-content-1023\" class=\"elementor-tab-content elementor-clearfix\" data-tab=\"3\" role=\"tabpanel\" aria-labelledby=\"elementor-tab-title-1023\" tabindex=\"0\" hidden=\"hidden\"><p>En proceso de actualizaci\u00f3n<\/p><\/div>\n\t\t\t\t\t\t\t\t\t<div class=\"elementor-tab-title elementor-tab-mobile-title\" aria-selected=\"false\" data-tab=\"4\" role=\"tab\" tabindex=\"-1\" aria-controls=\"elementor-tab-content-1024\" aria-expanded=\"false\">Datos Generales<\/div>\n\t\t\t\t\t<div id=\"elementor-tab-content-1024\" class=\"elementor-tab-content elementor-clearfix\" data-tab=\"4\" role=\"tabpanel\" aria-labelledby=\"elementor-tab-title-1024\" tabindex=\"0\" hidden=\"hidden\"><ul><li style=\"text-align: center\">Dra. Yisela Elizabeth Pantale\u00f3n Cevallos<\/li><li style=\"text-align: center\">DIRECTORA DE CARRERA<\/li><li style=\"text-align: center\"><a href=\"mailto:yisela.pantaleon@uleam.edu.ec\">yisela.pantaleon@uleam.edu.ec<\/a><\/li><li style=\"text-align: center\"><hr \/><\/li><li style=\"text-align: center\">Octaviana Monserrate Guti\u00e9rrez Cede\u00f1o<\/li><li style=\"text-align: center\">SECRETARIA DE CARRERA<\/li><li style=\"text-align: center\"><a href=\"mailto:octaviana.gutierrez@uleam.edu.ec\">octaviana.gutierrez@uleam.edu.ec<\/a><\/li><\/ul><hr \/><ul><li style=\"text-align: center\">Horarios: Lunes a viernes<\/li><li style=\"text-align: center\">08:00 a 13:00 y de 14:00 a 17:00<\/li><\/ul><\/div>\n\t\t\t\t\t\t\t\t\t<div class=\"elementor-tab-title elementor-tab-mobile-title\" aria-selected=\"false\" data-tab=\"5\" role=\"tab\" tabindex=\"-1\" aria-controls=\"elementor-tab-content-1025\" aria-expanded=\"false\">Gesti\u00f3n y Proceso Estudiantil<\/div>\n\t\t\t\t\t<div id=\"elementor-tab-content-1025\" class=\"elementor-tab-content elementor-clearfix\" data-tab=\"5\" role=\"tabpanel\" aria-labelledby=\"elementor-tab-title-1025\" tabindex=\"0\" hidden=\"hidden\"><ul><li>\u21d2\u00a0Pr\u00e1cticas Pre-profesionales<\/li><li>\u21d2 Comisiones\u00a0\u00a0<\/li><li>\u21d2\u00a0<a href=\"https:\/\/departamentos.uleam.edu.ec\/gestion-aseguramiento-calidad\/2019\/04\/08\/matricula\/\">Matr\u00edcula<\/a><\/li><li>\u21d2\u00a0<a href=\"https:\/\/departamentos.uleam.edu.ec\/gestion-aseguramiento-calidad\/reingreso-de-estudiantes\/\">Reingreso de estudiantes<\/a><\/li><li>\u21d2\u00a0<a href=\"https:\/\/departamentos.uleam.edu.ec\/gestion-aseguramiento-calidad\/homologacion-de-estudios-por-analisis-comparativo-de-contenidos\/\">Homologaci\u00f3n de Estudios por An\u00e1lisis Comparativo de Contenidos<\/a><\/li><\/ul><\/div>\n\t\t\t\t\t\t\t<\/div>\n\t\t<\/div>\n\t\t\t\t<\/div>\n\t\t\t\t<\/div>\n\t\t\t\t\t<\/div>\n\t\t<\/div>\n\t\t\t\t\t\t\t<\/div>\n\t\t<\/section>\n\t\t\t\t\t\t<\/div>\n\t\t\t\t\t<\/div>\n\t\t","protected":false},"excerpt":{"rendered":"<p>Descripci\u00f3n General de la Carrera Malla Curricular Docentes Datos Generales Gesti\u00f3n y Proceso Estudiantil Descripci\u00f3n General de la Carrera Nombre de la Carrera: \u00a0 \u00a0 \u00a0 \u00a0 \u00a0 \u00a0 \u00a0 \u00a0 \u00a0\u00a0 Educaci\u00f3n Inclusiva T\u00edtulo que otorga:\u00a0 \u00a0 \u00a0 \u00a0 [&hellip;]<\/p>\n","protected":false},"author":7,"featured_media":0,"parent":0,"menu_order":0,"comment_status":"closed","ping_status":"closed","template":"","meta":{"_acf_changed":false,"footnotes":""},"class_list":["post-1822","page","type-page","status-publish","hentry"],"acf":[],"_links":{"self":[{"href":"https:\/\/carreras.uleam.edu.ec\/facultad-de-educacion-turismo-artes-y-humanidades\/wp-json\/wp\/v2\/pages\/1822","targetHints":{"allow":["GET"]}}],"collection":[{"href":"https:\/\/carreras.uleam.edu.ec\/facultad-de-educacion-turismo-artes-y-humanidades\/wp-json\/wp\/v2\/pages"}],"about":[{"href":"https:\/\/carreras.uleam.edu.ec\/facultad-de-educacion-turismo-artes-y-humanidades\/wp-json\/wp\/v2\/types\/page"}],"author":[{"embeddable":true,"href":"https:\/\/carreras.uleam.edu.ec\/facultad-de-educacion-turismo-artes-y-humanidades\/wp-json\/wp\/v2\/users\/7"}],"replies":[{"embeddable":true,"href":"https:\/\/carreras.uleam.edu.ec\/facultad-de-educacion-turismo-artes-y-humanidades\/wp-json\/wp\/v2\/comments?post=1822"}],"version-history":[{"count":10,"href":"https:\/\/carreras.uleam.edu.ec\/facultad-de-educacion-turismo-artes-y-humanidades\/wp-json\/wp\/v2\/pages\/1822\/revisions"}],"predecessor-version":[{"id":1924,"href":"https:\/\/carreras.uleam.edu.ec\/facultad-de-educacion-turismo-artes-y-humanidades\/wp-json\/wp\/v2\/pages\/1822\/revisions\/1924"}],"wp:attachment":[{"href":"https:\/\/carreras.uleam.edu.ec\/facultad-de-educacion-turismo-artes-y-humanidades\/wp-json\/wp\/v2\/media?parent=1822"}],"curies":[{"name":"wp","href":"https:\/\/api.w.org\/{rel}","templated":true}]}}