{"id":10,"date":"2022-09-09T01:27:04","date_gmt":"2022-09-09T01:27:04","guid":{"rendered":"https:\/\/carreras.uleam.edu.ec\/facultad-ingenieria-industria-y-construccion\/?page_id=10"},"modified":"2025-03-14T20:56:03","modified_gmt":"2025-03-14T20:56:03","slug":"carrera-de-ingenieria-electrica","status":"publish","type":"page","link":"https:\/\/carreras.uleam.edu.ec\/facultad-ingenieria-industria-y-arquitectura\/carrera-de-ingenieria-electrica\/","title":{"rendered":"Carrera Electricidad"},"content":{"rendered":"\t\t<div data-elementor-type=\"wp-page\" data-elementor-id=\"10\" class=\"elementor elementor-10\" data-elementor-settings=\"[]\">\n\t\t\t\t\t\t\t<div class=\"elementor-section-wrap\">\n\t\t\t\t\t\t\t<section class=\"elementor-section elementor-top-section elementor-element elementor-element-dfda539 elementor-section-boxed elementor-section-height-default elementor-section-height-default\" data-id=\"dfda539\" data-element_type=\"section\">\n\t\t\t\t\t\t<div class=\"elementor-container elementor-column-gap-default\">\n\t\t\t\t\t<div class=\"elementor-column elementor-col-100 elementor-top-column elementor-element elementor-element-e6abb18\" data-id=\"e6abb18\" data-element_type=\"column\">\n\t\t\t<div class=\"elementor-widget-wrap elementor-element-populated\">\n\t\t\t\t\t\t\t\t<div class=\"elementor-element elementor-element-ac653f2 elementor-tabs-view-horizontal elementor-widget elementor-widget-tabs\" data-id=\"ac653f2\" data-element_type=\"widget\" data-widget_type=\"tabs.default\">\n\t\t\t\t<div class=\"elementor-widget-container\">\n\t\t\t\t\t<div class=\"elementor-tabs\">\n\t\t\t<div class=\"elementor-tabs-wrapper\" role=\"tablist\" >\n\t\t\t\t\t\t\t\t\t<div id=\"elementor-tab-title-1801\" class=\"elementor-tab-title elementor-tab-desktop-title\" aria-selected=\"true\" data-tab=\"1\" role=\"tab\" tabindex=\"0\" aria-controls=\"elementor-tab-content-1801\" aria-expanded=\"false\">Misi\u00f3n y Visi\u00f3n<\/div>\n\t\t\t\t\t\t\t\t\t<div id=\"elementor-tab-title-1802\" class=\"elementor-tab-title elementor-tab-desktop-title\" aria-selected=\"false\" data-tab=\"2\" role=\"tab\" tabindex=\"-1\" aria-controls=\"elementor-tab-content-1802\" aria-expanded=\"false\">Descripci\u00f3n General de la Carrera<\/div>\n\t\t\t\t\t\t\t\t\t<div id=\"elementor-tab-title-1803\" class=\"elementor-tab-title elementor-tab-desktop-title\" aria-selected=\"false\" data-tab=\"3\" role=\"tab\" tabindex=\"-1\" aria-controls=\"elementor-tab-content-1803\" aria-expanded=\"false\">Malla Curricular<\/div>\n\t\t\t\t\t\t\t\t\t<div id=\"elementor-tab-title-1804\" class=\"elementor-tab-title elementor-tab-desktop-title\" aria-selected=\"false\" data-tab=\"4\" role=\"tab\" tabindex=\"-1\" aria-controls=\"elementor-tab-content-1804\" aria-expanded=\"false\">Docentes<\/div>\n\t\t\t\t\t\t\t\t\t<div id=\"elementor-tab-title-1805\" class=\"elementor-tab-title elementor-tab-desktop-title\" aria-selected=\"false\" data-tab=\"5\" role=\"tab\" tabindex=\"-1\" aria-controls=\"elementor-tab-content-1805\" aria-expanded=\"false\">Datos Generales<\/div>\n\t\t\t\t\t\t\t\t\t<div id=\"elementor-tab-title-1806\" class=\"elementor-tab-title elementor-tab-desktop-title\" aria-selected=\"false\" data-tab=\"6\" role=\"tab\" tabindex=\"-1\" aria-controls=\"elementor-tab-content-1806\" aria-expanded=\"false\">Gesti\u00f3n y Proceso Estudiantil<\/div>\n\t\t\t\t\t\t\t<\/div>\n\t\t\t<div class=\"elementor-tabs-content-wrapper\" role=\"tablist\" aria-orientation=\"vertical\">\n\t\t\t\t\t\t\t\t\t<div class=\"elementor-tab-title elementor-tab-mobile-title\" aria-selected=\"true\" data-tab=\"1\" role=\"tab\" tabindex=\"0\" aria-controls=\"elementor-tab-content-1801\" aria-expanded=\"false\">Misi\u00f3n y Visi\u00f3n<\/div>\n\t\t\t\t\t<div id=\"elementor-tab-content-1801\" class=\"elementor-tab-content elementor-clearfix\" data-tab=\"1\" role=\"tabpanel\" aria-labelledby=\"elementor-tab-title-1801\" tabindex=\"0\" hidden=\"false\"><div>Visi\u00f3n<\/div><div>Ser un referente en ciencia, tecnolog\u00eda e innovaci\u00f3n para el desarrollo sostenible del sector el\u00e9ctrico, consolid\u00e1ndonos como una unidad acad\u00e9mica de excelencia en la formaci\u00f3n de profesionales l\u00edderes, comprometidos con el progreso del pa\u00eds.<\/div><div>\u00a0<\/div><div>Misi\u00f3n<\/div><div>Formar profesionales en el \u00e1mbito el\u00e9ctrico con un alto nivel t\u00e9cnico, \u00e9tico y human\u00edstico, capaces de responder a las necesidades del desarrollo socioecon\u00f3mico de la provincia y del pa\u00eds. Esto se logra a trav\u00e9s de un cuerpo docente altamente calificado y una infraestructura tecnol\u00f3gica de vanguardia, garantizando una educaci\u00f3n de calidad.<\/div><\/div>\n\t\t\t\t\t\t\t\t\t<div class=\"elementor-tab-title elementor-tab-mobile-title\" aria-selected=\"false\" data-tab=\"2\" role=\"tab\" tabindex=\"-1\" aria-controls=\"elementor-tab-content-1802\" aria-expanded=\"false\">Descripci\u00f3n General de la Carrera<\/div>\n\t\t\t\t\t<div id=\"elementor-tab-content-1802\" class=\"elementor-tab-content elementor-clearfix\" data-tab=\"2\" role=\"tabpanel\" aria-labelledby=\"elementor-tab-title-1802\" tabindex=\"0\" hidden=\"hidden\"><p>NOMBRE DE LA CARRERA:\u00a0 \u00a0 \u00a0 \u00a0 \u00a0 \u00a0 \u00a0 \u00a0 \u00a0 \u00a0 \u00a0 \u00a0 ELECTRICIDAD<\/p><p>TITULO QUE OTORGA:\u00a0 \u00a0 \u00a0 \u00a0 \u00a0 \u00a0 \u00a0 \u00a0 \u00a0 \u00a0 \u00a0 \u00a0 \u00a0 \u00a0 \u00a0 \u00a0 \u00a0INGENIERO\/A EL\u00c9CTRICO\/A<\/p><p>MODALIDAD DE APRENDIZAJE:\u00a0 \u00a0 \u00a0 \u00a0 \u00a0 \u00a0 \u00a0 \u00a0 PRESENCIAL<\/p><p>NUMERO DE PERIODOS ORDINARIOS:\u00a0 \u00a0\u00a0 9<\/p><p>\u00c1REA DE CONOCIMIENTO\/FACULTAD:\u00a0 \u00a0 \u00a0INGENIER\u00cdA, INDUSTRIA Y CONSTRUCCI\u00d3N<\/p><p>OBJETIVO GENERAL<\/p><ul><li>FORMAR INGENIEROS\/AS EL\u00c9CTRICOS \/AS CAPACES DE RESOLVER PROBLEMAS RELACIONADOS CON LA GENERACION, TRANSPORTACION, DISTRIBUCION Y CONTROL DE LA ENERGIA ELECTRICA, APORTANDO SIGNIFICATIVAMENTE AL CAMBIO DE LA MATRIZ PRODUCTIVA; QUE COADYUVEN AL DESARROLLO NACIONAL, CON UNA VISION TECNICA, CIENTIFICA Y HUMANISTICA QUE RESPONDA A LAS NECESIDADES REALES DE LA SOCIEDAD Y PARTICULARMENTE AL SECTOR PRODUCTIVO.<\/li><\/ul><p>PERFIL DE INGRESO:\u00a0<\/p><p>EL ASPIRANTE A ESTA CARRERA DEBER\u00c1:<\/p><ul><li>COMUNICARSE EN LENGUA MATERNA, UTILIZANDO LOS DIFERENTES TIPOS DE LENGUAJE.<\/li><li>UTILIZAR DE MANERA EFICIENTE LAS DIREFENTES FORMAS DE PENSAMIENTO: ANAL\u00cdTICO, SISTEMICO, DEDUCTIVO, ARGUMENTATIVO, CRITICO Y CREATIVO EN LA SOLUCION DE PROBLEMAS.<\/li><li>TRABAJAR EN EQUIPO CON DIVERSIDAD CULTURAL Y SOCIAL.<\/li><li>UTILIZAR LA TECNOLOGIA COMO SOPORTE DE SUS PROCESOS DE APRENDIZAJE.<\/li><li>DEMOSTRAR INTERES POR SU AUTO PREPARACION Y FORMACION PROFESIONAL.<\/li><li>DISPOSICI\u00d3N PARA EL DESARROLLO DE HABITOS SALUDABLES Y DEPORTIVOS.<\/li><\/ul><p>REQUISITOS DE INGRESO:<\/p><ul><li>POSEER TITULO DE BACHILLER O SU EQUIVALENTE DEBIDAMENTE RECONOCIDO POR EL MINISTERIO DE EDUCACI\u00d3N.<\/li><li>HABER CUMPLIDO CON LOS REQUISITOS NORMADOS POR EL SISTEMA DE NIVELACION Y ADMISION, EL MISMO QUE OBSERVARA LOS PRINCIPIOS DE IGUALDAD DE OPORTUNIDADES, M\u00c9RITO Y CAPACIDAD.<\/li><li>CUMPLIR CON LA ENTREGA DE DOCUMENTACION PERSONAL Y HABILITANTE EN SECRETARIA DE CARRERA.<\/li><li>EN CASOS ESPECIALES, CERTIFICADOS DE RECONOCIMIENTO Y HOMOLOGACI\u00d3N DE ESTUDIOS DE OTRAS IES DE CONFORMIDAD CON LOS ART. 81, 82 Y 83 DEL REGLAMENTO DE REGIMEN ACADEMICO DEL CES.<\/li><\/ul><p>PERFIL DE EGRESO<\/p><ul><li>EL DESEMPE\u00d1O DEL INGENIERO EL\u00c9CTRICO DE LA UNIVERSIDAD LAICA ELOY ALFARO DE MANAB\u00cd EST\u00c1 ORIENTADO A LAS EMPRESAS DE GENERACI\u00d3N, TRANSMISI\u00d3N Y DISTRIBUCI\u00d3N DE LA ENERG\u00cdA EL\u00c9CTRICA, Y EN LOS SISTEMAS EL\u00c9CTRICOS INDUSTRIALES, APLICANDO EQUIPOS CON TECNOLOG\u00cdA DE PUNTA, QUE LE PERMITAN FOMENTAR LA PRODUCCI\u00d3N EN FORMA \u00d3PTIMA Y SU APLICACI\u00d3N EN LOS SISTEMAS RESIDENCIALES, COMERCIALES E INDUSTRIALES.<\/li><li>\u00a0<\/li><li>CONOCER LOS FUNDAMENTOS TE\u00d3RICOS RELACIONADOS A LOS FEN\u00d3MENOS EL\u00c9CTRICOS DE LA TRANSFORMACI\u00d3N E INNOVACI\u00d3N DE LA ENERG\u00cdA EL\u00c9CTRICA EN EL CONTEXTO DE LA ENERG\u00cdA GLOBAL; DESDE LA EXPLOTACI\u00d3N DE LOS RECURSOS NATURALES HASTA SU UTILIZACI\u00d3N CON FINES ENERG\u00c9TICOS DE MANERA SOSTENIBLE, SUSTENTABLE, Y COMPRENDER LOS PROCESOS DE PRODUCCI\u00d3N, TRANSPORTE, DISTRIBUCI\u00d3N Y COMERCIALIZACI\u00d3N DE LA ENERG\u00cdA EL\u00c9CTRICA RACIONALIZADA.<\/li><\/ul><p>PERFIL PROFESIONAL<\/p><ul><li>EL INGENIERO EL\u00c9CTRICO DE LA UNIVERSIDAD LAICA ELOY ALFARO DE MANAB\u00cd ES UN PROFESIONAL INNOVADOR, CON S\u00d3LIDA FORMACI\u00d3N EN CIENCIAS B\u00c1SICAS, HUMAN\u00cdSTICAS, ORGANIZACIONALES Y TECNOL\u00d3GICAS, CONSCIENTE DEL COMPROMISO SOCIAL PARA EL DESARROLLO DE LA REGI\u00d3N Y EL PA\u00cdS EN LA PARTICIPACI\u00d3N DE PROYECTOS, CON LAS SIGUIENTES FORTALEZAS:<\/li><li>CAPACIDAD DE IDENTIFICACI\u00d3N, AN\u00c1LISIS, Y SOLUCI\u00d3N A PROBLEMAS PROPIOS DE LA INGENIER\u00cdA EL\u00c9CTRICA Y AFINES.<\/li><li>S\u00d3LIDA FORMACI\u00d3N CIENT\u00cdFICA E INVESTIGATIVA EN EL CAMPO ENERG\u00c9TICO, QUE PERMITIR\u00c1 LA PARTICIPACI\u00d3N EN LA ACTUALIZACI\u00d3N Y TRANSFORMACI\u00d3N DEL SECTOR EL\u00c9CTRICO Y ELECTR\u00d3NICO, IMPLEMENTANDO Y\/O CREANDO NUEVAS METODOLOG\u00cdAS.<\/li><li>CAPACIDAD PARA LA PLANEACI\u00d3N, EL DISE\u00d1O, LA CONSTRUCCI\u00d3N Y GESTI\u00d3N DE PROYECTOS DE GENERACI\u00d3N, TRANSMISI\u00d3N, DISTRIBUCI\u00d3N, COMERCIALIZACI\u00d3N, UTILIZACI\u00d3N Y CONTROL DE LA ENERG\u00cdA EL\u00c9CTRICA.<\/li><li>CAPACIDAD PARA LA PLANEACI\u00d3N, EL DISE\u00d1O E IMPLEMENTACI\u00d3N DE PROYECTOS DE AUTOMATIZACI\u00d3N DE M\u00c1QUINAS Y PROCESOS INDUSTRIALES.<\/li><li>ALTO SENTIDO DE TRABAJO INTERDISCIPLINARIO Y LIDERAZGO PARA CONFORMAR, DIRIGIR Y GESTIONAR EQUIPOS DE PROFESIONALES O SISTEMAS ORGANIZACIONALES<\/li><li>CAPACIDAD PARA REALIZAR AUDITOR\u00cdAS ENERG\u00c9TICAS, ORIENTADAS AL USO RACIONAL Y AHORRO DE LA ENERG\u00cdA EL\u00c9CTRICA.\u00a0<\/li><\/ul><p>COMPETENCIAS<\/p><p>COMPETENCIAS GENERICAS<\/p><ul><li>CAPACIDAD DE ABSTRACCI\u00d3N, AN\u00c1LISIS Y S\u00cdNTESIS<\/li><li>COMUNICACI\u00d3N EN UN SEGUNDO IDIOMA<\/li><li>RESPONSABILIDAD SOCIAL Y COMPROMISO CIUDADANO<\/li><li>CAPACIDAD DE COMUNICACI\u00d3N ORAL Y ESCRITA<\/li><li>CAPACIDAD DE APLICAR LOS CONOCIMIENTOS EN LA PR\u00c1CTICA<\/li><\/ul><p>\u00a0\u00a0COMPETENCIAS ESPEC\u00cdFICAS<\/p><ul><li>EVAL\u00daA SISTEMAS DE GENERACI\u00d3N, SUBESTACI\u00d3N, TRANSMISI\u00d3N, DISTRIBUCI\u00d3N DE LA ENERG\u00cdA EL\u00c9CTRICA UTILIZANDO TECNOLOG\u00cdA DE PUNTA.<\/li><li>CAPACIDAD DE ABSTRACCI\u00d3N, AN\u00c1LISIS Y S\u00cdNTESIS SOBRE TECNOLOG\u00cdA Y EQUIPOS DE \u00daLTIMA GENERACI\u00d3N EN \u00c1REA DE LA ENERG\u00cdA EL\u00c9CTRICA EN UN SEGUNDO IDIOMA.<\/li><li>DISE\u00d1A, CONSTRUYE Y OPERA SISTEMAS DE GENERACI\u00d3N, SUBESTACIONES, SISTEMAS DE TRANSMISI\u00d3N, SISTEMAS DE DISTRIBUCI\u00d3N DE LA ENERG\u00cdA EL\u00c9CTRICA.<\/li><li>UTILIZA LAS DIVERSAS CAPACIDADES MULTIDISCIPLINARIA DE TRABAJO EN EQUIPO DELEGANDO FUNCIONES Y LOGRANDO RESULTADOS GLOBALES DE CALIDAD.<\/li><li>CAPACIDAD Y HABILIDAD PARA TOMAR LAS DECISIONES CORRECTAS QUE CONLLEVEN A LA SOLUCI\u00d3N DE LOS PROBLEMAS EN FORMA SEGURA Y EFICIENTE.<\/li><li>HABILIDAD PARA EL USO DE LAS TECNOLOG\u00cdAS DE LA INFORMACI\u00d3N Y LA COMUNICACI\u00d3N QUE LE PERMITA SU APLICABILIDAD E INSERCI\u00d3N EN EL MERCADO LABORAL.<\/li><li>CAPACIDAD DE FORMULAR Y GESTIONAR PROYECTOS INNOVADORES, COMPROMETIDOS CON EL MEDIO SOCIOCULTURAL, MEDIO AMBIENTE Y LA CALIDAD DE VIDA.<\/li><li>CAPACIDAD DE DISE\u00d1AR E IMPLEMENTAR SISTEMAS DE AUTOMATIZACI\u00d3N DE M\u00c1QUINAS Y PROCESOS INDUSTRIALES.<\/li><\/ul><p>REQUISITOS DE GRADUACION:<\/p><ul><li>HABER APROBADO LA MALLA CURRICULAR INCLUYENDO LAS PRACTICAS PREPROFESIONALES Y VINCULACION CON LA COLECTIVIDAD.<\/li><li>HABER APROBADO UNA MODALIDAD DE TITULACI\u00d3N DENTRO DE LO ESTABLECIDO EN LAS NORMAS INSTITUCIONALES.<\/li><li>ACREDITAR SUFICIENCIA EN LA COMPETENCIA COMUNICATIVA A NIVEL B1 -MCER DEL IDIOMA INGL\u00c9S.<\/li><\/ul><p>MODALIDADES DE TITULACION:<\/p><ul><li>PROYECTOS DE INVESTIGACION<\/li><li>PROYECTOS T\u00c9CNICOS<\/li><\/ul><\/div>\n\t\t\t\t\t\t\t\t\t<div class=\"elementor-tab-title elementor-tab-mobile-title\" aria-selected=\"false\" data-tab=\"3\" role=\"tab\" tabindex=\"-1\" aria-controls=\"elementor-tab-content-1803\" aria-expanded=\"false\">Malla Curricular<\/div>\n\t\t\t\t\t<div id=\"elementor-tab-content-1803\" class=\"elementor-tab-content elementor-clearfix\" data-tab=\"3\" role=\"tabpanel\" aria-labelledby=\"elementor-tab-title-1803\" tabindex=\"0\" hidden=\"hidden\"><ul><li><a href=\"https:\/\/carreras.uleam.edu.ec\/facultad-ingenieria-industria-y-construccion\/wp-content\/uploads\/sites\/74\/2023\/01\/MALLA-ELECTRICIDAD-2022-VIGENTE.pdf\">MALLA ELECTRICIDAD 2022 VIGENTE<\/a><\/li><li><a href=\"https:\/\/carreras.uleam.edu.ec\/facultad-ingenieria-industria-y-arquitectura\/wp-content\/uploads\/sites\/74\/2024\/01\/MALLA-ELECTRICIDAD-2024-NS.pdf\">MALLA ELECTRICIDAD 2024-NS<\/a><\/li><\/ul><\/div>\n\t\t\t\t\t\t\t\t\t<div class=\"elementor-tab-title elementor-tab-mobile-title\" aria-selected=\"false\" data-tab=\"4\" role=\"tab\" tabindex=\"-1\" aria-controls=\"elementor-tab-content-1804\" aria-expanded=\"false\">Docentes<\/div>\n\t\t\t\t\t<div id=\"elementor-tab-content-1804\" class=\"elementor-tab-content elementor-clearfix\" data-tab=\"4\" role=\"tabpanel\" aria-labelledby=\"elementor-tab-title-1804\" tabindex=\"0\" hidden=\"hidden\"><ul><li>ALC\u00cdVAR VILLAMARIN ERICK JOS\u00c9<\/li><li>ALEXIEVA TATIANA ALEXIEVNA<\/li><li>CANO GORDILLO CARLO ALONSO<\/li><li>CEDE\u00d1O VILLAPRADO JUAN MIGUEL<\/li><li>CHOEZ RAM\u00cdREZ VILKA VIRGINIA<\/li><li>FIGUEROA SOLEDISPA ENRIQUE AN\u00cdBAL<\/li><li>GARC\u00cdA QUILACHAMIN WASHINGTON XAVIER<\/li><li>JARAMILLO GARC\u00cdA FERNANDO VLADIMIR<\/li><li>LE\u00d3N VALENCIA GARY VICENTE<\/li><li>MOREANO ALVARADO MILTON ENRIQUE<\/li><li>PONCE JARA MARCOS ANTONIO<\/li><li>PAZMI\u00d1O ORDO\u00d1EZ IV\u00c1N PATRICIO<\/li><li>PONCE MINAYA EDWIN BERNARDO<\/li><li>RODR\u00cdGUEZ OLIVERA JUAN LUIS<\/li><li>VILLAVICENCIO MEJ\u00cdA RA\u00daL XAVIER<\/li><\/ul><\/div>\n\t\t\t\t\t\t\t\t\t<div class=\"elementor-tab-title elementor-tab-mobile-title\" aria-selected=\"false\" data-tab=\"5\" role=\"tab\" tabindex=\"-1\" aria-controls=\"elementor-tab-content-1805\" aria-expanded=\"false\">Datos Generales<\/div>\n\t\t\t\t\t<div id=\"elementor-tab-content-1805\" class=\"elementor-tab-content elementor-clearfix\" data-tab=\"5\" role=\"tabpanel\" aria-labelledby=\"elementor-tab-title-1805\" tabindex=\"0\" hidden=\"hidden\"><ul><li style=\"text-align: center\">Ing. Edwin Ponce Minaya, MSc<\/li><li style=\"text-align: center\">Director de la Carrera<\/li><li style=\"text-align: center\"><a href=\"mailto:Bernardo.ponce@uleam.edu.ec\">bernardo.ponce@uleam.edu.ec<\/a><\/li><\/ul><hr \/><ul><li style=\"text-align: center\">Ec. Merly Teresa Alarc\u00f3n Zambrano<\/li><li style=\"text-align: center\">Secretaria de Decanato\u00a0<\/li><li style=\"text-align: center\"><a href=\"mailto:merly.alarcon@uleam.edu.ec\">merly.alarcon@uleam.edu.ec<\/a><br \/><hr \/><\/li><li style=\"text-align: center\">Ing. Rosa Garc\u00eda Marcos<\/li><li style=\"text-align: center\">Secretaria de Facultad (e)<\/li><li style=\"text-align: center\"><a href=\"mailto:Rosa.garcia@uleam.edu.ec\">rosa.garcia@uleam.edu.ec<\/a><br \/><hr \/><\/li><li style=\"text-align: center\">Ing. Karina Solorzano Zamora<\/li><li style=\"text-align: center\">Auxiliar de Secretaria de Facultad<\/li><li style=\"text-align: center\"><a href=\"mailto:Martha.solorzano@uleam.edu.ec\">martha.solorzano@uleam.edu.ec<\/a><br \/><hr \/><\/li><li style=\"text-align: center\">Lcda. Valeria Molina Santos<\/li><li style=\"text-align: center\">SECRETARIA DE CARRERA<\/li><li><p style=\"text-align: center\"><a href=\"mailto:Valeria.molina@uleam.edu.ec\">valeria.molina@uleam.edu.ec<\/a><\/p><\/li><\/ul><hr \/><ul><li style=\"text-align: center\"><strong>HORARIOS DE ATENCION:<\/strong><\/li><li style=\"text-align: center\"><strong>\u00a0<\/strong>De 08:00 a 17:00 Secretaria de Carrera<\/li><li style=\"text-align: center\">De 09:00 a 21:00 Director de Carrera<\/li><\/ul><\/div>\n\t\t\t\t\t\t\t\t\t<div class=\"elementor-tab-title elementor-tab-mobile-title\" aria-selected=\"false\" data-tab=\"6\" role=\"tab\" tabindex=\"-1\" aria-controls=\"elementor-tab-content-1806\" aria-expanded=\"false\">Gesti\u00f3n y Proceso Estudiantil<\/div>\n\t\t\t\t\t<div id=\"elementor-tab-content-1806\" class=\"elementor-tab-content elementor-clearfix\" data-tab=\"6\" role=\"tabpanel\" aria-labelledby=\"elementor-tab-title-1806\" tabindex=\"0\" hidden=\"hidden\"><ul><li><span style=\"color: #000000\">\u21d2 <a style=\"color: #000000\" href=\"https:\/\/carreras.uleam.edu.ec\/facultad-ingenieria-industria-y-construccion\/wp-content\/uploads\/sites\/74\/2023\/01\/COMISIONES-ELECTRICIDAD.pdf\">COMISIONES DE LA FACULTAD<\/a><\/span><\/li><li><span style=\"color: #000000\">\u21d2\u00a0Pr\u00e1cticas Pre-profesionales<\/span><span style=\"color: #000000\"><br \/><\/span><\/li><li><strong>\u21d2\u00a0<a href=\"https:\/\/departamentos.uleam.edu.ec\/gestion-aseguramiento-calidad\/2019\/04\/08\/matricula\/\">Matr\u00edcula<\/a><\/strong><\/li><li><strong>\u21d2\u00a0<a href=\"https:\/\/departamentos.uleam.edu.ec\/gestion-aseguramiento-calidad\/reingreso-de-estudiantes\/\">Reingreso de estudiantes<\/a><\/strong><\/li><li><strong>\u21d2\u00a0<a href=\"https:\/\/departamentos.uleam.edu.ec\/gestion-aseguramiento-calidad\/homologacion-de-estudios-por-analisis-comparativo-de-contenidos\/\">Homologaci\u00f3n de Estudios por An\u00e1lisis Comparativo de Contenidos<\/a><\/strong><\/li><\/ul><\/div>\n\t\t\t\t\t\t\t<\/div>\n\t\t<\/div>\n\t\t\t\t<\/div>\n\t\t\t\t<\/div>\n\t\t\t\t\t<\/div>\n\t\t<\/div>\n\t\t\t\t\t\t\t<\/div>\n\t\t<\/section>\n\t\t\t\t\t\t<\/div>\n\t\t\t\t\t<\/div>\n\t\t","protected":false},"excerpt":{"rendered":"<p>Misi\u00f3n y Visi\u00f3n Descripci\u00f3n General de la Carrera Malla Curricular Docentes Datos Generales Gesti\u00f3n y Proceso Estudiantil Misi\u00f3n y Visi\u00f3n Visi\u00f3nSer un referente en ciencia, tecnolog\u00eda e innovaci\u00f3n para el desarrollo sostenible del sector el\u00e9ctrico, consolid\u00e1ndonos como una unidad acad\u00e9mica [&hellip;]<\/p>\n","protected":false},"author":7,"featured_media":0,"parent":0,"menu_order":0,"comment_status":"closed","ping_status":"closed","template":"","meta":{"_acf_changed":false,"footnotes":""},"class_list":["post-10","page","type-page","status-publish","hentry"],"acf":[],"_links":{"self":[{"href":"https:\/\/carreras.uleam.edu.ec\/facultad-ingenieria-industria-y-arquitectura\/wp-json\/wp\/v2\/pages\/10","targetHints":{"allow":["GET"]}}],"collection":[{"href":"https:\/\/carreras.uleam.edu.ec\/facultad-ingenieria-industria-y-arquitectura\/wp-json\/wp\/v2\/pages"}],"about":[{"href":"https:\/\/carreras.uleam.edu.ec\/facultad-ingenieria-industria-y-arquitectura\/wp-json\/wp\/v2\/types\/page"}],"author":[{"embeddable":true,"href":"https:\/\/carreras.uleam.edu.ec\/facultad-ingenieria-industria-y-arquitectura\/wp-json\/wp\/v2\/users\/7"}],"replies":[{"embeddable":true,"href":"https:\/\/carreras.uleam.edu.ec\/facultad-ingenieria-industria-y-arquitectura\/wp-json\/wp\/v2\/comments?post=10"}],"version-history":[{"count":73,"href":"https:\/\/carreras.uleam.edu.ec\/facultad-ingenieria-industria-y-arquitectura\/wp-json\/wp\/v2\/pages\/10\/revisions"}],"predecessor-version":[{"id":781,"href":"https:\/\/carreras.uleam.edu.ec\/facultad-ingenieria-industria-y-arquitectura\/wp-json\/wp\/v2\/pages\/10\/revisions\/781"}],"wp:attachment":[{"href":"https:\/\/carreras.uleam.edu.ec\/facultad-ingenieria-industria-y-arquitectura\/wp-json\/wp\/v2\/media?parent=10"}],"curies":[{"name":"wp","href":"https:\/\/api.w.org\/{rel}","templated":true}]}}