{"id":772,"date":"2025-02-27T15:22:44","date_gmt":"2025-02-27T15:22:44","guid":{"rendered":"https:\/\/carreras.uleam.edu.ec\/facultad-ingenieria-industria-y-arquitectura\/?page_id=772"},"modified":"2025-02-27T15:35:33","modified_gmt":"2025-02-27T15:35:33","slug":"practicas-pre-profesionales","status":"publish","type":"page","link":"https:\/\/carreras.uleam.edu.ec\/facultad-ingenieria-industria-y-arquitectura\/practicas-pre-profesionales\/","title":{"rendered":"Pr\u00e1cticas Pre-profesionales"},"content":{"rendered":"\t\t<div data-elementor-type=\"wp-page\" data-elementor-id=\"772\" class=\"elementor elementor-772\" data-elementor-settings=\"[]\">\n\t\t\t\t\t\t\t<div class=\"elementor-section-wrap\">\n\t\t\t\t\t\t\t<section class=\"elementor-section elementor-top-section elementor-element elementor-element-7895d1e elementor-section-boxed elementor-section-height-default elementor-section-height-default\" data-id=\"7895d1e\" data-element_type=\"section\">\n\t\t\t\t\t\t<div class=\"elementor-container elementor-column-gap-default\">\n\t\t\t\t\t<div class=\"elementor-column elementor-col-100 elementor-top-column elementor-element elementor-element-30f6f5a\" data-id=\"30f6f5a\" data-element_type=\"column\">\n\t\t\t<div class=\"elementor-widget-wrap elementor-element-populated\">\n\t\t\t\t\t\t\t\t<div class=\"elementor-element elementor-element-694aa0e elementor-tabs-view-horizontal elementor-widget elementor-widget-tabs\" data-id=\"694aa0e\" data-element_type=\"widget\" data-widget_type=\"tabs.default\">\n\t\t\t\t<div class=\"elementor-widget-container\">\n\t\t\t\t\t<div class=\"elementor-tabs\">\n\t\t\t<div class=\"elementor-tabs-wrapper\" role=\"tablist\" >\n\t\t\t\t\t\t\t\t\t<div id=\"elementor-tab-title-1101\" class=\"elementor-tab-title elementor-tab-desktop-title\" aria-selected=\"true\" data-tab=\"1\" role=\"tab\" tabindex=\"0\" aria-controls=\"elementor-tab-content-1101\" aria-expanded=\"false\">Pr\u00e1cticas Pre-profesionales<\/div>\n\t\t\t\t\t\t\t<\/div>\n\t\t\t<div class=\"elementor-tabs-content-wrapper\" role=\"tablist\" aria-orientation=\"vertical\">\n\t\t\t\t\t\t\t\t\t<div class=\"elementor-tab-title elementor-tab-mobile-title\" aria-selected=\"true\" data-tab=\"1\" role=\"tab\" tabindex=\"0\" aria-controls=\"elementor-tab-content-1101\" aria-expanded=\"false\">Pr\u00e1cticas Pre-profesionales<\/div>\n\t\t\t\t\t<div id=\"elementor-tab-content-1101\" class=\"elementor-tab-content elementor-clearfix\" data-tab=\"1\" role=\"tabpanel\" aria-labelledby=\"elementor-tab-title-1101\" tabindex=\"0\" hidden=\"false\"><p style=\"text-align: justify\">La importancia de realizar las pr\u00e1cticas preprofesionales radica en que los estudiantes apliquen los conocimientos adquiridos durante sus a\u00f1os de estudio, a fin de responder a las necesidades institucionales, locales o nacionales asociados al perfil de la carrera, estas actividades beneficiar\u00e1n de manera directa al estudiante porque se evidenciar\u00eda la aplicaci\u00f3n de conocimientos y el desarrollo de sus competencias profesionales y de\u00a0manera indirecta a la sociedad.<\/p><p style=\"text-align: justify\">En la carrera de Ingenier\u00eda Mar\u00edtima los estudiantes que cursan el Octavo y Noveno nivel en este semestre y de acuerdo con su plan de estudio deben realizar las laborales l y pr\u00e1cticas laborales ll, estas se realizaran en las diferentes empresas pesqueras, diques, flotas pesqueras o entidades afines a la carrera.<\/p><p style=\"text-align: left\"><a href=\"https:\/\/departamentos.uleam.edu.ec\/gestion-aseguramiento-calidad\/planificacion-de-programa-de-practicas-pre-profesionales-y-pasantias\/\" target=\"_blank\" rel=\"noopener\"><img loading=\"lazy\" decoding=\"async\" class=\"alignnone size-medium wp-image-777\" src=\"https:\/\/carreras.uleam.edu.ec\/facultad-ingenieria-industria-y-arquitectura\/wp-content\/uploads\/sites\/74\/2025\/02\/FORMATOS-300x35.png\" alt=\"\" width=\"300\" height=\"35\" srcset=\"https:\/\/carreras.uleam.edu.ec\/facultad-ingenieria-industria-y-arquitectura\/wp-content\/uploads\/sites\/74\/2025\/02\/FORMATOS-300x35.png 300w, https:\/\/carreras.uleam.edu.ec\/facultad-ingenieria-industria-y-arquitectura\/wp-content\/uploads\/sites\/74\/2025\/02\/FORMATOS-1024x120.png 1024w, https:\/\/carreras.uleam.edu.ec\/facultad-ingenieria-industria-y-arquitectura\/wp-content\/uploads\/sites\/74\/2025\/02\/FORMATOS-768x90.png 768w, https:\/\/carreras.uleam.edu.ec\/facultad-ingenieria-industria-y-arquitectura\/wp-content\/uploads\/sites\/74\/2025\/02\/FORMATOS.png 1123w\" sizes=\"auto, (max-width: 300px) 100vw, 300px\" \/><\/a><\/p><\/div>\n\t\t\t\t\t\t\t<\/div>\n\t\t<\/div>\n\t\t\t\t<\/div>\n\t\t\t\t<\/div>\n\t\t\t\t\t<\/div>\n\t\t<\/div>\n\t\t\t\t\t\t\t<\/div>\n\t\t<\/section>\n\t\t\t\t\t\t<\/div>\n\t\t\t\t\t<\/div>\n\t\t","protected":false},"excerpt":{"rendered":"<p>Pr\u00e1cticas Pre-profesionales Pr\u00e1cticas Pre-profesionales La importancia de realizar las pr\u00e1cticas preprofesionales radica en que los estudiantes apliquen los conocimientos adquiridos durante sus a\u00f1os de estudio, a fin de responder a las necesidades institucionales, locales o nacionales asociados al perfil de [&hellip;]<\/p>\n","protected":false},"author":70,"featured_media":0,"parent":0,"menu_order":0,"comment_status":"closed","ping_status":"closed","template":"","meta":{"_acf_changed":false,"footnotes":""},"class_list":["post-772","page","type-page","status-publish","hentry"],"acf":[],"_links":{"self":[{"href":"https:\/\/carreras.uleam.edu.ec\/facultad-ingenieria-industria-y-arquitectura\/wp-json\/wp\/v2\/pages\/772","targetHints":{"allow":["GET"]}}],"collection":[{"href":"https:\/\/carreras.uleam.edu.ec\/facultad-ingenieria-industria-y-arquitectura\/wp-json\/wp\/v2\/pages"}],"about":[{"href":"https:\/\/carreras.uleam.edu.ec\/facultad-ingenieria-industria-y-arquitectura\/wp-json\/wp\/v2\/types\/page"}],"author":[{"embeddable":true,"href":"https:\/\/carreras.uleam.edu.ec\/facultad-ingenieria-industria-y-arquitectura\/wp-json\/wp\/v2\/users\/70"}],"replies":[{"embeddable":true,"href":"https:\/\/carreras.uleam.edu.ec\/facultad-ingenieria-industria-y-arquitectura\/wp-json\/wp\/v2\/comments?post=772"}],"version-history":[{"count":4,"href":"https:\/\/carreras.uleam.edu.ec\/facultad-ingenieria-industria-y-arquitectura\/wp-json\/wp\/v2\/pages\/772\/revisions"}],"predecessor-version":[{"id":778,"href":"https:\/\/carreras.uleam.edu.ec\/facultad-ingenieria-industria-y-arquitectura\/wp-json\/wp\/v2\/pages\/772\/revisions\/778"}],"wp:attachment":[{"href":"https:\/\/carreras.uleam.edu.ec\/facultad-ingenieria-industria-y-arquitectura\/wp-json\/wp\/v2\/media?parent=772"}],"curies":[{"name":"wp","href":"https:\/\/api.w.org\/{rel}","templated":true}]}}

Prácticas Pre-profesionales

<div data-elementor-type="wp-page" data-elementor-id="772" class="elementor elementor-772" data-elementor-settings="[]">
							<div class="elementor-section-wrap">
							<section class="elementor-section elementor-top-section elementor-element elementor-element-7895d1e elementor-section-boxed elementor-section-height-default elementor-section-height-default" data-id="7895d1e" data-element_type="section">
						<div class="elementor-container elementor-column-gap-default">
					<div class="elementor-column elementor-col-100 elementor-top-column elementor-element elementor-element-30f6f5a" data-id="30f6f5a" data-element_type="column">
			<div class="elementor-widget-wrap elementor-element-populated">
								<div class="elementor-element elementor-element-694aa0e elementor-tabs-view-horizontal elementor-widget elementor-widget-tabs" data-id="694aa0e" data-element_type="widget" data-widget_type="tabs.default">
				<div class="elementor-widget-container">
					<div class="elementor-tabs">
			<div class="elementor-tabs-wrapper" role="tablist" >
									<div id="elementor-tab-title-1101" class="elementor-tab-title elementor-tab-desktop-title" aria-selected="true" data-tab="1" role="tab" tabindex="0" aria-controls="elementor-tab-content-1101" aria-expanded="false">Prácticas Pre-profesionales</div>
							</div>
			<div class="elementor-tabs-content-wrapper" role="tablist" aria-orientation="vertical">
									<div class="elementor-tab-title elementor-tab-mobile-title" aria-selected="true" data-tab="1" role="tab" tabindex="0" aria-controls="elementor-tab-content-1101" aria-expanded="false">Prácticas Pre-profesionales</div>
					<div id="elementor-tab-content-1101" class="elementor-tab-content elementor-clearfix" data-tab="1" role="tabpanel" aria-labelledby="elementor-tab-title-1101" tabindex="0" hidden="false"><p style="text-align: justify">La importancia de realizar las prácticas preprofesionales radica en que los estudiantes apliquen los conocimientos adquiridos durante sus años de estudio, a fin de responder a las necesidades institucionales, locales o nacionales asociados al perfil de la carrera, estas actividades beneficiarán de manera directa al estudiante porque se evidenciaría la aplicación de conocimientos y el desarrollo de sus competencias profesionales y de manera indirecta a la sociedad.</p><p style="text-align: justify">En la carrera de Ingeniería Marítima los estudiantes que cursan el Octavo y Noveno nivel en este semestre y de acuerdo con su plan de estudio deben realizar las laborales l y prácticas laborales ll, estas se realizaran en las diferentes empresas pesqueras, diques, flotas pesqueras o entidades afines a la carrera.</p><p style="text-align: left"><a href="https://departamentos.uleam.edu.ec/gestion-aseguramiento-calidad/planificacion-de-programa-de-practicas-pre-profesionales-y-pasantias/" target="_blank" rel="noopener"><img loading="lazy" decoding="async" class="alignnone size-medium wp-image-777" src="https://carreras.uleam.edu.ec/facultad-ingenieria-industria-y-arquitectura/wp-content/uploads/sites/74/2025/02/FORMATOS-300x35.png" alt="" width="300" height="35" srcset="https://carreras.uleam.edu.ec/facultad-ingenieria-industria-y-arquitectura/wp-content/uploads/sites/74/2025/02/FORMATOS-300x35.png 300w, https://carreras.uleam.edu.ec/facultad-ingenieria-industria-y-arquitectura/wp-content/uploads/sites/74/2025/02/FORMATOS-1024x120.png 1024w, https://carreras.uleam.edu.ec/facultad-ingenieria-industria-y-arquitectura/wp-content/uploads/sites/74/2025/02/FORMATOS-768x90.png 768w, https://carreras.uleam.edu.ec/facultad-ingenieria-industria-y-arquitectura/wp-content/uploads/sites/74/2025/02/FORMATOS.png 1123w" sizes="auto, (max-width: 300px) 100vw, 300px" /></a></p></div>
							</div>
		</div>
				</div>
				</div>
					</div>
		</div>
							</div>
		</section>
						</div>
					</div>

<p>Prácticas Pre-profesionales Prácticas Pre-profesionales La importancia de realizar las prácticas preprofesionales radica en que los estudiantes apliquen los conocimientos adquiridos durante sus años de estudio, a fin de responder a las necesidades institucionales, locales o nacionales asociados al perfil de [&hellip;]</p>
