{"id":24,"date":"2023-02-16T16:51:39","date_gmt":"2023-02-16T16:51:39","guid":{"rendered":"https:\/\/carreras.uleam.edu.ec\/flavio-alfaro\/?page_id=24"},"modified":"2025-03-14T21:41:23","modified_gmt":"2025-03-14T21:41:23","slug":"carrera-educacion-inicial","status":"publish","type":"page","link":"https:\/\/carreras.uleam.edu.ec\/flavio-alfaro\/carrera-educacion-inicial\/","title":{"rendered":"Carrera Educaci\u00f3n Inicial"},"content":{"rendered":"\t\t<div data-elementor-type=\"wp-page\" data-elementor-id=\"24\" class=\"elementor elementor-24\" data-elementor-settings=\"[]\">\n\t\t\t\t\t\t\t<div class=\"elementor-section-wrap\">\n\t\t\t\t\t\t\t<section class=\"elementor-section elementor-top-section elementor-element elementor-element-09d521a elementor-section-boxed elementor-section-height-default elementor-section-height-default\" data-id=\"09d521a\" data-element_type=\"section\">\n\t\t\t\t\t\t<div class=\"elementor-container elementor-column-gap-default\">\n\t\t\t\t\t<div class=\"elementor-column elementor-col-100 elementor-top-column elementor-element elementor-element-9c2c702\" data-id=\"9c2c702\" data-element_type=\"column\">\n\t\t\t<div class=\"elementor-widget-wrap elementor-element-populated\">\n\t\t\t\t\t\t\t\t<div class=\"elementor-element elementor-element-7dfb6bd elementor-tabs-view-horizontal elementor-widget elementor-widget-tabs\" data-id=\"7dfb6bd\" data-element_type=\"widget\" data-widget_type=\"tabs.default\">\n\t\t\t\t<div class=\"elementor-widget-container\">\n\t\t\t\t\t<div class=\"elementor-tabs\">\n\t\t\t<div class=\"elementor-tabs-wrapper\" role=\"tablist\" >\n\t\t\t\t\t\t\t\t\t<div id=\"elementor-tab-title-1321\" class=\"elementor-tab-title elementor-tab-desktop-title\" aria-selected=\"true\" data-tab=\"1\" role=\"tab\" tabindex=\"0\" aria-controls=\"elementor-tab-content-1321\" aria-expanded=\"false\">Descripci\u00f3n General de la Carrera<\/div>\n\t\t\t\t\t\t\t\t\t<div id=\"elementor-tab-title-1322\" class=\"elementor-tab-title elementor-tab-desktop-title\" aria-selected=\"false\" data-tab=\"2\" role=\"tab\" tabindex=\"-1\" aria-controls=\"elementor-tab-content-1322\" aria-expanded=\"false\">Malla Curricular<\/div>\n\t\t\t\t\t\t\t\t\t<div id=\"elementor-tab-title-1323\" class=\"elementor-tab-title elementor-tab-desktop-title\" aria-selected=\"false\" data-tab=\"3\" role=\"tab\" tabindex=\"-1\" aria-controls=\"elementor-tab-content-1323\" aria-expanded=\"false\">Docentes<\/div>\n\t\t\t\t\t\t\t\t\t<div id=\"elementor-tab-title-1324\" class=\"elementor-tab-title elementor-tab-desktop-title\" aria-selected=\"false\" data-tab=\"4\" role=\"tab\" tabindex=\"-1\" aria-controls=\"elementor-tab-content-1324\" aria-expanded=\"false\">Datos Generales<\/div>\n\t\t\t\t\t\t\t\t\t<div id=\"elementor-tab-title-1325\" class=\"elementor-tab-title elementor-tab-desktop-title\" aria-selected=\"false\" data-tab=\"5\" role=\"tab\" tabindex=\"-1\" aria-controls=\"elementor-tab-content-1325\" aria-expanded=\"false\">Gesti\u00f3n y Proceso Estudiantil<\/div>\n\t\t\t\t\t\t\t<\/div>\n\t\t\t<div class=\"elementor-tabs-content-wrapper\" role=\"tablist\" aria-orientation=\"vertical\">\n\t\t\t\t\t\t\t\t\t<div class=\"elementor-tab-title elementor-tab-mobile-title\" aria-selected=\"true\" data-tab=\"1\" role=\"tab\" tabindex=\"0\" aria-controls=\"elementor-tab-content-1321\" aria-expanded=\"false\">Descripci\u00f3n General de la Carrera<\/div>\n\t\t\t\t\t<div id=\"elementor-tab-content-1321\" class=\"elementor-tab-content elementor-clearfix\" data-tab=\"1\" role=\"tabpanel\" aria-labelledby=\"elementor-tab-title-1321\" tabindex=\"0\" hidden=\"false\"><p>Nombre de la Carrera:\u00a0 \u00a0 \u00a0 \u00a0 \u00a0 \u00a0 \u00a0 \u00a0 \u00a0 \u00a0 \u00a0EDUCACI\u00d3N INICIAL<\/p><p>T\u00edtulo que otorga:\u00a0 \u00a0 \u00a0 \u00a0 \u00a0 \u00a0 \u00a0 \u00a0 \u00a0 \u00a0 \u00a0 \u00a0 \u00a0 \u00a0 \u00a0LICENCIADO\/A EN CIENCIAS DE LA EDUCACI\u00d3N INICIAL<\/p><p>Modalidad de aprendizaje:\u00a0 \u00a0 \u00a0 \u00a0 \u00a0 \u00a0 \u00a0 Presencial<\/p><p>N\u00fameros de periodos ordinarios:\u00a0 8 periodos<\/p><p>OBJETIVO GENERAL.\u00a0<\/p><p style=\"padding-left: 40px;text-align: justify\">Formar profesionales eficientes y transparentes al servicio de la educaci\u00f3n inicial, garantizando la diversidad, el derecho de una vida libre de violencia, la igualdad de oportunidades, la investigaci\u00f3n e innovaci\u00f3n pedag\u00f3gica y la atenci\u00f3n a las necesidades educativas especiales coherente con el marco global del desarrollo.<\/p><p>PERFIL DE INGRESO.<\/p><p style=\"padding-left: 40px;text-align: justify\">El aspirante de la carrera de Educaci\u00f3n Inicial deber\u00e1 tener conocimientos b\u00e1sicos de las ciencias sociales, comunicarse en la lengua maternal, utilizando los diferentes tipos de lenguaje, utilizando de manera eficiente las diferentes formas de pensamientos: anal\u00edtico, sistem\u00e1tico, deductivo, argumentativo, cr\u00edtico y creativo en la soluci\u00f3n de problemas. De la misma manera trabajar en equipo con diversidad cultural y social utilizando la tecnolog\u00eda con soporte de sus procesos de aprendizaje y demostrando inter\u00e9s por su auto preparaci\u00f3n y formaci\u00f3n profesional; evidenciando equilibrio emocional e higiene mental.<\/p><p>REQUISITOS DE INGRESO<\/p><ul><li>Poseer t\u00edtulo de bachiller o sus equivalente, de conformidad con la Ley.<\/li><li>Haber cumplido los requisitos normados por el Sistema de Nivelaci\u00f3n y Admisi\u00f3n.<\/li><li>C\u00e9dula de ciudadan\u00eda o pasaporte vigente con las regulaciones para su estancia.<\/li><li>Para casos de movilidad interna o externa cumplir con los requisitos establecidos en el Art. 96 del Reglamento de R\u00e9gimen Acad\u00e9mico para cambios.<\/li><li>En caso de ser t\u00edtulo extranjero, deber\u00e1 presentar la resoluci\u00f3n de homologaci\u00f3n del t\u00edtulo y los documentos debidamente apostillados<strong>.<\/strong><\/li><\/ul><p>REQUISITOS DE GRADUACI\u00d3N<\/p><ul><li>Aprobar todas las asignaturas de la malla curricular de la carrera incluyendo las practicas preprofesionales y la vinculaci\u00f3n con la sociedad.<\/li><li>Cumplir con las opciones de aprobaci\u00f3n de la unidad de integraci\u00f3n curricular de conformidad con lo que establece el Reglamento Interno de R\u00e9gimen Acad\u00e9mico.<\/li><li>Demostrar suficiencia de dominio a nivel MCER- B1 en una lengua extranjera al culminar sus estudios por medio del certificado u homologaci\u00f3n por el Instituto de Idiomas de la Universidad.<\/li><\/ul><p>MODALIDADES DE TITULACI\u00d3N:<\/p><ul><li>Examen de car\u00e1cter Complexivo<\/li><li>Desarrollo de un trabajo de Integraci\u00f3n Curricular<\/li><\/ul><p>CAMPO OCUPACIONAL:<\/p><ul><li>Campo amplio: Educaci\u00f3n<\/li><li>Campo espec\u00edfico: Educaci\u00f3n<\/li><li>Campo detallado: Formaci\u00f3n para docentes de Educaci\u00f3n preprimaria.<\/li><\/ul><\/div>\n\t\t\t\t\t\t\t\t\t<div class=\"elementor-tab-title elementor-tab-mobile-title\" aria-selected=\"false\" data-tab=\"2\" role=\"tab\" tabindex=\"-1\" aria-controls=\"elementor-tab-content-1322\" aria-expanded=\"false\">Malla Curricular<\/div>\n\t\t\t\t\t<div id=\"elementor-tab-content-1322\" class=\"elementor-tab-content elementor-clearfix\" data-tab=\"2\" role=\"tabpanel\" aria-labelledby=\"elementor-tab-title-1322\" tabindex=\"0\" hidden=\"hidden\"><p><img loading=\"lazy\" decoding=\"async\" class=\"alignnone wp-image-55 size-large\" src=\"https:\/\/carreras.uleam.edu.ec\/flavio-alfaro\/wp-content\/uploads\/sites\/84\/2023\/02\/malla-educacion-inicial-chone-1024x632.png\" alt=\"\" width=\"1024\" height=\"632\" srcset=\"https:\/\/carreras.uleam.edu.ec\/flavio-alfaro\/wp-content\/uploads\/sites\/84\/2023\/02\/malla-educacion-inicial-chone-1024x632.png 1024w, https:\/\/carreras.uleam.edu.ec\/flavio-alfaro\/wp-content\/uploads\/sites\/84\/2023\/02\/malla-educacion-inicial-chone-300x185.png 300w, https:\/\/carreras.uleam.edu.ec\/flavio-alfaro\/wp-content\/uploads\/sites\/84\/2023\/02\/malla-educacion-inicial-chone-768x474.png 768w, https:\/\/carreras.uleam.edu.ec\/flavio-alfaro\/wp-content\/uploads\/sites\/84\/2023\/02\/malla-educacion-inicial-chone-1536x948.png 1536w, https:\/\/carreras.uleam.edu.ec\/flavio-alfaro\/wp-content\/uploads\/sites\/84\/2023\/02\/malla-educacion-inicial-chone-2048x1264.png 2048w\" sizes=\"auto, (max-width: 1024px) 100vw, 1024px\" \/><\/p><\/div>\n\t\t\t\t\t\t\t\t\t<div class=\"elementor-tab-title elementor-tab-mobile-title\" aria-selected=\"false\" data-tab=\"3\" role=\"tab\" tabindex=\"-1\" aria-controls=\"elementor-tab-content-1323\" aria-expanded=\"false\">Docentes<\/div>\n\t\t\t\t\t<div id=\"elementor-tab-content-1323\" class=\"elementor-tab-content elementor-clearfix\" data-tab=\"3\" role=\"tabpanel\" aria-labelledby=\"elementor-tab-title-1323\" tabindex=\"0\" hidden=\"hidden\"><\/div>\n\t\t\t\t\t\t\t\t\t<div class=\"elementor-tab-title elementor-tab-mobile-title\" aria-selected=\"false\" data-tab=\"4\" role=\"tab\" tabindex=\"-1\" aria-controls=\"elementor-tab-content-1324\" aria-expanded=\"false\">Datos Generales<\/div>\n\t\t\t\t\t<div id=\"elementor-tab-content-1324\" class=\"elementor-tab-content elementor-clearfix\" data-tab=\"4\" role=\"tabpanel\" aria-labelledby=\"elementor-tab-title-1324\" tabindex=\"0\" hidden=\"hidden\"><ul><li style=\"text-align: center\">Lic. Dalila Alc\u00edvar Cede\u00f1o, Mg.<\/li><li style=\"text-align: center\">COORDINADORA<\/li><li style=\"text-align: center\"><a href=\"mailto:monserrate.alcivar@uleam.edu.ec\">monserrate.alcivar@uleam.edu.ec<\/a><\/li><\/ul><hr \/><p style=\"text-align: center\">SECRETARIA<\/p><p style=\"text-align: center\">EMAIL<\/p><hr \/><p style=\"text-align: center\">Horarios de atenci\u00f3n:<\/p><p style=\"text-align: center\">08:00 \u2013 17:00<\/p><hr \/><\/div>\n\t\t\t\t\t\t\t\t\t<div class=\"elementor-tab-title elementor-tab-mobile-title\" aria-selected=\"false\" data-tab=\"5\" role=\"tab\" tabindex=\"-1\" aria-controls=\"elementor-tab-content-1325\" aria-expanded=\"false\">Gesti\u00f3n y Proceso Estudiantil<\/div>\n\t\t\t\t\t<div id=\"elementor-tab-content-1325\" class=\"elementor-tab-content elementor-clearfix\" data-tab=\"5\" role=\"tabpanel\" aria-labelledby=\"elementor-tab-title-1325\" tabindex=\"0\" hidden=\"hidden\"><ul><li>\u21d2\u00a0Pr\u00e1cticas Pre-profesionales<\/li><li>\u21d2 <a href=\"https:\/\/carreras.uleam.edu.ec\/flavio-alfaro\/wp-content\/uploads\/sites\/84\/2023\/05\/Extension-Chone-Comisiones-scaled.jpg\" target=\"_blank\" rel=\"noopener\">Comisiones<\/a><\/li><li>\u21d2 <a href=\"https:\/\/departamentos.uleam.edu.ec\/gestion-aseguramiento-calidad\/2019\/04\/08\/matricula\/\">Matr\u00edcula<\/a><\/li><li>\u21d2 <a href=\"https:\/\/departamentos.uleam.edu.ec\/gestion-aseguramiento-calidad\/reingreso-de-estudiantes\/\">Reingreso de estudiantes<\/a><\/li><li>\u21d2 <a href=\"https:\/\/departamentos.uleam.edu.ec\/gestion-aseguramiento-calidad\/homologacion-de-estudios-por-analisis-comparativo-de-contenidos\/\">Homologaci\u00f3n de Estudios por An\u00e1lisis \u00a0Comparativo de Contenidos<\/a><\/li><\/ul><\/div>\n\t\t\t\t\t\t\t<\/div>\n\t\t<\/div>\n\t\t\t\t<\/div>\n\t\t\t\t<\/div>\n\t\t\t\t\t<\/div>\n\t\t<\/div>\n\t\t\t\t\t\t\t<\/div>\n\t\t<\/section>\n\t\t\t\t\t\t<\/div>\n\t\t\t\t\t<\/div>\n\t\t","protected":false},"excerpt":{"rendered":"<p>Descripci\u00f3n General de la Carrera Malla Curricular Docentes Datos Generales Gesti\u00f3n y Proceso Estudiantil Descripci\u00f3n General de la Carrera Nombre de la Carrera:\u00a0 \u00a0 \u00a0 \u00a0 \u00a0 \u00a0 \u00a0 \u00a0 \u00a0 \u00a0 \u00a0EDUCACI\u00d3N INICIAL T\u00edtulo que otorga:\u00a0 \u00a0 \u00a0 \u00a0 [&hellip;]<\/p>\n","protected":false},"author":7,"featured_media":0,"parent":0,"menu_order":0,"comment_status":"closed","ping_status":"closed","template":"","meta":{"_acf_changed":false,"footnotes":""},"class_list":["post-24","page","type-page","status-publish","hentry"],"acf":[],"_links":{"self":[{"href":"https:\/\/carreras.uleam.edu.ec\/flavio-alfaro\/wp-json\/wp\/v2\/pages\/24","targetHints":{"allow":["GET"]}}],"collection":[{"href":"https:\/\/carreras.uleam.edu.ec\/flavio-alfaro\/wp-json\/wp\/v2\/pages"}],"about":[{"href":"https:\/\/carreras.uleam.edu.ec\/flavio-alfaro\/wp-json\/wp\/v2\/types\/page"}],"author":[{"embeddable":true,"href":"https:\/\/carreras.uleam.edu.ec\/flavio-alfaro\/wp-json\/wp\/v2\/users\/7"}],"replies":[{"embeddable":true,"href":"https:\/\/carreras.uleam.edu.ec\/flavio-alfaro\/wp-json\/wp\/v2\/comments?post=24"}],"version-history":[{"count":34,"href":"https:\/\/carreras.uleam.edu.ec\/flavio-alfaro\/wp-json\/wp\/v2\/pages\/24\/revisions"}],"predecessor-version":[{"id":139,"href":"https:\/\/carreras.uleam.edu.ec\/flavio-alfaro\/wp-json\/wp\/v2\/pages\/24\/revisions\/139"}],"wp:attachment":[{"href":"https:\/\/carreras.uleam.edu.ec\/flavio-alfaro\/wp-json\/wp\/v2\/media?parent=24"}],"curies":[{"name":"wp","href":"https:\/\/api.w.org\/{rel}","templated":true}]}}

Carrera Educación Inicial

<div data-elementor-type="wp-page" data-elementor-id="24" class="elementor elementor-24" data-elementor-settings="[]">
							<div class="elementor-section-wrap">
							<section class="elementor-section elementor-top-section elementor-element elementor-element-09d521a elementor-section-boxed elementor-section-height-default elementor-section-height-default" data-id="09d521a" data-element_type="section">
						<div class="elementor-container elementor-column-gap-default">
					<div class="elementor-column elementor-col-100 elementor-top-column elementor-element elementor-element-9c2c702" data-id="9c2c702" data-element_type="column">
			<div class="elementor-widget-wrap elementor-element-populated">
								<div class="elementor-element elementor-element-7dfb6bd elementor-tabs-view-horizontal elementor-widget elementor-widget-tabs" data-id="7dfb6bd" data-element_type="widget" data-widget_type="tabs.default">
				<div class="elementor-widget-container">
					<div class="elementor-tabs">
			<div class="elementor-tabs-wrapper" role="tablist" >
									<div id="elementor-tab-title-1321" class="elementor-tab-title elementor-tab-desktop-title" aria-selected="true" data-tab="1" role="tab" tabindex="0" aria-controls="elementor-tab-content-1321" aria-expanded="false">Descripción General de la Carrera</div>
									<div id="elementor-tab-title-1322" class="elementor-tab-title elementor-tab-desktop-title" aria-selected="false" data-tab="2" role="tab" tabindex="-1" aria-controls="elementor-tab-content-1322" aria-expanded="false">Malla Curricular</div>
									<div id="elementor-tab-title-1323" class="elementor-tab-title elementor-tab-desktop-title" aria-selected="false" data-tab="3" role="tab" tabindex="-1" aria-controls="elementor-tab-content-1323" aria-expanded="false">Docentes</div>
									<div id="elementor-tab-title-1324" class="elementor-tab-title elementor-tab-desktop-title" aria-selected="false" data-tab="4" role="tab" tabindex="-1" aria-controls="elementor-tab-content-1324" aria-expanded="false">Datos Generales</div>
									<div id="elementor-tab-title-1325" class="elementor-tab-title elementor-tab-desktop-title" aria-selected="false" data-tab="5" role="tab" tabindex="-1" aria-controls="elementor-tab-content-1325" aria-expanded="false">Gestión y Proceso Estudiantil</div>
							</div>
			<div class="elementor-tabs-content-wrapper" role="tablist" aria-orientation="vertical">
									<div class="elementor-tab-title elementor-tab-mobile-title" aria-selected="true" data-tab="1" role="tab" tabindex="0" aria-controls="elementor-tab-content-1321" aria-expanded="false">Descripción General de la Carrera</div>
					<div id="elementor-tab-content-1321" class="elementor-tab-content elementor-clearfix" data-tab="1" role="tabpanel" aria-labelledby="elementor-tab-title-1321" tabindex="0" hidden="false"><p>Nombre de la Carrera:                     EDUCACIÓN INICIAL</p><p>Título que otorga:                             LICENCIADO/A EN CIENCIAS DE LA EDUCACIÓN INICIAL</p><p>Modalidad de aprendizaje:              Presencial</p><p>Números de periodos ordinarios:  8 periodos</p><p>OBJETIVO GENERAL. </p><p style="padding-left: 40px;text-align: justify">Formar profesionales eficientes y transparentes al servicio de la educación inicial, garantizando la diversidad, el derecho de una vida libre de violencia, la igualdad de oportunidades, la investigación e innovación pedagógica y la atención a las necesidades educativas especiales coherente con el marco global del desarrollo.</p><p>PERFIL DE INGRESO.</p><p style="padding-left: 40px;text-align: justify">El aspirante de la carrera de Educación Inicial deberá tener conocimientos básicos de las ciencias sociales, comunicarse en la lengua maternal, utilizando los diferentes tipos de lenguaje, utilizando de manera eficiente las diferentes formas de pensamientos: analítico, sistemático, deductivo, argumentativo, crítico y creativo en la solución de problemas. De la misma manera trabajar en equipo con diversidad cultural y social utilizando la tecnología con soporte de sus procesos de aprendizaje y demostrando interés por su auto preparación y formación profesional; evidenciando equilibrio emocional e higiene mental.</p><p>REQUISITOS DE INGRESO</p><ul><li>Poseer título de bachiller o sus equivalente, de conformidad con la Ley.</li><li>Haber cumplido los requisitos normados por el Sistema de Nivelación y Admisión.</li><li>Cédula de ciudadanía o pasaporte vigente con las regulaciones para su estancia.</li><li>Para casos de movilidad interna o externa cumplir con los requisitos establecidos en el Art. 96 del Reglamento de Régimen Académico para cambios.</li><li>En caso de ser título extranjero, deberá presentar la resolución de homologación del título y los documentos debidamente apostillados<strong>.</strong></li></ul><p>REQUISITOS DE GRADUACIÓN</p><ul><li>Aprobar todas las asignaturas de la malla curricular de la carrera incluyendo las practicas preprofesionales y la vinculación con la sociedad.</li><li>Cumplir con las opciones de aprobación de la unidad de integración curricular de conformidad con lo que establece el Reglamento Interno de Régimen Académico.</li><li>Demostrar suficiencia de dominio a nivel MCER- B1 en una lengua extranjera al culminar sus estudios por medio del certificado u homologación por el Instituto de Idiomas de la Universidad.</li></ul><p>MODALIDADES DE TITULACIÓN:</p><ul><li>Examen de carácter Complexivo</li><li>Desarrollo de un trabajo de Integración Curricular</li></ul><p>CAMPO OCUPACIONAL:</p><ul><li>Campo amplio: Educación</li><li>Campo específico: Educación</li><li>Campo detallado: Formación para docentes de Educación preprimaria.</li></ul></div>
									<div class="elementor-tab-title elementor-tab-mobile-title" aria-selected="false" data-tab="2" role="tab" tabindex="-1" aria-controls="elementor-tab-content-1322" aria-expanded="false">Malla Curricular</div>
					<div id="elementor-tab-content-1322" class="elementor-tab-content elementor-clearfix" data-tab="2" role="tabpanel" aria-labelledby="elementor-tab-title-1322" tabindex="0" hidden="hidden"><p><img loading="lazy" decoding="async" class="alignnone wp-image-55 size-large" src="https://carreras.uleam.edu.ec/flavio-alfaro/wp-content/uploads/sites/84/2023/02/malla-educacion-inicial-chone-1024x632.png" alt="" width="1024" height="632" srcset="https://carreras.uleam.edu.ec/flavio-alfaro/wp-content/uploads/sites/84/2023/02/malla-educacion-inicial-chone-1024x632.png 1024w, https://carreras.uleam.edu.ec/flavio-alfaro/wp-content/uploads/sites/84/2023/02/malla-educacion-inicial-chone-300x185.png 300w, https://carreras.uleam.edu.ec/flavio-alfaro/wp-content/uploads/sites/84/2023/02/malla-educacion-inicial-chone-768x474.png 768w, https://carreras.uleam.edu.ec/flavio-alfaro/wp-content/uploads/sites/84/2023/02/malla-educacion-inicial-chone-1536x948.png 1536w, https://carreras.uleam.edu.ec/flavio-alfaro/wp-content/uploads/sites/84/2023/02/malla-educacion-inicial-chone-2048x1264.png 2048w" sizes="auto, (max-width: 1024px) 100vw, 1024px" /></p></div>
									<div class="elementor-tab-title elementor-tab-mobile-title" aria-selected="false" data-tab="3" role="tab" tabindex="-1" aria-controls="elementor-tab-content-1323" aria-expanded="false">Docentes</div>
					<div id="elementor-tab-content-1323" class="elementor-tab-content elementor-clearfix" data-tab="3" role="tabpanel" aria-labelledby="elementor-tab-title-1323" tabindex="0" hidden="hidden"></div>
									<div class="elementor-tab-title elementor-tab-mobile-title" aria-selected="false" data-tab="4" role="tab" tabindex="-1" aria-controls="elementor-tab-content-1324" aria-expanded="false">Datos Generales</div>
					<div id="elementor-tab-content-1324" class="elementor-tab-content elementor-clearfix" data-tab="4" role="tabpanel" aria-labelledby="elementor-tab-title-1324" tabindex="0" hidden="hidden"><ul><li style="text-align: center">Lic. Dalila Alcívar Cedeño, Mg.</li><li style="text-align: center">COORDINADORA</li><li style="text-align: center"><a href="mailto:monserrate.alcivar@uleam.edu.ec">monserrate.alcivar@uleam.edu.ec</a></li></ul><hr /><p style="text-align: center">SECRETARIA</p><p style="text-align: center">EMAIL</p><hr /><p style="text-align: center">Horarios de atención:</p><p style="text-align: center">08:00 – 17:00</p><hr /></div>
									<div class="elementor-tab-title elementor-tab-mobile-title" aria-selected="false" data-tab="5" role="tab" tabindex="-1" aria-controls="elementor-tab-content-1325" aria-expanded="false">Gestión y Proceso Estudiantil</div>
					<div id="elementor-tab-content-1325" class="elementor-tab-content elementor-clearfix" data-tab="5" role="tabpanel" aria-labelledby="elementor-tab-title-1325" tabindex="0" hidden="hidden"><ul><li>⇒ Prácticas Pre-profesionales</li><li>⇒ <a href="https://carreras.uleam.edu.ec/flavio-alfaro/wp-content/uploads/sites/84/2023/05/Extension-Chone-Comisiones-scaled.jpg" target="_blank" rel="noopener">Comisiones</a></li><li>⇒ <a href="https://departamentos.uleam.edu.ec/gestion-aseguramiento-calidad/2019/04/08/matricula/">Matrícula</a></li><li>⇒ <a href="https://departamentos.uleam.edu.ec/gestion-aseguramiento-calidad/reingreso-de-estudiantes/">Reingreso de estudiantes</a></li><li>⇒ <a href="https://departamentos.uleam.edu.ec/gestion-aseguramiento-calidad/homologacion-de-estudios-por-analisis-comparativo-de-contenidos/">Homologación de Estudios por Análisis  Comparativo de Contenidos</a></li></ul></div>
							</div>
		</div>
				</div>
				</div>
					</div>
		</div>
							</div>
		</section>
						</div>
					</div>

<p>Descripción General de la Carrera Malla Curricular Docentes Datos Generales Gestión y Proceso Estudiantil Descripción General de la Carrera Nombre de la Carrera:                     EDUCACIÓN INICIAL Título que otorga:        [&hellip;]</p>
