{"id":154,"date":"2023-09-04T10:54:26","date_gmt":"2023-09-04T15:54:26","guid":{"rendered":"https:\/\/carreras.uleam.edu.ec\/santo-domingo\/?page_id=154"},"modified":"2025-03-14T16:43:26","modified_gmt":"2025-03-14T21:43:26","slug":"carrera-de-derecho","status":"publish","type":"page","link":"https:\/\/carreras.uleam.edu.ec\/santo-domingo\/carrera-de-derecho\/","title":{"rendered":"Carrera de Derecho"},"content":{"rendered":"\t\t<div data-elementor-type=\"wp-page\" data-elementor-id=\"154\" class=\"elementor elementor-154\" data-elementor-settings=\"[]\">\n\t\t\t\t\t\t\t<div class=\"elementor-section-wrap\">\n\t\t\t\t\t\t\t<section class=\"elementor-section elementor-top-section elementor-element elementor-element-ba5434a elementor-section-boxed elementor-section-height-default elementor-section-height-default\" data-id=\"ba5434a\" data-element_type=\"section\">\n\t\t\t\t\t\t<div class=\"elementor-container elementor-column-gap-default\">\n\t\t\t\t\t<div class=\"elementor-column elementor-col-100 elementor-top-column elementor-element elementor-element-700fb49\" data-id=\"700fb49\" data-element_type=\"column\">\n\t\t\t<div class=\"elementor-widget-wrap elementor-element-populated\">\n\t\t\t\t\t\t\t\t<div class=\"elementor-element elementor-element-84fe6a7 elementor-tabs-view-horizontal elementor-widget elementor-widget-tabs\" data-id=\"84fe6a7\" data-element_type=\"widget\" data-widget_type=\"tabs.default\">\n\t\t\t\t<div class=\"elementor-widget-container\">\n\t\t\t\t\t<div class=\"elementor-tabs\">\n\t\t\t<div class=\"elementor-tabs-wrapper\" role=\"tablist\" >\n\t\t\t\t\t\t\t\t\t<div id=\"elementor-tab-title-1391\" class=\"elementor-tab-title elementor-tab-desktop-title\" aria-selected=\"true\" data-tab=\"1\" role=\"tab\" tabindex=\"0\" aria-controls=\"elementor-tab-content-1391\" aria-expanded=\"false\">Descripci\u00f3n General de la Carrera<\/div>\n\t\t\t\t\t\t\t\t\t<div id=\"elementor-tab-title-1392\" class=\"elementor-tab-title elementor-tab-desktop-title\" aria-selected=\"false\" data-tab=\"2\" role=\"tab\" tabindex=\"-1\" aria-controls=\"elementor-tab-content-1392\" aria-expanded=\"false\">Malla Curricular<\/div>\n\t\t\t\t\t\t\t\t\t<div id=\"elementor-tab-title-1393\" class=\"elementor-tab-title elementor-tab-desktop-title\" aria-selected=\"false\" data-tab=\"3\" role=\"tab\" tabindex=\"-1\" aria-controls=\"elementor-tab-content-1393\" aria-expanded=\"false\">Docentes<\/div>\n\t\t\t\t\t\t\t\t\t<div id=\"elementor-tab-title-1394\" class=\"elementor-tab-title elementor-tab-desktop-title\" aria-selected=\"false\" data-tab=\"4\" role=\"tab\" tabindex=\"-1\" aria-controls=\"elementor-tab-content-1394\" aria-expanded=\"false\">Datos Generales<\/div>\n\t\t\t\t\t\t\t\t\t<div id=\"elementor-tab-title-1395\" class=\"elementor-tab-title elementor-tab-desktop-title\" aria-selected=\"false\" data-tab=\"5\" role=\"tab\" tabindex=\"-1\" aria-controls=\"elementor-tab-content-1395\" aria-expanded=\"false\">Gesti\u00f3n y Proceso Estudiantil<\/div>\n\t\t\t\t\t\t\t<\/div>\n\t\t\t<div class=\"elementor-tabs-content-wrapper\" role=\"tablist\" aria-orientation=\"vertical\">\n\t\t\t\t\t\t\t\t\t<div class=\"elementor-tab-title elementor-tab-mobile-title\" aria-selected=\"true\" data-tab=\"1\" role=\"tab\" tabindex=\"0\" aria-controls=\"elementor-tab-content-1391\" aria-expanded=\"false\">Descripci\u00f3n General de la Carrera<\/div>\n\t\t\t\t\t<div id=\"elementor-tab-content-1391\" class=\"elementor-tab-content elementor-clearfix\" data-tab=\"1\" role=\"tabpanel\" aria-labelledby=\"elementor-tab-title-1391\" tabindex=\"0\" hidden=\"false\"><p>Nombre de la Carrera:\u00a0 \u00a0 \u00a0 \u00a0 \u00a0 \u00a0 \u00a0 \u00a0 \u00a0\u00a0Derecho<\/p><p>T\u00edtulo que otorga:\u00a0 \u00a0 \u00a0 \u00a0 \u00a0 \u00a0 \u00a0 \u00a0 \u00a0 \u00a0 \u00a0 \u00a0 \u00a0 Abogado\/a<\/p><p>Modalidad de aprendizaje:\u00a0 \u00a0 \u00a0 \u00a0 \u00a0 Presencial<\/p><p>N\u00famero de per\u00edodos ordinarios: 9<\/p><p>Objetivo general:<\/p><p>Formar profesionales en Derecho que sean capaces de resolver profesionalmente los diferentes aspectos de la conflictividad social a trav\u00e9s de la generaci\u00f3n de normativa y de la interpretaci\u00f3n, an\u00e1lisis, aplicaci\u00f3n de las leyes y los usos alternativos del Derecho en la localidad, provincia, regi\u00f3n y pa\u00eds.<\/p><p>Perfil de ingreso:<\/p><p>La carrera de Derecho, ubicada en el campo amplio de Ciencias sociales periodismo, informaci\u00f3n y derecho, requiere de sus aspirantes los siguientes conocimientos, habilidades y destrezas b\u00e1sicas del perfil de egreso del Bachillerato General Unificado.<\/p><ul><li>Pensar rigurosamente<\/li><li>Comunicarse efectivamente<\/li><li>Conocer y valorar su historia, y su realidad sociocultural<\/li><li>Actuar como ciudadano responsable<\/li><li>Aprender por el resto de su vida<\/li><\/ul><p>Requisitos de ingreso:<\/p><ul><li>Poseer t\u00edtulo de bachiller o su equivalente.<\/li><li>Haber cumplido los requisitos normados por el Sistema Nacional de Nivelaci\u00f3n y Admisi\u00f3n.<\/li><li>Dos fotos tama\u00f1o carnet a color.<\/li><li>Copia de c\u00e9dula de ciudadan\u00eda y del certificado de votaci\u00f3n para estudiantes nacionales; Pasaporte y documentos que autoriza a la permanencia en el pa\u00eds, para estudiantes extranjeros.<\/li><li>De ser el caso, haber cumplido con los tr\u00e1mites determinados para el reconocimiento y homologaci\u00f3n de estudios en una universidad o escuela polit\u00e9cnica en el pa\u00eds o el extranjero.<\/li><li>Se presentan los requisitos espec\u00edficos para el ingreso declarados en el art. 64 de la LOR-LOES o a los procesos de homologaci\u00f3n en el Reglamento de R\u00e9gimen Acad\u00e9mico.<\/li><li>Solicitud de matr\u00edcula.<\/li><\/ul><p>Perfil Profesional<\/p><p>El o la Abogado\/a de la Universidad Laica \u201cEloy Alfaro\u201d de Manab\u00ed es un\/a profesional competente, investigador\/a e innovador\/a, con s\u00f3lida formaci\u00f3n en ciencias jur\u00eddicas, human\u00edsticas, organizacionales y tecnol\u00f3gicas, consiente del compromiso social para el desarrollo de la regi\u00f3n y el pa\u00eds, con las siguientes fortalezas:<\/p><ul><li>Capacidad de identificaci\u00f3n, an\u00e1lisis y soluci\u00f3n a problemas propios de la sociedad en el campo del Derecho.<\/li><li>S\u00f3lida formaci\u00f3n cient\u00edfica e investigativa en el campo jur\u00eddico y social, que permitir\u00e1 la participaci\u00f3n en la actualizaci\u00f3n y transformaci\u00f3n del Derecho y del entorno social.<\/li><li>Capacidad para la Planeaci\u00f3n, el Dise\u00f1o e implementaci\u00f3n de proyectos de desarrollo de la comunidad y ambiental.<\/li><li>Alto sentido de trabajo interdisciplinario y liderazgo para conformar, dirigir y gestionar equipos de profesionales o sistemas organizacionales.<\/li><\/ul><p>Requisitos de graduaci\u00f3n:<\/p><ul><li>Aprobar la malla curricular.<\/li><li>Aprobar las horas de pr\u00e1cticas preprofesionales y vinculaci\u00f3n con la sociedad.<\/li><li>Certificado de Aprobado la suficiencia en ingl\u00e9s, correspondiente al menos en el nivel B2 del Marco Com\u00fan Europeo de referencia para las lenguas.<\/li><li>Aprobar una de las modalidades de titulaci\u00f3n.<\/li><\/ul><p>Modalidades de titulaci\u00f3n:<\/p><ul><li>Trabajo de integraci\u00f3n curricular:<\/li><li>Proyectos de Investigaci\u00f3n.<\/li><li>Art\u00edculo cient\u00edfico.<\/li><li>Examen de Grado o Fin de Carrera.<\/li><\/ul><\/div>\n\t\t\t\t\t\t\t\t\t<div class=\"elementor-tab-title elementor-tab-mobile-title\" aria-selected=\"false\" data-tab=\"2\" role=\"tab\" tabindex=\"-1\" aria-controls=\"elementor-tab-content-1392\" aria-expanded=\"false\">Malla Curricular<\/div>\n\t\t\t\t\t<div id=\"elementor-tab-content-1392\" class=\"elementor-tab-content elementor-clearfix\" data-tab=\"2\" role=\"tabpanel\" aria-labelledby=\"elementor-tab-title-1392\" tabindex=\"0\" hidden=\"hidden\"><p><a href=\"https:\/\/carreras.uleam.edu.ec\/santo-domingo\/wp-content\/uploads\/sites\/83\/2024\/09\/MALLA-DERECHO-2024-Santo-Domingo.pdf\" target=\"_blank\" rel=\"noopener\"><img loading=\"lazy\" decoding=\"async\" class=\"alignnone wp-image-194 size-large\" src=\"https:\/\/carreras.uleam.edu.ec\/santo-domingo\/wp-content\/uploads\/sites\/83\/2024\/09\/MALLA-DERECHO-SANTO-DOMINGO-1024x690.png\" alt=\"\" width=\"1024\" height=\"690\" srcset=\"https:\/\/carreras.uleam.edu.ec\/santo-domingo\/wp-content\/uploads\/sites\/83\/2024\/09\/MALLA-DERECHO-SANTO-DOMINGO-1024x690.png 1024w, https:\/\/carreras.uleam.edu.ec\/santo-domingo\/wp-content\/uploads\/sites\/83\/2024\/09\/MALLA-DERECHO-SANTO-DOMINGO-300x202.png 300w, https:\/\/carreras.uleam.edu.ec\/santo-domingo\/wp-content\/uploads\/sites\/83\/2024\/09\/MALLA-DERECHO-SANTO-DOMINGO-768x518.png 768w, https:\/\/carreras.uleam.edu.ec\/santo-domingo\/wp-content\/uploads\/sites\/83\/2024\/09\/MALLA-DERECHO-SANTO-DOMINGO-1536x1035.png 1536w, https:\/\/carreras.uleam.edu.ec\/santo-domingo\/wp-content\/uploads\/sites\/83\/2024\/09\/MALLA-DERECHO-SANTO-DOMINGO-2048x1380.png 2048w\" sizes=\"auto, (max-width: 1024px) 100vw, 1024px\" \/><\/a><\/p><\/div>\n\t\t\t\t\t\t\t\t\t<div class=\"elementor-tab-title elementor-tab-mobile-title\" aria-selected=\"false\" data-tab=\"3\" role=\"tab\" tabindex=\"-1\" aria-controls=\"elementor-tab-content-1393\" aria-expanded=\"false\">Docentes<\/div>\n\t\t\t\t\t<div id=\"elementor-tab-content-1393\" class=\"elementor-tab-content elementor-clearfix\" data-tab=\"3\" role=\"tabpanel\" aria-labelledby=\"elementor-tab-title-1393\" tabindex=\"0\" hidden=\"hidden\"><p>PROCESANDO INFORMACI\u00d3N<\/p><\/div>\n\t\t\t\t\t\t\t\t\t<div class=\"elementor-tab-title elementor-tab-mobile-title\" aria-selected=\"false\" data-tab=\"4\" role=\"tab\" tabindex=\"-1\" aria-controls=\"elementor-tab-content-1394\" aria-expanded=\"false\">Datos Generales<\/div>\n\t\t\t\t\t<div id=\"elementor-tab-content-1394\" class=\"elementor-tab-content elementor-clearfix\" data-tab=\"4\" role=\"tabpanel\" aria-labelledby=\"elementor-tab-title-1394\" tabindex=\"0\" hidden=\"hidden\"><ul><li style=\"text-align: center\">Ing. Gina Loor Moreira<\/li><li style=\"text-align: center\">DIRECTORA DE SEDE<\/li><li style=\"text-align: center\"><a href=\"mailto:gina.loor@uleam.edu.ec\">gina.loor@uleam.edu.ec<\/a><\/li><\/ul><hr \/><ul><li style=\"text-align: center\">HORARIO DE ATENCI\u00d3N<\/li><li style=\"text-align: center\">08:00 \u2013 17:00<\/li><\/ul><\/div>\n\t\t\t\t\t\t\t\t\t<div class=\"elementor-tab-title elementor-tab-mobile-title\" aria-selected=\"false\" data-tab=\"5\" role=\"tab\" tabindex=\"-1\" aria-controls=\"elementor-tab-content-1395\" aria-expanded=\"false\">Gesti\u00f3n y Proceso Estudiantil<\/div>\n\t\t\t\t\t<div id=\"elementor-tab-content-1395\" class=\"elementor-tab-content elementor-clearfix\" data-tab=\"5\" role=\"tabpanel\" aria-labelledby=\"elementor-tab-title-1395\" tabindex=\"0\" hidden=\"hidden\"><ul><li>Pr\u00e1cticas Pre-profesionales<\/li><li>\u21d2\u00a0<a href=\"https:\/\/departamentos.uleam.edu.ec\/gestion-aseguramiento-calidad\/2019\/04\/08\/matricula\/\">Matr\u00edcula<\/a><\/li><li>\u21d2\u00a0<a href=\"https:\/\/departamentos.uleam.edu.ec\/gestion-aseguramiento-calidad\/reingreso-de-estudiantes\/\">Reingreso de estudiantes<\/a><\/li><li>\u21d2\u00a0<a href=\"https:\/\/departamentos.uleam.edu.ec\/gestion-aseguramiento-calidad\/homologacion-de-estudios-por-analisis-comparativo-de-contenidos\/\">Homologaci\u00f3n de Estudios por An\u00e1lisis Comparativo de Contenidos<\/a><\/li><\/ul><\/div>\n\t\t\t\t\t\t\t<\/div>\n\t\t<\/div>\n\t\t\t\t<\/div>\n\t\t\t\t<\/div>\n\t\t\t\t\t<\/div>\n\t\t<\/div>\n\t\t\t\t\t\t\t<\/div>\n\t\t<\/section>\n\t\t\t\t\t\t<\/div>\n\t\t\t\t\t<\/div>\n\t\t","protected":false},"excerpt":{"rendered":"<p>Descripci\u00f3n General de la Carrera Malla Curricular Docentes Datos Generales Gesti\u00f3n y Proceso Estudiantil Descripci\u00f3n General de la Carrera Nombre de la Carrera:\u00a0 \u00a0 \u00a0 \u00a0 \u00a0 \u00a0 \u00a0 \u00a0 \u00a0\u00a0Derecho T\u00edtulo que otorga:\u00a0 \u00a0 \u00a0 \u00a0 \u00a0 \u00a0 \u00a0 [&hellip;]<\/p>\n","protected":false},"author":7,"featured_media":0,"parent":0,"menu_order":0,"comment_status":"closed","ping_status":"closed","template":"","meta":{"_acf_changed":false,"footnotes":""},"class_list":["post-154","page","type-page","status-publish","hentry"],"acf":[],"_links":{"self":[{"href":"https:\/\/carreras.uleam.edu.ec\/santo-domingo\/wp-json\/wp\/v2\/pages\/154","targetHints":{"allow":["GET"]}}],"collection":[{"href":"https:\/\/carreras.uleam.edu.ec\/santo-domingo\/wp-json\/wp\/v2\/pages"}],"about":[{"href":"https:\/\/carreras.uleam.edu.ec\/santo-domingo\/wp-json\/wp\/v2\/types\/page"}],"author":[{"embeddable":true,"href":"https:\/\/carreras.uleam.edu.ec\/santo-domingo\/wp-json\/wp\/v2\/users\/7"}],"replies":[{"embeddable":true,"href":"https:\/\/carreras.uleam.edu.ec\/santo-domingo\/wp-json\/wp\/v2\/comments?post=154"}],"version-history":[{"count":16,"href":"https:\/\/carreras.uleam.edu.ec\/santo-domingo\/wp-json\/wp\/v2\/pages\/154\/revisions"}],"predecessor-version":[{"id":221,"href":"https:\/\/carreras.uleam.edu.ec\/santo-domingo\/wp-json\/wp\/v2\/pages\/154\/revisions\/221"}],"wp:attachment":[{"href":"https:\/\/carreras.uleam.edu.ec\/santo-domingo\/wp-json\/wp\/v2\/media?parent=154"}],"curies":[{"name":"wp","href":"https:\/\/api.w.org\/{rel}","templated":true}]}}

<div data-elementor-type="wp-page" data-elementor-id="154" class="elementor elementor-154" data-elementor-settings="[]">
							<div class="elementor-section-wrap">
							<section class="elementor-section elementor-top-section elementor-element elementor-element-ba5434a elementor-section-boxed elementor-section-height-default elementor-section-height-default" data-id="ba5434a" data-element_type="section">
						<div class="elementor-container elementor-column-gap-default">
					<div class="elementor-column elementor-col-100 elementor-top-column elementor-element elementor-element-700fb49" data-id="700fb49" data-element_type="column">
			<div class="elementor-widget-wrap elementor-element-populated">
								<div class="elementor-element elementor-element-84fe6a7 elementor-tabs-view-horizontal elementor-widget elementor-widget-tabs" data-id="84fe6a7" data-element_type="widget" data-widget_type="tabs.default">
				<div class="elementor-widget-container">
					<div class="elementor-tabs">
			<div class="elementor-tabs-wrapper" role="tablist" >
									<div id="elementor-tab-title-1391" class="elementor-tab-title elementor-tab-desktop-title" aria-selected="true" data-tab="1" role="tab" tabindex="0" aria-controls="elementor-tab-content-1391" aria-expanded="false">Descripción General de la Carrera</div>
									<div id="elementor-tab-title-1392" class="elementor-tab-title elementor-tab-desktop-title" aria-selected="false" data-tab="2" role="tab" tabindex="-1" aria-controls="elementor-tab-content-1392" aria-expanded="false">Malla Curricular</div>
									<div id="elementor-tab-title-1393" class="elementor-tab-title elementor-tab-desktop-title" aria-selected="false" data-tab="3" role="tab" tabindex="-1" aria-controls="elementor-tab-content-1393" aria-expanded="false">Docentes</div>
									<div id="elementor-tab-title-1394" class="elementor-tab-title elementor-tab-desktop-title" aria-selected="false" data-tab="4" role="tab" tabindex="-1" aria-controls="elementor-tab-content-1394" aria-expanded="false">Datos Generales</div>
									<div id="elementor-tab-title-1395" class="elementor-tab-title elementor-tab-desktop-title" aria-selected="false" data-tab="5" role="tab" tabindex="-1" aria-controls="elementor-tab-content-1395" aria-expanded="false">Gestión y Proceso Estudiantil</div>
							</div>
			<div class="elementor-tabs-content-wrapper" role="tablist" aria-orientation="vertical">
									<div class="elementor-tab-title elementor-tab-mobile-title" aria-selected="true" data-tab="1" role="tab" tabindex="0" aria-controls="elementor-tab-content-1391" aria-expanded="false">Descripción General de la Carrera</div>
					<div id="elementor-tab-content-1391" class="elementor-tab-content elementor-clearfix" data-tab="1" role="tabpanel" aria-labelledby="elementor-tab-title-1391" tabindex="0" hidden="false"><p>Nombre de la Carrera:                  Derecho</p><p>Título que otorga:                          Abogado/a</p><p>Modalidad de aprendizaje:          Presencial</p><p>Número de períodos ordinarios: 9</p><p>Objetivo general:</p><p>Formar profesionales en Derecho que sean capaces de resolver profesionalmente los diferentes aspectos de la conflictividad social a través de la generación de normativa y de la interpretación, análisis, aplicación de las leyes y los usos alternativos del Derecho en la localidad, provincia, región y país.</p><p>Perfil de ingreso:</p><p>La carrera de Derecho, ubicada en el campo amplio de Ciencias sociales periodismo, información y derecho, requiere de sus aspirantes los siguientes conocimientos, habilidades y destrezas básicas del perfil de egreso del Bachillerato General Unificado.</p><ul><li>Pensar rigurosamente</li><li>Comunicarse efectivamente</li><li>Conocer y valorar su historia, y su realidad sociocultural</li><li>Actuar como ciudadano responsable</li><li>Aprender por el resto de su vida</li></ul><p>Requisitos de ingreso:</p><ul><li>Poseer título de bachiller o su equivalente.</li><li>Haber cumplido los requisitos normados por el Sistema Nacional de Nivelación y Admisión.</li><li>Dos fotos tamaño carnet a color.</li><li>Copia de cédula de ciudadanía y del certificado de votación para estudiantes nacionales; Pasaporte y documentos que autoriza a la permanencia en el país, para estudiantes extranjeros.</li><li>De ser el caso, haber cumplido con los trámites determinados para el reconocimiento y homologación de estudios en una universidad o escuela politécnica en el país o el extranjero.</li><li>Se presentan los requisitos específicos para el ingreso declarados en el art. 64 de la LOR-LOES o a los procesos de homologación en el Reglamento de Régimen Académico.</li><li>Solicitud de matrícula.</li></ul><p>Perfil Profesional</p><p>El o la Abogado/a de la Universidad Laica “Eloy Alfaro” de Manabí es un/a profesional competente, investigador/a e innovador/a, con sólida formación en ciencias jurídicas, humanísticas, organizacionales y tecnológicas, consiente del compromiso social para el desarrollo de la región y el país, con las siguientes fortalezas:</p><ul><li>Capacidad de identificación, análisis y solución a problemas propios de la sociedad en el campo del Derecho.</li><li>Sólida formación científica e investigativa en el campo jurídico y social, que permitirá la participación en la actualización y transformación del Derecho y del entorno social.</li><li>Capacidad para la Planeación, el Diseño e implementación de proyectos de desarrollo de la comunidad y ambiental.</li><li>Alto sentido de trabajo interdisciplinario y liderazgo para conformar, dirigir y gestionar equipos de profesionales o sistemas organizacionales.</li></ul><p>Requisitos de graduación:</p><ul><li>Aprobar la malla curricular.</li><li>Aprobar las horas de prácticas preprofesionales y vinculación con la sociedad.</li><li>Certificado de Aprobado la suficiencia en inglés, correspondiente al menos en el nivel B2 del Marco Común Europeo de referencia para las lenguas.</li><li>Aprobar una de las modalidades de titulación.</li></ul><p>Modalidades de titulación:</p><ul><li>Trabajo de integración curricular:</li><li>Proyectos de Investigación.</li><li>Artículo científico.</li><li>Examen de Grado o Fin de Carrera.</li></ul></div>
									<div class="elementor-tab-title elementor-tab-mobile-title" aria-selected="false" data-tab="2" role="tab" tabindex="-1" aria-controls="elementor-tab-content-1392" aria-expanded="false">Malla Curricular</div>
					<div id="elementor-tab-content-1392" class="elementor-tab-content elementor-clearfix" data-tab="2" role="tabpanel" aria-labelledby="elementor-tab-title-1392" tabindex="0" hidden="hidden"><p><a href="https://carreras.uleam.edu.ec/santo-domingo/wp-content/uploads/sites/83/2024/09/MALLA-DERECHO-2024-Santo-Domingo.pdf" target="_blank" rel="noopener"><img loading="lazy" decoding="async" class="alignnone wp-image-194 size-large" src="https://carreras.uleam.edu.ec/santo-domingo/wp-content/uploads/sites/83/2024/09/MALLA-DERECHO-SANTO-DOMINGO-1024x690.png" alt="" width="1024" height="690" srcset="https://carreras.uleam.edu.ec/santo-domingo/wp-content/uploads/sites/83/2024/09/MALLA-DERECHO-SANTO-DOMINGO-1024x690.png 1024w, https://carreras.uleam.edu.ec/santo-domingo/wp-content/uploads/sites/83/2024/09/MALLA-DERECHO-SANTO-DOMINGO-300x202.png 300w, https://carreras.uleam.edu.ec/santo-domingo/wp-content/uploads/sites/83/2024/09/MALLA-DERECHO-SANTO-DOMINGO-768x518.png 768w, https://carreras.uleam.edu.ec/santo-domingo/wp-content/uploads/sites/83/2024/09/MALLA-DERECHO-SANTO-DOMINGO-1536x1035.png 1536w, https://carreras.uleam.edu.ec/santo-domingo/wp-content/uploads/sites/83/2024/09/MALLA-DERECHO-SANTO-DOMINGO-2048x1380.png 2048w" sizes="auto, (max-width: 1024px) 100vw, 1024px" /></a></p></div>
									<div class="elementor-tab-title elementor-tab-mobile-title" aria-selected="false" data-tab="3" role="tab" tabindex="-1" aria-controls="elementor-tab-content-1393" aria-expanded="false">Docentes</div>
					<div id="elementor-tab-content-1393" class="elementor-tab-content elementor-clearfix" data-tab="3" role="tabpanel" aria-labelledby="elementor-tab-title-1393" tabindex="0" hidden="hidden"><p>PROCESANDO INFORMACIÓN</p></div>
									<div class="elementor-tab-title elementor-tab-mobile-title" aria-selected="false" data-tab="4" role="tab" tabindex="-1" aria-controls="elementor-tab-content-1394" aria-expanded="false">Datos Generales</div>
					<div id="elementor-tab-content-1394" class="elementor-tab-content elementor-clearfix" data-tab="4" role="tabpanel" aria-labelledby="elementor-tab-title-1394" tabindex="0" hidden="hidden"><ul><li style="text-align: center">Ing. Gina Loor Moreira</li><li style="text-align: center">DIRECTORA DE SEDE</li><li style="text-align: center"><a href="mailto:gina.loor@uleam.edu.ec">gina.loor@uleam.edu.ec</a></li></ul><hr /><ul><li style="text-align: center">HORARIO DE ATENCIÓN</li><li style="text-align: center">08:00 – 17:00</li></ul></div>
									<div class="elementor-tab-title elementor-tab-mobile-title" aria-selected="false" data-tab="5" role="tab" tabindex="-1" aria-controls="elementor-tab-content-1395" aria-expanded="false">Gestión y Proceso Estudiantil</div>
					<div id="elementor-tab-content-1395" class="elementor-tab-content elementor-clearfix" data-tab="5" role="tabpanel" aria-labelledby="elementor-tab-title-1395" tabindex="0" hidden="hidden"><ul><li>Prácticas Pre-profesionales</li><li>⇒ <a href="https://departamentos.uleam.edu.ec/gestion-aseguramiento-calidad/2019/04/08/matricula/">Matrícula</a></li><li>⇒ <a href="https://departamentos.uleam.edu.ec/gestion-aseguramiento-calidad/reingreso-de-estudiantes/">Reingreso de estudiantes</a></li><li>⇒ <a href="https://departamentos.uleam.edu.ec/gestion-aseguramiento-calidad/homologacion-de-estudios-por-analisis-comparativo-de-contenidos/">Homologación de Estudios por Análisis Comparativo de Contenidos</a></li></ul></div>
							</div>
		</div>
				</div>
				</div>
					</div>
		</div>
							</div>
		</section>
						</div>
					</div>

<p>Descripción General de la Carrera Malla Curricular Docentes Datos Generales Gestión y Proceso Estudiantil Descripción General de la Carrera Nombre de la Carrera:                  Derecho Título que otorga:              [&hellip;]</p>
