{"id":423,"date":"2022-06-27T18:53:29","date_gmt":"2022-06-27T18:53:29","guid":{"rendered":"https:\/\/carreras.uleam.edu.ec\/uaftt\/?page_id=423"},"modified":"2022-12-08T01:37:52","modified_gmt":"2022-12-08T01:37:52","slug":"investigacion","status":"publish","type":"page","link":"https:\/\/carreras.uleam.edu.ec\/unitev\/investigacion\/","title":{"rendered":"INVESTIGACI\u00d3N"},"content":{"rendered":"\t\t<div data-elementor-type=\"wp-page\" data-elementor-id=\"423\" class=\"elementor elementor-423\" data-elementor-settings=\"[]\">\n\t\t\t\t\t\t\t<div class=\"elementor-section-wrap\">\n\t\t\t\t\t\t\t<section class=\"elementor-section elementor-top-section elementor-element elementor-element-5ede403e elementor-section-boxed elementor-section-height-default elementor-section-height-default\" data-id=\"5ede403e\" data-element_type=\"section\">\n\t\t\t\t\t\t<div class=\"elementor-container elementor-column-gap-default\">\n\t\t\t\t\t<div class=\"elementor-column elementor-col-100 elementor-top-column elementor-element elementor-element-218e04ca\" data-id=\"218e04ca\" data-element_type=\"column\">\n\t\t\t<div class=\"elementor-widget-wrap elementor-element-populated\">\n\t\t\t\t\t\t\t\t<div class=\"elementor-element elementor-element-2f8f608 elementor-tabs-view-horizontal elementor-widget elementor-widget-tabs\" data-id=\"2f8f608\" data-element_type=\"widget\" data-widget_type=\"tabs.default\">\n\t\t\t\t<div class=\"elementor-widget-container\">\n\t\t\t\t\t<div class=\"elementor-tabs\">\n\t\t\t<div class=\"elementor-tabs-wrapper\" role=\"tablist\" >\n\t\t\t\t\t\t\t\t\t<div id=\"elementor-tab-title-4981\" class=\"elementor-tab-title elementor-tab-desktop-title\" aria-selected=\"true\" data-tab=\"1\" role=\"tab\" tabindex=\"0\" aria-controls=\"elementor-tab-content-4981\" aria-expanded=\"false\">Responsable<\/div>\n\t\t\t\t\t\t\t\t\t<div id=\"elementor-tab-title-4982\" class=\"elementor-tab-title elementor-tab-desktop-title\" aria-selected=\"false\" data-tab=\"2\" role=\"tab\" tabindex=\"-1\" aria-controls=\"elementor-tab-content-4982\" aria-expanded=\"false\">Atribuciones<\/div>\n\t\t\t\t\t\t\t<\/div>\n\t\t\t<div class=\"elementor-tabs-content-wrapper\" role=\"tablist\" aria-orientation=\"vertical\">\n\t\t\t\t\t\t\t\t\t<div class=\"elementor-tab-title elementor-tab-mobile-title\" aria-selected=\"true\" data-tab=\"1\" role=\"tab\" tabindex=\"0\" aria-controls=\"elementor-tab-content-4981\" aria-expanded=\"false\">Responsable<\/div>\n\t\t\t\t\t<div id=\"elementor-tab-content-4981\" class=\"elementor-tab-content elementor-clearfix\" data-tab=\"1\" role=\"tabpanel\" aria-labelledby=\"elementor-tab-title-4981\" tabindex=\"0\" hidden=\"false\"><p><img loading=\"lazy\" decoding=\"async\" class=\"wp-image-697 aligncenter\" src=\"https:\/\/carreras.uleam.edu.ec\/uaftt\/wp-content\/uploads\/sites\/68\/2022\/07\/Ci-150x150-1.jpg\" alt=\"\" width=\"157\" height=\"157\" srcset=\"https:\/\/carreras.uleam.edu.ec\/unitev\/wp-content\/uploads\/sites\/68\/2022\/07\/Ci-150x150-1.jpg 300w, https:\/\/carreras.uleam.edu.ec\/unitev\/wp-content\/uploads\/sites\/68\/2022\/07\/Ci-150x150-1-150x150.jpg 150w, https:\/\/carreras.uleam.edu.ec\/unitev\/wp-content\/uploads\/sites\/68\/2022\/07\/Ci-150x150-1-100x100.jpg 100w\" sizes=\"auto, (max-width: 157px) 100vw, 157px\" \/><\/p><ul><li class=\"elementor-icon-box-description\">Ing. Rogger Jos\u00e9 Andrade Cede\u00f1o, Mg.<ul><li class=\"elementor-icon-box-description\">rogger.andrade@uleam.edu.ec<\/li><li class=\"elementor-icon-box-description\">uaftt.comin@uleam.edu.ec<\/li><li>\u00a0<\/li><\/ul><\/li><\/ul><p>Es el encargado de la direcci\u00f3n de la actividad de investigaci\u00f3n en lo referente a la gesti\u00f3n de la ciencia; cuya responsabilidad es: levantar las l\u00edneas, programas y proyectos de investigaci\u00f3n, articulados a los dominios declarados por la Universidad Laica \u201cEloy Alfaro\u201d de Manab\u00ed, en redes acad\u00e9micas nacionales e internacionales y trabajar\u00e1n en coordinaci\u00f3n con la Direcci\u00f3n de Investigaci\u00f3n e Innovaci\u00f3n Social y Tecnolog\u00eda.<\/p><\/div>\n\t\t\t\t\t\t\t\t\t<div class=\"elementor-tab-title elementor-tab-mobile-title\" aria-selected=\"false\" data-tab=\"2\" role=\"tab\" tabindex=\"-1\" aria-controls=\"elementor-tab-content-4982\" aria-expanded=\"false\">Atribuciones<\/div>\n\t\t\t\t\t<div id=\"elementor-tab-content-4982\" class=\"elementor-tab-content elementor-clearfix\" data-tab=\"2\" role=\"tabpanel\" aria-labelledby=\"elementor-tab-title-4982\" tabindex=\"0\" hidden=\"hidden\"><ol>\n<li>Elaborar el Plan Estrat\u00e9gico de Investigaci\u00f3n de la Unidad Acad\u00e9mica de Formaci\u00f3n T\u00e9cnica y Tecnol\u00f3gica (PEI);<\/li>\n<li>Elaborar el Plan Operativo Anual (POA) de investigaci\u00f3n de la Unidad Acad\u00e9mica de Formaci\u00f3n T\u00e9cnica y Tecnol\u00f3gica Superior y presentarlo para su aprobaci\u00f3n la primera quincena de noviembre de cada a\u00f1o;<\/li>\n<li>Elaborar informe de cumplimiento de PEI y POA;<\/li>\n<li>Llevar el control y registro sistem\u00e1tico de publicaciones consideradas en los diferentes indicadores de investigaci\u00f3n;<\/li>\n<\/ol><\/div>\n\t\t\t\t\t\t\t<\/div>\n\t\t<\/div>\n\t\t\t\t<\/div>\n\t\t\t\t<\/div>\n\t\t\t\t\t<\/div>\n\t\t<\/div>\n\t\t\t\t\t\t\t<\/div>\n\t\t<\/section>\n\t\t\t\t\t\t<\/div>\n\t\t\t\t\t<\/div>\n\t\t","protected":false},"excerpt":{"rendered":"<p>Responsable Atribuciones Responsable Ing. Rogger Jos\u00e9 Andrade Cede\u00f1o, Mg. rogger.andrade@uleam.edu.ec uaftt.comin@uleam.edu.ec \u00a0 Es el encargado de la direcci\u00f3n de la actividad de investigaci\u00f3n en lo referente a la gesti\u00f3n de la ciencia; cuya responsabilidad es: levantar las l\u00edneas, programas y [&hellip;]<\/p>\n","protected":false},"author":1018,"featured_media":0,"parent":0,"menu_order":0,"comment_status":"closed","ping_status":"closed","template":"","meta":{"_acf_changed":false,"footnotes":""},"class_list":["post-423","page","type-page","status-publish","hentry"],"acf":[],"_links":{"self":[{"href":"https:\/\/carreras.uleam.edu.ec\/unitev\/wp-json\/wp\/v2\/pages\/423","targetHints":{"allow":["GET"]}}],"collection":[{"href":"https:\/\/carreras.uleam.edu.ec\/unitev\/wp-json\/wp\/v2\/pages"}],"about":[{"href":"https:\/\/carreras.uleam.edu.ec\/unitev\/wp-json\/wp\/v2\/types\/page"}],"author":[{"embeddable":true,"href":"https:\/\/carreras.uleam.edu.ec\/unitev\/wp-json\/wp\/v2\/users\/1018"}],"replies":[{"embeddable":true,"href":"https:\/\/carreras.uleam.edu.ec\/unitev\/wp-json\/wp\/v2\/comments?post=423"}],"version-history":[{"count":16,"href":"https:\/\/carreras.uleam.edu.ec\/unitev\/wp-json\/wp\/v2\/pages\/423\/revisions"}],"predecessor-version":[{"id":809,"href":"https:\/\/carreras.uleam.edu.ec\/unitev\/wp-json\/wp\/v2\/pages\/423\/revisions\/809"}],"wp:attachment":[{"href":"https:\/\/carreras.uleam.edu.ec\/unitev\/wp-json\/wp\/v2\/media?parent=423"}],"curies":[{"name":"wp","href":"https:\/\/api.w.org\/{rel}","templated":true}]}}